-- https://www.phpmyadmin.net/
--

START TRANSACTION;



--
-- Database: `brandmar_shopus`
--

-- --------------------------------------------------------

--
-- Table structure for table `about_us`
--

CREATE TABLE `about_us` (
  `id` bigint(20) UNSIGNED NOT NULL,
  `about_us` longtext COLLATE utf8mb4_unicode_ci NOT NULL,
  `banner_image` varchar(255) COLLATE utf8mb4_unicode_ci NOT NULL,
  `video_background` varchar(250) COLLATE utf8mb4_unicode_ci DEFAULT NULL,
  `image_two` varchar(255) COLLATE utf8mb4_unicode_ci DEFAULT NULL,
  `status` tinyint(4) DEFAULT NULL,
  `icon_one` varchar(255) COLLATE utf8mb4_unicode_ci DEFAULT NULL,
  `title_one` varchar(255) COLLATE utf8mb4_unicode_ci DEFAULT NULL,
  `description_one` text COLLATE utf8mb4_unicode_ci DEFAULT NULL,
  `icon_two` varchar(255) COLLATE utf8mb4_unicode_ci DEFAULT NULL,
  `title_two` varchar(255) COLLATE utf8mb4_unicode_ci DEFAULT NULL,
  `description_two` text COLLATE utf8mb4_unicode_ci DEFAULT NULL,
  `icon_three` varchar(255) COLLATE utf8mb4_unicode_ci DEFAULT NULL,
  `title_three` varchar(255) COLLATE utf8mb4_unicode_ci DEFAULT NULL,
  `description_three` text COLLATE utf8mb4_unicode_ci DEFAULT NULL,
  `video_id` varchar(255) COLLATE utf8mb4_unicode_ci DEFAULT NULL,
  `created_at` timestamp NULL DEFAULT NULL,
  `updated_at` timestamp NULL DEFAULT NULL
) ENGINE=InnoDB DEFAULT CHARSET=utf8mb4 COLLATE=utf8mb4_unicode_ci;

--
-- Dumping data for table `about_us`
--

INSERT INTO `about_us` (`id`, `about_us`, `banner_image`, `video_background`, `image_two`, `status`, `icon_one`, `title_one`, `description_one`, `icon_two`, `title_two`, `description_two`, `icon_three`, `title_three`, `description_three`, `video_id`, `created_at`, `updated_at`) VALUES
(1, '<h1 style=\"margin-right: 0px; margin-bottom: 15px; margin-left: 0px; padding: 0px; text-align: justify;\"><span style=\"font-family: Nunito;\">Know More About ShopUs</span>?</h1>\r\n<p style=\"margin-right: 0px; margin-bottom: 15px; margin-left: 0px; padding: 0px; text-align: justify;\">&nbsp;</p>\r\n<p><span style=\"color: rgb(0, 0, 0);\">Welcome to ShopUS Fashion, the ultimate destination for all your fashion needs! We are a leading eCommerce website dedicated to bringing you the latest trends and styles from around the world. Our mission is to make fashion accessible to everyone, regardless of their location or budget. With a wide range of products to choose from, we have something for every taste and occasion.</span></p>\r\n<p>&nbsp;</p>\r\n<p><span style=\"color: rgb(0, 0, 0);\">At ShopUS Fashion, we are passionate about fashion and are constantly striving to provide our customers with the best possible experience. We believe that shopping should be a fun and enjoyable experience, which is why we have created an easy-to-use website that allows you to browse our products, make purchases, and track your order with just a few clicks. Our customer service team is always on hand to assist you with any queries or concerns you may have, ensuring that your shopping experience with us is as smooth and stress-free as possible.</span></p>\r\n<p>&nbsp;</p>\r\n<p><span style=\"color: rgb(0, 0, 0);\">Whether you are looking for the latest fashion trends, classic styles, or something in between, we have got you covered. From clothing to accessories, we offer a wide range of products that cater to all your fashion needs. We are committed to bringing you high-quality products at affordable prices, without compromising on style or comfort. So why wait? Start browsing our website today and discover the world of fashion at ShopUS Fashion!</span></p>', 'uploads/website-images/about-us-2022-12-11-11-23-17-9973.png', 'uploads/website-images/video_background-2022-12-11-11-23-17-1758.png', 'uploads/website-images/about-us-2022-12-11-11-23-17-5940.png', NULL, 'fas fa-boxes', 'Choose product', 'Experience hassle-free online shopping with our service!\r\nSimply choose the product you want', 'fas fa-credit-card', 'Make Your Payment', 'Experience hassle-free online shopping with our service! make your payment securely.', 'fas fa-shipping-fast', 'Fast Delivery', 'Experience hassle-free online shopping with our service! enjoy fast delivery right to your doorstep.', 'lcU3pruVyUw', '2022-09-20 08:21:31', '2023-03-22 10:47:24');

-- --------------------------------------------------------

--
-- Table structure for table `addresses`
--

CREATE TABLE `addresses` (
  `id` bigint(20) UNSIGNED NOT NULL,
  `user_id` int(11) NOT NULL,
  `name` varchar(255) COLLATE utf8mb4_unicode_ci DEFAULT NULL,
  `email` varchar(255) COLLATE utf8mb4_unicode_ci DEFAULT NULL,
  `phone` varchar(255) COLLATE utf8mb4_unicode_ci DEFAULT NULL,
  `country_id` int(11) NOT NULL DEFAULT 0,
  `state_id` int(11) NOT NULL DEFAULT 0,
  `city_id` int(11) NOT NULL DEFAULT 0,
  `address` varchar(255) COLLATE utf8mb4_unicode_ci NOT NULL,
  `type` varchar(255) COLLATE utf8mb4_unicode_ci NOT NULL,
  `default_shipping` int(11) NOT NULL DEFAULT 0,
  `default_billing` int(11) NOT NULL DEFAULT 0,
  `created_at` timestamp NULL DEFAULT NULL,
  `updated_at` timestamp NULL DEFAULT NULL
) ENGINE=InnoDB DEFAULT CHARSET=utf8mb4 COLLATE=utf8mb4_unicode_ci;

--
-- Dumping data for table `addresses`
--

INSERT INTO `addresses` (`id`, `user_id`, `name`, `email`, `phone`, `country_id`, `state_id`, `city_id`, `address`, `type`, `default_shipping`, `default_billing`, `created_at`, `updated_at`) VALUES
(1, 5, 'a b', 'marohman74@gmail.com', '123355454544', 1, 1, 2, 'ewewee', '1', 1, 1, '2022-09-21 05:45:32', '2022-09-21 05:45:32'),
(2, 5, 'dsds dsdsd', 'marohman74@gmail.com', '1212121212121', 1, 1, 2, 'sdsdsd', '1', 0, 0, '2022-09-21 05:46:27', '2022-09-21 05:46:27'),
(3, 6, 'nayeem', 'nayeem@gmail.com', '1234', 4, 7, 10, 'lonon', 'home', 1, 1, '2022-09-21 06:56:14', '2022-09-21 06:56:14'),
(5, 4, 'Reprehenderit in ni Aliquid dolor labori', 'Quo culpa et offici', 'Architecto quis assu', 2, 4, 8, 'Porro minima consect', '1', 1, 1, '2022-09-21 07:35:41', '2022-09-21 07:35:41'),
(7, 7, 'shibo', 'suvobd@gmail.com', '01777777776', 4, 7, 10, 'Dhaka, Mirpur12', 'home', 1, 1, '2022-09-24 18:41:35', '2023-03-30 06:28:50'),
(9, 6, 'test', 'test@gmail.com', '12348767', 4, 7, 10, 'test', 'home', 0, 0, '2022-09-25 06:35:37', '2022-09-25 06:35:37'),
(11, 19, 'Dolores hic in volup Adipisicing accusant', 'Sed quibusdam dolore', 'Sunt praesentium qui', 2, 5, 9, 'Nesciunt dolore dol', '1', 1, 1, '2022-10-27 16:23:38', '2022-10-27 16:23:38'),
(19, 30, 'Mohammad Ali', 'msalisapan@gmail.com', '01624188877', 4, 7, 11, 'Dhaka, Bangladesh', 'home', 1, 1, '2022-11-10 22:59:45', '2022-11-10 22:59:45'),
(20, 30, 'Ali', 'alimohammad@outlook.com', '01723456789', 1, 1, 2, 'America', 'home', 0, 0, '2022-11-10 23:03:56', '2022-11-10 23:03:56'),
(24, 31, 'Mohammad Ali', 'msalisapan@gmail.com', '01624188866', 1, 1, 2, 'Los Angeles, USA', 'home', 1, 1, '2022-11-15 15:09:23', '2022-11-15 15:09:23'),
(26, 32, 'abdur', 'abdur.rohman2003@gmail.com', '01682825213', 2, 5, 9, 'v', 'home', 1, 1, '2022-11-17 22:52:15', '2022-11-17 22:52:15'),
(29, 34, 'Rafiqul Islam', 'user@u.com', '0177777777777', 2, 5, 9, 'Dhaka,Bangladesh', 'office', 1, 1, '2022-11-30 15:58:42', '2022-12-04 16:16:24'),
(41, 38, 'abdur', 'abdur.rohman2003@gmail.com', '01682825123', 2, 5, 9, 'asdgg', 'home', 1, 1, '2022-12-02 16:05:17', '2022-12-02 16:05:17'),
(46, 7, 'Jhon Abraham', 'jhon.ab@gamil.com', '3214567777', 2, 4, 8, 'Kolkata City', 'home', 0, 0, '2022-12-04 16:36:30', '2022-12-04 16:38:13'),
(49, 7, 'Hassan Khan', 'youabdme@gamail.com', '0197854544', 2, 4, 8, 'Mirpur 11, Dhaka', 'home', 0, 0, '2022-12-08 19:42:16', '2023-01-16 20:42:02'),
(50, 41, 'Ibrahim Khan', 'ibrahim@his.mail.com', '12345678910', 2, 4, 8, 'Mirpur 11', 'home', 1, 1, '2023-01-15 17:46:03', '2023-01-15 17:46:03'),
(51, 42, 'Your name', 'myemail@mail.com.bd', '1236547898', 4, 7, 10, 'Dhaka, Mirpur', 'home', 1, 1, '2023-01-16 15:39:29', '2023-01-16 17:29:13'),
(52, 7, 'Mamunn', 'mamjn@gmakl.com', '0165731884', 4, 7, 10, 'dhaka', 'home', 0, 0, '2023-01-17 16:02:04', '2023-01-17 16:02:04');

-- --------------------------------------------------------

--
-- Table structure for table `announcement_modals`
--

CREATE TABLE `announcement_modals` (
  `id` bigint(20) UNSIGNED NOT NULL,
  `status` int(11) NOT NULL DEFAULT 0,
  `title` varchar(255) COLLATE utf8mb4_unicode_ci DEFAULT NULL,
  `description` text COLLATE utf8mb4_unicode_ci DEFAULT NULL,
  `image` varchar(255) COLLATE utf8mb4_unicode_ci DEFAULT NULL,
  `expired_date` int(11) NOT NULL DEFAULT 1,
  `created_at` timestamp NULL DEFAULT NULL,
  `updated_at` timestamp NULL DEFAULT NULL
) ENGINE=InnoDB DEFAULT CHARSET=utf8mb4 COLLATE=utf8mb4_unicode_ci;

--
-- Dumping data for table `announcement_modals`
--

INSERT INTO `announcement_modals` (`id`, `status`, `title`, `description`, `image`, `expired_date`, `created_at`, `updated_at`) VALUES
(1, 0, 'GET UP TO 75% OFF', 'Lorem, ipsum dolor sit amet consectetur adipisicing elit. Exercitationem, facere nesciunt doloremque nobis debitis sint?', 'uploads/website-images/announcement-2022-12-11-11-10-10-4172.png', 5, NULL, '2023-03-23 09:31:48');

-- --------------------------------------------------------

--
-- Table structure for table `bank_payments`
--

CREATE TABLE `bank_payments` (
  `id` bigint(20) UNSIGNED NOT NULL,
  `status` int(11) NOT NULL DEFAULT 0,
  `account_info` text COLLATE utf8mb4_unicode_ci DEFAULT NULL,
  `cash_on_delivery_status` int(11) NOT NULL DEFAULT 1,
  `created_at` timestamp NULL DEFAULT NULL,
  `updated_at` timestamp NULL DEFAULT NULL
) ENGINE=InnoDB DEFAULT CHARSET=utf8mb4 COLLATE=utf8mb4_unicode_ci;

--
-- Dumping data for table `bank_payments`
--

INSERT INTO `bank_payments` (`id`, `status`, `account_info`, `cash_on_delivery_status`, `created_at`, `updated_at`) VALUES
(1, 1, 'Bank Name: Your bank name\r\nAccount Number:  Your bank account number\r\nRouting Number: Your bank routing number\r\nBranch: Your bank branch name', 1, NULL, '2022-12-01 23:09:30');

-- --------------------------------------------------------

--
-- Table structure for table `banner_images`
--

CREATE TABLE `banner_images` (
  `id` bigint(20) UNSIGNED NOT NULL,
  `header` varchar(255) COLLATE utf8mb4_unicode_ci DEFAULT NULL,
  `title` varchar(255) COLLATE utf8mb4_unicode_ci DEFAULT NULL,
  `link` text COLLATE utf8mb4_unicode_ci DEFAULT NULL,
  `image` varchar(255) COLLATE utf8mb4_unicode_ci DEFAULT NULL,
  `banner_location` varchar(255) COLLATE utf8mb4_unicode_ci DEFAULT NULL,
  `after_product_qty` int(11) NOT NULL DEFAULT 0,
  `status` int(11) NOT NULL DEFAULT 0,
  `created_at` timestamp NULL DEFAULT NULL,
  `updated_at` timestamp NULL DEFAULT NULL,
  `title_one` varchar(255) COLLATE utf8mb4_unicode_ci DEFAULT NULL,
  `title_two` varchar(255) COLLATE utf8mb4_unicode_ci DEFAULT NULL,
  `badge` varchar(255) COLLATE utf8mb4_unicode_ci DEFAULT NULL,
  `product_slug` text COLLATE utf8mb4_unicode_ci DEFAULT NULL
) ENGINE=InnoDB DEFAULT CHARSET=utf8mb4 COLLATE=utf8mb4_unicode_ci;

--
-- Dumping data for table `banner_images`
--

INSERT INTO `banner_images` (`id`, `header`, `title`, `link`, `image`, `banner_location`, `after_product_qty`, `status`, `created_at`, `updated_at`, `title_one`, `title_two`, `badge`, `product_slug`) VALUES
(13, NULL, NULL, '', 'uploads/website-images/banner-2023-01-24-11-17-38-9903.png', 'Login page', 0, 0, NULL, '2023-01-24 16:17:39', NULL, NULL, NULL, NULL),
(15, NULL, NULL, NULL, 'uploads/website-images/default-avatar-2022-10-31-04-54-06-2202.jpg', 'Default Profile Image', 0, 0, NULL, '2022-10-31 20:54:07', NULL, NULL, NULL, NULL),
(16, NULL, NULL, NULL, 'uploads/website-images/Mega-menu-2022-12-11-10-35-53-6163.png', 'Three Column First Banner', 0, 1, NULL, '2023-08-17 05:30:23', 'New Style', 'Get 65% Offer & Make New Fusion.', 'Badge', 'dresses'),
(17, NULL, NULL, NULL, 'uploads/website-images/Mega-menu-2022-12-11-10-36-14-4822.png', 'Three Column Second Banner', 0, 1, NULL, '2023-08-17 05:31:15', 'Mega Offer', 'Make your New Styles with Our Products', 'Badge', 'bags'),
(18, NULL, NULL, NULL, 'uploads/website-images/Mega-menu-2022-10-24-10-24-35-8150.png', 'Three Column Third Banner', 0, 1, NULL, '2022-10-30 21:37:16', 'Juices', 'Best Fruits Juices', NULL, 'meat'),
(19, NULL, NULL, NULL, 'uploads/website-images/Mega-menu-2022-12-11-10-42-28-6283.png', 'Two Column banner One', 0, 1, NULL, '2023-08-17 05:31:25', 'New Style', 'Get 65% Offer & Make New Fusion.', 'Badge', 'sweatshirt'),
(20, NULL, NULL, NULL, 'uploads/website-images/Mega-menu-2022-12-11-10-42-49-4494.png', 'Two Column Banner two', 0, 1, NULL, '2023-08-17 05:31:43', 'Mega oFFER', 'Make your New Styles with Our Products', 'Badge', 'dresses'),
(21, NULL, NULL, NULL, 'uploads/website-images/Mega-menu-2022-10-26-11-38-07-1954.png', 'Homepage Single banner one', 0, 1, NULL, '2022-10-30 21:37:34', 'Get the best deal for Grocery', 'You get into the 2k+ best Products in Flash offer with as into the find to makein shaped sofa for sale.', NULL, 'sea-foods'),
(22, NULL, NULL, NULL, 'uploads/website-images/Mega-menu-2022-10-26-11-39-41-1909.png', 'Homepage Single banner Two', 0, 1, NULL, '2022-10-30 21:37:40', 'Get the best deal for Modran Grocery', NULL, NULL, 'meat'),
(23, NULL, NULL, 'https://shopo-ecom.vercel.app/single-product?slug=wireless-headphones-and-earbuds-', 'uploads/website-images/Mega-menu-2022-12-11-11-00-26-9072.png', 'Megamenu banner', 0, 1, NULL, '2023-08-17 05:32:23', 'Accessories', 'Try Out The Best', NULL, 'accessories'),
(24, NULL, '#', '#', 'uploads/website-images/Mega-menu-2022-09-20-10-59-27-3427.png', 'Homepage flash sale sidebar banner', 0, 1, NULL, '2022-09-20 04:59:27', NULL, NULL, NULL, NULL),
(25, NULL, NULL, 'https://shopo-ecom.vercel.app/single-product?slug=wireless-headphones-and-earbuds-', 'uploads/website-images/Mega-menu-2022-12-11-10-54-02-7881.png', 'Shop page center banner', 3, 1, NULL, '2023-08-17 05:31:58', 'Get the best deal for Headphones', NULL, NULL, 'dresses'),
(26, '', '', 'https://shopo-ecom.vercel.app/single-product?slug=wireless-headphones-and-earbuds-', 'uploads/website-images/Mega-menu-2022-12-11-10-57-16-7149.png', 'Shop page sidebar banner', 0, 1, NULL, '2023-08-17 05:32:09', 'Trendy', 'Best wireless Shoes', NULL, 'boots'),
(27, 'Get our latest offer', 'by subscription', '', 'uploads/website-images/banner-2022-11-13-04-44-20-9795.png', 'Subscribe section banner', 0, 1, NULL, '2022-11-13 21:44:20', NULL, NULL, NULL, NULL),
(28, NULL, NULL, 'link', 'uploads/website-images/Mega-menu-2022-06-14-11-26-55-8951.jpg', 'Featured category sidebar banner', 0, 1, NULL, '2022-06-14 05:26:56', NULL, NULL, NULL, NULL);

-- --------------------------------------------------------

--
-- Table structure for table `blogs`
--

CREATE TABLE `blogs` (
  `id` bigint(20) UNSIGNED NOT NULL,
  `admin_id` int(11) NOT NULL,
  `title` varchar(255) COLLATE utf8mb4_unicode_ci NOT NULL,
  `slug` varchar(255) COLLATE utf8mb4_unicode_ci NOT NULL,
  `blog_category_id` int(11) NOT NULL,
  `image` varchar(255) COLLATE utf8mb4_unicode_ci NOT NULL,
  `description` longtext COLLATE utf8mb4_unicode_ci NOT NULL,
  `views` int(11) NOT NULL DEFAULT 0,
  `seo_title` varchar(255) COLLATE utf8mb4_unicode_ci NOT NULL,
  `seo_description` varchar(255) COLLATE utf8mb4_unicode_ci NOT NULL,
  `status` int(11) NOT NULL DEFAULT 0,
  `show_homepage` int(11) NOT NULL DEFAULT 0,
  `created_at` timestamp NULL DEFAULT NULL,
  `updated_at` timestamp NULL DEFAULT NULL
) ENGINE=InnoDB DEFAULT CHARSET=utf8mb4 COLLATE=utf8mb4_unicode_ci;

--
-- Dumping data for table `blogs`
--

INSERT INTO `blogs` (`id`, `admin_id`, `title`, `slug`, `blog_category_id`, `image`, `description`, `views`, `seo_title`, `seo_description`, `status`, `show_homepage`, `created_at`, `updated_at`) VALUES
(2, 1, 'Business-to-consumer that involves selling fight products', 'businesstoconsumer-that-involves-selling-fight-products', 2, 'uploads/custom-images/blog--2022-12-11-11-13-27-5463.png', '<p>Pri tempor appareat no, eruditi repudiandae vix at. Eos at brute omnesque voluptaria, facer putent intellegam eu pri. Mei debitis ullamcorper eu, at quo idque mundi. Vis in suas porro consequat, nec ad dolor adversarium, ut praesent cotidieque sit. Veniam civibus omittantur duo ut, te his alterum complectitur. Mea omnis oratio impedit ne.</p>\r\n<p>Meliore inimicus duo ut, tation veritus elaboraret eam cu. Cum in alii agam aliquip, aperiam salutandi et per. Ex vis summo probatus ocurreret, ex assum sententiae pri, blandit sensibus moderatius ei eos. Vix nobis phaedrum neglegentur et.</p>\r\n<p>Id est maiorum volutpat, ad nominavi suscipit suscipiantur vix. Ut ius veri aperiam reprehendunt. Ut per unum sapientem consequuntur, usu ut quot scripta. Sea te nisl expetenda, ad quo congue argumentum, sit quis simul accusam cu. Usu ei perfecto repudiare tincidunt, ut quas malis erant vim. An mel vidit iudicabit.</p>\r\n<p>Pri tempor appareat no, eruditi repudiandae vix at. Eos at brute omnesque voluptaria, facer putent intellegam eu pri. Mei debitis ullamcorper eu, at quo idque mundi. Vis in suas porro consequat, nec ad dolor adversarium, ut praesent cotidieque sit. Veniam civibus omittantur duo ut, te his alterum complectitur. Mea omnis oratio impedit ne.</p>\r\n<p>Ei usu malis aeque efficiantur. Mazim dolor denique duo ad, augue ornatus sententiae vel at, duo id sumo vulputate. His legimus assueverit ut, commune maluisset deterruisset id mel. Oblique volumus eos ut, quo autem posidonium definitiones cu. Cu usu lorem consul concludaturque, pro ea fuisset consectetuer. Ex aeterno forensibus has, dicta propriae est ei, ex alterum apeirian quo.</p>', 30, 'Business-to-consumer that involves selling fight products and services', 'Business-to-consumer that involves selling fight products and services', 1, 1, '2022-09-22 10:09:44', '2023-03-23 04:56:33'),
(3, 1, 'Top 10 Best Professional Blogging Platforms for 2022', 'top-10-best-professional-blogging-platforms-for-2022', 3, 'uploads/custom-images/blog--2022-12-11-11-13-35-9969.png', '<p>Ei usu malis aeque efficiantur. Mazim dolor denique duo ad, augue ornatus sententiae vel at, duo id sumo vulputate. His legimus assueverit ut, commune maluisset deterruisset id mel. Oblique volumus eos ut, quo autem posidonium definitiones cu. Cu usu lorem consul concludaturque, pro ea fuisset consectetuer. Ex aeterno forensibus has, dicta propriae est ei, ex alterum apeirian quo.</p>\r\n<p>Oblique volumus eos ut, quo autem posidonium definitiones cu. Cu usu lorem consul concludaturque, pro ea fuisset consectetuer. Ex aeterno forensibus has, dicta propriae est ei, ex alterum apeirian quo.</p>\r\n<p>Ei usu malis aeque efficiantur. Mazim dolor denique duo ad, augue ornatus sententiae vel at, duo id sumo vulputate. His legimus assueverit ut, commune maluisset deterruisset id mel. Oblique volumus eos ut, quo autem posidonium definitiones cu.</p>\r\n<p>Pri tempor appareat no, eruditi repudiandae vix at. Eos at brute omnesque voluptaria, facer putent intellegam eu pri. Mei debitis ullamcorper eu, at quo idque mundi. Vis in suas porro consequat, nec ad dolor adversarium, ut praesent cotidieque sit. Veniam civibus omittantur duo ut, te his alterum complectitur.</p>\r\n<p>Eos at brute omnesque voluptaria, facer putent intellegam eu pri. Mei debitis ullamcorper eu, at quo idque mundi. Vis in suas porro consequat, nec ad dolor adversarium, ut praesent cotidieque sit. Veniam civibus omittantur duo ut, te his alterum complectitur. Mea omnis oratio impedit ne.</p>\r\n<p>In vim natum soleat nostro, pri in eloquentiam contentiones. Eu sit sapientem reprehendunt, omnis aliquid eu eos. No quot illum veniam est, ne pro iudico saperet mnesarchum. Ea pri nostro disputando contentiones, eu nec menandri qualisque, vis ex equidem invidunt. Et accusam detracto splendide per, congue meliore id sea. Has eu aeterno patrioque expetendis, mel ei dissentiet reformidans.</p>', 40, 'Top 10 Best Professional Blogging Platforms for 2022', 'Top 10 Best Professional Blogging Platforms for 2022', 1, 1, '2022-09-22 10:12:00', '2023-05-27 07:00:00'),
(4, 1, '6 Best WordPress E-commerce Plugins for Online Stores in 2022', '6-best-wordpress-ecommerce-plugins-for-online-stores-in-2022', 5, 'uploads/custom-images/blog--2022-12-11-11-13-43-6228.png', '<p>In vim natum soleat nostro, pri in eloquentiam contentiones. Eu sit sapientem reprehendunt, omnis aliquid eu eos. No quot illum veniam est, ne pro iudico saperet mnesarchum. Ea pri nostro disputando contentiones, eu nec menandri qualisque, vis ex equidem invidunt. Et accusam detracto splendide per, congue meliore id sea. Has eu aeterno patrioque expetendis, mel ei dissentiet reformidans.</p>\r\n<p>Meliore inimicus duo ut, tation veritus elaboraret eam cu. Cum in alii agam aliquip, aperiam salutandi et per. Ex vis summo probatus ocurreret, ex assum sententiae pri, blandit sensibus moderatius ei eos. Vix nobis phaedrum neglegentur et.</p>\r\n<p>Id est maiorum volutpat, ad nominavi suscipit suscipiantur vix. Ut ius veri aperiam reprehendunt. Ut per unum sapientem consequuntur, usu ut quot scripta. Sea te nisl expetenda, ad quo congue argumentum, sit quis simul accusam cu. Usu ei perfecto repudiare tincidunt, ut quas malis erant vim. An mel vidit iudicabit.</p>\r\n<p>Appetere fabellas ius te. Nonumes splendide deseruisse ea vis, alii velit vel eu. Eos ut scaevola platonem rationibus. Vis natum vivendo sententiae in, ea aperiam apeirian pri, in partem eleifend quo. Pro ex nobis utinam, nam et vidit numquam fastidii, ne per munere adolescens.</p>\r\n<p>Appetere fabellas ius te. Nonumes splendide deseruisse ea vis, alii velit vel eu. Eos ut scaevola platonem rationibus. Vis natum vivendo sententiae in, ea aperiam apeirian pri, in partem eleifend quo. Pro ex nobis utinam, nam et vidit numquam fastidii, ne per munere adolescens. Appetere fabellas ius te. Nonumes splendide deseruisse ea vis, alii velit vel eu. Eos ut scaevola platonem rationibus. Vis natum vivendo sententiae in, ea aperiam apeirian pri, in partem eleifend quo.&nbsp;</p>', 21, '6 Best WordPress E-commerce Plugins for Online Stores in 2022', '6 Best WordPress E-commerce Plugins for Online Stores in 2022', 1, 1, '2022-09-22 10:13:57', '2023-03-30 07:03:57'),
(5, 1, '15 Best WordPress Newspaper Themes to Look Out for in 2022', '15-best-wordpress-newspaper-themes-to-look-out-for-in-2022', 5, 'uploads/custom-images/blog--2022-12-11-11-14-38-3134.png', '<p>Appetere fabellas ius te. Nonumes splendide deseruisse ea vis, alii velit vel eu. Eos ut scaevola platonem rationibus. Vis natum vivendo sententiae in, ea aperiam apeirian pri, in partem eleifend quo. Pro ex nobis utinam, nam et vidit numquam fastidii, ne per munere adolescens.</p>\r\n<p>Ipsum volumus pertinax mea ut, eu erat tacimates nam. Tibique copiosae verterem mea no, eam ex melius option, soluta timeam et his. Sit simul gubergren reformidans id, amet minimum nominavi eos ea. Et augue dicta vix. Mea ne utamur referrentur.</p>\r\n<p>Ipsum volumus pertinax mea ut, eu erat tacimates nam. Tibique copiosae verterem mea no, eam ex melius option, soluta timeam et his. Sit simul gubergren reformidans id, amet minimum nominavi eos ea. Et augue dicta vix. Mea ne utamur referrentur. Ipsum volumus pertinax mea ut, eu erat tacimates nam. Tibique copiosae verterem mea no.&nbsp;</p>\r\n<p>Pri tempor appareat no, eruditi repudiandae vix at. Eos at brute omnesque voluptaria, facer putent intellegam eu pri. Mei debitis ullamcorper eu, at quo idque mundi. Vis in suas porro consequat, nec ad dolor adversarium, ut praesent cotidieque sit.&nbsp;</p>\r\n<p>Ei usu malis aeque efficiantur. Mazim dolor denique duo ad, augue ornatus sententiae vel at, duo id sumo vulputate. His legimus assueverit ut, commune maluisset deterruisset id mel. Oblique volumus eos ut, quo autem posidonium definitiones cu. Cu usu lorem consul concludaturque, pro ea fuisset consectetuer.</p>\r\n<p>Ei usu malis aeque efficiantur. Mazim dolor denique duo ad, augue ornatus sententiae vel at, duo id sumo vulputate. His legimus assueverit ut, commune maluisset deterruisset id mel. Oblique volumus eos ut, quo autem posidonium definitiones cu. Cu usu lorem consul concludaturque, pro ea fuisset consectetuer. Ex aeterno forensibus has, dicta propriae est ei, ex alterum apeirian quo.</p>\r\n<p>Sint dignissim consectetuer nec et, per ad probatus referrentur, vel cu consequat sententiae. Ad duis fugit dictas mea, et cum stet oratio cetero. Ne pri omittam fastidii. No per harum dicant neglegentur, sea ei esse volumus adolescens. Nulla argumentum at pri, vel apeirian principes in. An dicam dicant consul me</p>', 55, '15 Best WordPress Newspaper Themes to Look Out for in 2022', '15 Best WordPress Newspaper Themes to Look Out for in 2022', 1, 1, '2022-09-22 10:14:55', '2023-03-30 07:07:47'),
(6, 1, 'Must-Have WordPress Plugins for Ecommerce Websites in 2022', 'musthave-wordpress-plugins-for-ecommerce-websites-in-2022', 4, 'uploads/custom-images/blog--2022-12-11-11-14-46-2660.png', '<p>Sint dignissim consectetuer nec et, per ad probatus referrentur, vel cu consequat sententiae. Ad duis fugit dictas mea, et cum stet oratio cetero. Ne pri omittam fastidii. No per harum dicant neglegentur, sea ei esse volumus adolescens. Nulla argumentum at pri, vel apeirian principes in. An dicam dicant consul mea, ne per option appetere argumentum, vim legere senserit et.</p>\r\n<p>Sit vivendum eleifend adipiscing ea. Modus legere suscipiantur an vel, melius patrioque est cu, eum at audire probatus repudiandae. Ei tempor definitiones eam, sea dico omnium ne. Eam ad ubique tincidunt elaboraret, malis aperiri sit et. Ut quo vero inimicus. Sed at munere fuisset noluisse, eleifend senserit an vix.</p>\r\n<p>Ipsum volumus pertinax mea ut, eu erat tacimates nam. Tibique copiosae verterem mea no, eam ex melius option, soluta timeam et his. Sit simul gubergren reformidans id, amet minimum nominavi eos ea. Et augue dicta vix. Mea ne utamur referrentur.</p>\r\n<p>Appetere fabellas ius te. Nonumes splendide deseruisse ea vis, alii velit vel eu. Eos ut scaevola platonem rationibus. Vis natum vivendo sententiae in, ea aperiam apeirian pri, in partem eleifend quo. Pro ex nobis utinam, nam et vidit numquam fastidii, ne per munere adolescens.</p>\r\n<p>Id est maiorum volutpat, ad nominavi suscipit suscipiantur vix. Ut ius veri aperiam reprehendunt. Ut per unum sapientem consequuntur, usu ut quot scripta. Sea te nisl expetenda, ad quo congue argumentum, sit quis simul accusam cu. Usu ei perfecto repudiare tincidunt, ut quas malis erant vim. An mel vidit iudicabit.</p>', 45, 'Must-Have WordPress Plugins for Ecommerce Websites in 2022', 'Must-Have WordPress Plugins for Ecommerce Websites in 2022', 1, 0, '2022-09-22 10:15:55', '2023-05-27 10:13:25'),
(7, 1, 'It’s official! The iPhone 14 Series is on its way! Rumors turned out to be true. The Goods & the Bads.', 'its-official-the-iphone-14-series-is-on-its-way-rumors-turned-out-to-be-true-the-goods-the-bads', 2, 'uploads/custom-images/blog--2022-12-11-11-14-55-9096.png', '<p>Id est maiorum volutpat, ad nominavi suscipit suscipiantur vix. Ut ius veri aperiam reprehendunt. Ut per unum sapientem consequuntur, usu ut quot scripta. Sea te nisl expetenda, ad quo congue argumentum, sit quis simul accusam cu. Usu ei perfecto repudiare tincidunt, ut quas malis erant vim. An mel vidit iudicabit.</p>\r\n<p>Per ex vero nonumy. Ius eu doming nominavi mediocrem, aliquid efficiantur no vim, sanctus admodum mnesarchum ad pro. No sea invidunt partiendo. No postea numquam ocurreret duo, unum abhorreant cu nam, fugit fastidii percipitur nam id.</p>\r\n<p>Sit vivendum eleifend adipiscing ea. Modus legere suscipiantur an vel, melius patrioque est cu, eum at audire probatus repudiandae. Ei tempor definitiones eam, sea dico omnium ne. Eam ad ubique tincidunt elaboraret, malis aperiri sit et. Ut quo vero inimicus. Sed at munere fuisset noluisse, eleifend senserit an vix.</p>\r\n<p>Sint dignissim consectetuer nec et, per ad probatus referrentur, vel cu consequat sententiae. Ad duis fugit dictas mea, et cum stet oratio cetero. Ne pri omittam fastidii. No per harum dicant neglegentur, sea ei esse volumus adolescens. Nulla argumentum at pri, vel apeirian principes in. An dicam dicant consul mea, ne per option appetere argumentum, vim legere senserit et.</p>\r\n<p>No per harum dicant neglegentur, sea ei esse volumus adolescens. Nulla argumentum at pri, vel apeirian principes in. An dicam dicant consul mea, ne per option appetere argumentum, vim legere senserit et.</p>\r\n<p>Appetere fabellas ius te. Nonumes splendide deseruisse ea vis, alii velit vel eu. Eos ut scaevola platonem rationibus. Vis natum vivendo sententiae in, ea aperiam apeirian pri, in partem eleifend quo. Pro ex nobis utinam, nam et vidit numquam fastidii, ne per munere adolescens.</p>', 36, 'It’s official! The iPhone 14 Series is on its way! Rumors turned out to be true. The Goods & the Bads.', 'It’s official! The iPhone 14 Series is on its way! Rumors turned out to be true. The Goods & the Bads.', 1, 1, '2022-09-22 10:18:09', '2023-05-27 10:36:58');

-- --------------------------------------------------------

--
-- Table structure for table `blog_categories`
--

CREATE TABLE `blog_categories` (
  `id` bigint(20) UNSIGNED NOT NULL,
  `name` varchar(255) COLLATE utf8mb4_unicode_ci NOT NULL,
  `slug` varchar(255) COLLATE utf8mb4_unicode_ci NOT NULL,
  `status` tinyint(4) NOT NULL,
  `created_at` timestamp NULL DEFAULT NULL,
  `updated_at` timestamp NULL DEFAULT NULL
) ENGINE=InnoDB DEFAULT CHARSET=utf8mb4 COLLATE=utf8mb4_unicode_ci;

--
-- Dumping data for table `blog_categories`
--

INSERT INTO `blog_categories` (`id`, `name`, `slug`, `status`, `created_at`, `updated_at`) VALUES
(2, 'Development', 'development', 1, '2022-09-22 10:05:56', '2022-09-22 10:05:56'),
(3, 'Guide', 'guide-', 1, '2022-09-22 10:06:06', '2022-09-22 10:06:06'),
(4, 'Inspiration', 'inspiration-', 1, '2022-09-22 10:06:13', '2022-09-22 10:06:13'),
(5, 'Latest News', 'latest-news', 1, '2022-09-22 10:06:25', '2022-09-22 10:06:25'),
(6, 'Revenue', 'revenue-', 1, '2022-09-22 10:06:37', '2022-09-22 10:06:37'),
(7, 'Start Up', 'start-up', 1, '2022-09-22 10:06:48', '2022-09-22 10:06:48'),
(8, 'Technology', 'technology', 1, '2022-09-22 10:06:56', '2022-09-22 10:06:56');

-- --------------------------------------------------------

--
-- Table structure for table `blog_comments`
--

CREATE TABLE `blog_comments` (
  `id` bigint(20) UNSIGNED NOT NULL,
  `blog_id` int(11) NOT NULL,
  `name` varchar(255) COLLATE utf8mb4_unicode_ci NOT NULL,
  `email` varchar(255) COLLATE utf8mb4_unicode_ci NOT NULL,
  `comment` text COLLATE utf8mb4_unicode_ci NOT NULL,
  `status` int(10) NOT NULL DEFAULT 0,
  `created_at` timestamp NULL DEFAULT NULL,
  `updated_at` timestamp NULL DEFAULT NULL
) ENGINE=InnoDB DEFAULT CHARSET=utf8mb4 COLLATE=utf8mb4_unicode_ci;

--
-- Dumping data for table `blog_comments`
--

INSERT INTO `blog_comments` (`id`, `blog_id`, `name`, `email`, `comment`, `status`, `created_at`, `updated_at`) VALUES
(3, 5, 'Abel Spencer', 'sicyxohore@mailinator.com', 'Molestiae totam magn', 1, '2022-09-25 10:22:20', '2022-11-03 06:52:12'),
(4, 6, 'Hannah Nunez', 'hupymug@mailinator.com', 'Vel ea fugit ad duc', 1, '2022-09-25 11:05:46', '2022-11-03 06:52:13'),
(5, 2, 'Dara Odom', 'caqo@mailinator.com', 'Ducimus doloremque', 1, '2022-09-25 11:38:22', '2022-11-03 06:52:13'),
(6, 2, 'Boris David', 'jypiw@mailinator.com', 'Ipsum quam harum co', 1, '2022-09-25 11:39:26', '2022-11-03 06:52:14'),
(7, 3, 'Cara Jarvis', 'matekyd@mailinator.com', 'Corporis deserunt ea', 1, '2022-10-31 20:54:48', '2022-11-03 06:52:15'),
(8, 2, 'AJOY', 'ajoy.quomodosoft@gmail.com', 'Very helpfull', 0, '2023-01-21 23:06:08', '2023-01-21 23:06:08'),
(9, 6, 'Ajoy', 'ajoy.quomodosoft@gmail.com', 'Very fantace', 0, '2023-01-21 23:13:24', '2023-01-21 23:13:24'),
(10, 3, 'John Doe', 'khalil.cmt.bpi@gmail.com', 'Leave a comment', 0, '2023-02-11 21:39:59', '2023-02-11 21:39:59');

-- --------------------------------------------------------

--
-- Table structure for table `brands`
--

CREATE TABLE `brands` (
  `id` bigint(20) UNSIGNED NOT NULL,
  `name` varchar(255) COLLATE utf8mb4_unicode_ci NOT NULL,
  `slug` varchar(255) COLLATE utf8mb4_unicode_ci NOT NULL,
  `logo` varchar(255) COLLATE utf8mb4_unicode_ci NOT NULL,
  `status` int(11) NOT NULL DEFAULT 0,
  `created_at` timestamp NULL DEFAULT NULL,
  `updated_at` timestamp NULL DEFAULT NULL
) ENGINE=InnoDB DEFAULT CHARSET=utf8mb4 COLLATE=utf8mb4_unicode_ci;

--
-- Dumping data for table `brands`
--

INSERT INTO `brands` (`id`, `name`, `slug`, `logo`, `status`, `created_at`, `updated_at`) VALUES
(1, 'Refined Threads', 'refined-threads', 'uploads/custom-images/oneplus-2022-09-25-04-15-53-8330.png', 1, '2022-09-20 07:16:12', '2023-03-22 06:58:47'),
(2, 'Ethereal Chic', 'ethereal-chic', 'uploads/custom-images/tencent-2022-09-25-04-16-01-9474.png', 1, '2022-09-20 07:16:24', '2023-03-22 06:59:01'),
(3, 'Urban Hive', 'urban-hive', 'uploads/custom-images/apple-2022-09-25-04-16-05-2914.png', 1, '2022-09-20 07:16:43', '2023-03-22 06:59:04'),
(4, 'Dapper Daze', 'dapper-daze', 'uploads/custom-images/mircrosoft-2022-09-25-04-16-10-7094.png', 1, '2022-09-20 07:16:59', '2023-03-22 06:59:13'),
(5, 'Velvet Vista', 'velvet-vista', 'uploads/custom-images/lenovo-2022-09-25-04-16-19-9532.png', 1, '2022-09-20 07:17:17', '2023-03-22 06:59:25'),
(6, 'Bohemian Muse', 'bohemian-muse', 'uploads/custom-images/huawei-2022-09-25-04-16-23-2134.png', 1, '2022-09-20 07:17:29', '2023-03-22 06:59:31'),
(7, 'Solstice Style', 'solstice-style', 'uploads/custom-images/nexus-2022-09-25-04-16-31-3263.png', 1, '2022-09-20 07:17:44', '2023-03-22 06:59:39'),
(8, 'Boldly Blue', 'boldly-blue', 'uploads/custom-images/google-2022-09-25-04-16-35-5464.png', 1, '2022-09-20 07:17:57', '2023-03-22 07:00:23'),
(9, 'Minted Mode', 'minted-mode', 'uploads/custom-images/firefox-2022-09-25-04-16-43-3374.png', 1, '2022-09-20 07:18:11', '2023-03-22 07:00:41'),
(10, 'Eclectic Ensemble', 'eclectic-ensemble', 'uploads/custom-images/tesla-2022-09-25-04-16-47-6997.png', 1, '2022-09-20 07:18:29', '2023-03-22 07:00:49'),
(11, 'BraveAlchemy Attire', 'bravealchemy-attire', 'uploads/custom-images/brave-2022-09-25-04-16-55-9281.png', 1, '2022-09-20 07:19:01', '2023-03-22 07:00:56'),
(12, 'Cascade Couture', 'facebook', 'uploads/custom-images/facebook-2022-09-25-04-17-01-2209.png', 1, '2022-09-20 07:19:14', '2023-03-22 07:01:09');

-- --------------------------------------------------------

--
-- Table structure for table `breadcrumb_images`
--

CREATE TABLE `breadcrumb_images` (
  `id` bigint(20) UNSIGNED NOT NULL,
  `location` varchar(255) COLLATE utf8mb4_unicode_ci DEFAULT NULL,
  `image_type` int(11) NOT NULL DEFAULT 1,
  `image` varchar(255) COLLATE utf8mb4_unicode_ci DEFAULT NULL,
  `created_at` timestamp NULL DEFAULT NULL,
  `updated_at` timestamp NULL DEFAULT NULL
) ENGINE=InnoDB DEFAULT CHARSET=utf8mb4 COLLATE=utf8mb4_unicode_ci;

--
-- Dumping data for table `breadcrumb_images`
--

INSERT INTO `breadcrumb_images` (`id`, `location`, `image_type`, `image`, `created_at`, `updated_at`) VALUES
(1, 'Brand Page', 1, 'uploads/website-images/banner-us-2022-02-11-03-19-00-6529.jpg', NULL, '2022-02-11 09:19:03'),
(2, 'Cart Page', 1, 'uploads/website-images/banner-us-2022-02-11-03-19-13-2295.jpg', NULL, '2022-02-11 09:19:16'),
(3, 'Campaign Page', 1, 'uploads/website-images/banner-us-2022-02-11-03-19-26-4555.jpg', NULL, '2022-02-11 09:19:28'),
(4, 'FAQ page', 1, 'uploads/website-images/banner-us-2022-02-11-03-19-38-5297.jpg', NULL, '2022-02-11 09:19:40'),
(5, 'User Authentication', 1, 'uploads/website-images/banner-us-2022-02-11-03-19-51-4946.jpg', NULL, '2022-02-11 09:19:53'),
(6, 'Compare Page', 1, 'uploads/website-images/banner-us-2022-02-11-03-20-02-1928.jpg', NULL, '2022-02-11 09:20:04'),
(7, 'Order Tracking Page', 1, 'uploads/website-images/banner-us-2022-02-11-03-20-16-5029.jpg', NULL, '2022-02-11 09:20:18'),
(8, 'Vendor Page', 1, 'uploads/website-images/banner-us-2022-02-11-03-20-28-1461.jpg', NULL, '2022-02-11 09:20:30'),
(9, 'Shop Page', 1, 'uploads/website-images/banner-us-2022-02-11-03-20-39-4557.jpg', NULL, '2022-02-11 09:20:41'),
(10, 'Blog page', 1, 'uploads/website-images/banner-us-2022-02-11-03-20-51-3046.jpg', NULL, '2022-02-11 09:20:54'),
(11, 'Flash Deal Page', 1, 'uploads/website-images/banner-us-2022-02-11-03-21-04-8636.jpg', NULL, '2022-02-11 09:21:06');

-- --------------------------------------------------------

--
-- Table structure for table `categories`
--

CREATE TABLE `categories` (
  `id` bigint(20) UNSIGNED NOT NULL,
  `name` varchar(255) COLLATE utf8mb4_unicode_ci NOT NULL,
  `slug` varchar(255) COLLATE utf8mb4_unicode_ci NOT NULL,
  `icon` varchar(255) COLLATE utf8mb4_unicode_ci NOT NULL,
  `image` varchar(255) COLLATE utf8mb4_unicode_ci NOT NULL,
  `status` int(11) NOT NULL DEFAULT 0,
  `created_at` timestamp NULL DEFAULT NULL,
  `updated_at` timestamp NULL DEFAULT NULL
) ENGINE=InnoDB DEFAULT CHARSET=utf8mb4 COLLATE=utf8mb4_unicode_ci;

--
-- Dumping data for table `categories`
--

INSERT INTO `categories` (`id`, `name`, `slug`, `icon`, `image`, `status`, `created_at`, `updated_at`) VALUES
(1, 'Dresses', 'dresses', 'fa-solid fa-vest', 'uploads/custom-images/category-2022-12-11-11-28-15-8740.png', 1, '2022-09-20 05:16:25', '2023-03-22 07:53:15'),
(2, 'Bags', 'bags', 'fa-solid fa-shirt', 'uploads/custom-images/category-2022-12-11-11-28-22-3436.png', 1, '2022-09-20 05:16:50', '2023-03-22 07:58:32'),
(3, 'Sweatshirt', 'sweatshirt', 'fas fa-mobile-alt', 'uploads/custom-images/category-2022-12-11-11-28-30-3579.png', 1, '2022-09-20 05:17:43', '2023-03-22 07:03:40'),
(4, 'Boots', 'boots', 'fas fa-home', 'uploads/custom-images/category-2022-12-11-11-28-38-3257.png', 1, '2022-09-20 05:24:47', '2023-03-22 07:03:47'),
(5, 'Accessories', 'accessories', 'fas fa-basketball-ball', 'uploads/custom-images/category-2022-12-11-11-33-53-3215.png', 1, '2022-09-20 05:26:13', '2023-03-22 07:03:54'),
(6, 'Sneakers', 'sneakers', 'fas fa-bicycle', 'uploads/custom-images/category-2022-12-11-11-34-02-8745.png', 1, '2022-09-20 05:28:22', '2023-03-22 07:04:01'),
(7, 'Outerwear', 'outerwear', 'fas fa-street-view', 'uploads/custom-images/category-2023-03-23-02-24-28-7377.png', 1, '2022-09-20 05:35:28', '2023-03-23 08:24:28'),
(8, 'Activewear', 'activewear', 'fab fa-android', 'uploads/custom-images/category-2023-03-23-02-24-38-1948.png', 1, '2022-09-20 05:38:38', '2023-03-23 08:24:38'),
(9, 'Grooming', 'grooming', 'fas fa-adjust', 'uploads/custom-images/category-2023-03-23-02-24-47-5149.png', 1, '2022-09-20 06:04:03', '2023-03-23 08:24:47'),
(10, 'Cosmetics', 'cosmetics', 'fas fa-cogs', 'uploads/custom-images/category-2023-03-23-02-24-58-4960.png', 1, '2022-09-20 06:05:41', '2023-03-23 08:24:58'),
(11, 'Watch', 'watch', 'fab fa-adn', 'uploads/custom-images/category-2023-03-23-12-45-28-4524.png', 1, '2022-10-17 04:20:57', '2023-03-23 06:45:28');

-- --------------------------------------------------------

--
-- Table structure for table `child_categories`
--

CREATE TABLE `child_categories` (
  `id` bigint(20) UNSIGNED NOT NULL,
  `category_id` int(10) NOT NULL,
  `sub_category_id` int(10) NOT NULL,
  `name` varchar(255) COLLATE utf8mb4_unicode_ci NOT NULL,
  `slug` varchar(255) COLLATE utf8mb4_unicode_ci NOT NULL,
  `status` int(11) NOT NULL DEFAULT 0,
  `created_at` timestamp NULL DEFAULT NULL,
  `updated_at` timestamp NULL DEFAULT NULL
) ENGINE=InnoDB DEFAULT CHARSET=utf8mb4 COLLATE=utf8mb4_unicode_ci;

--
-- Dumping data for table `child_categories`
--

INSERT INTO `child_categories` (`id`, `category_id`, `sub_category_id`, `name`, `slug`, `status`, `created_at`, `updated_at`) VALUES
(1, 1, 2, 'LG', 'lg', 1, '2022-09-20 06:02:47', '2022-09-20 06:02:47'),
(2, 1, 2, 'HP', 'hp', 1, '2022-09-20 06:03:17', '2022-09-20 06:03:17'),
(3, 2, 5, 'PlayStation 4', 'playstation-4', 1, '2022-09-20 07:13:18', '2022-09-20 07:13:18'),
(4, 2, 5, 'PlayStation 5', 'playstation-5', 1, '2022-09-20 07:13:29', '2022-09-20 07:13:29'),
(5, 1, 1, 'Samsung', 'samsung', 1, '2022-09-20 07:13:41', '2022-09-20 07:13:41'),
(6, 1, 1, 'Apple', 'apple', 1, '2022-09-20 07:13:51', '2022-09-20 07:13:51');

-- --------------------------------------------------------

--
-- Table structure for table `cities`
--

CREATE TABLE `cities` (
  `id` bigint(20) UNSIGNED NOT NULL,
  `country_state_id` int(11) NOT NULL,
  `name` varchar(255) COLLATE utf8mb4_unicode_ci NOT NULL,
  `slug` varchar(255) COLLATE utf8mb4_unicode_ci NOT NULL,
  `status` tinyint(4) NOT NULL,
  `created_at` timestamp NULL DEFAULT NULL,
  `updated_at` timestamp NULL DEFAULT NULL
) ENGINE=InnoDB DEFAULT CHARSET=utf8mb4 COLLATE=utf8mb4_unicode_ci;

--
-- Dumping data for table `cities`
--

INSERT INTO `cities` (`id`, `country_state_id`, `name`, `slug`, `status`, `created_at`, `updated_at`) VALUES
(1, 2, 'Florida City', 'florida-city', 1, '2022-01-30 09:29:19', '2022-02-06 04:18:33'),
(2, 1, 'Los Angeles', 'los-angeles', 1, '2022-01-30 09:29:29', '2022-02-06 04:20:30'),
(4, 2, 'Tallahassee', 'tallahassee', 1, '2022-02-06 04:18:49', '2022-02-06 04:18:49'),
(5, 2, 'Weston', 'weston', 1, '2022-02-06 04:19:56', '2022-02-06 04:19:56'),
(6, 1, 'San Jose', 'san-jose', 1, '2022-02-06 04:21:08', '2022-02-06 04:21:08'),
(7, 1, 'San Diego', 'san-diego', 1, '2022-02-06 04:21:26', '2022-02-06 04:21:26'),
(8, 4, 'Gandhinagar', 'gandhinagar', 1, '2022-02-06 04:22:21', '2022-02-06 04:22:21'),
(9, 5, 'Chandigarh', 'chandigarh', 1, '2022-02-06 04:22:44', '2022-02-06 04:22:44'),
(10, 7, 'London', 'london', 1, '2022-02-06 04:23:12', '2022-02-06 04:23:12'),
(11, 7, 'Liverpool', 'liverpool', 1, '2022-02-06 04:23:29', '2022-07-31 02:52:47');

-- --------------------------------------------------------

--
-- Table structure for table `compare_products`
--

CREATE TABLE `compare_products` (
  `id` bigint(20) UNSIGNED NOT NULL,
  `user_id` int(11) NOT NULL,
  `product_id` int(11) NOT NULL,
  `created_at` timestamp NULL DEFAULT NULL,
  `updated_at` timestamp NULL DEFAULT NULL
) ENGINE=InnoDB DEFAULT CHARSET=utf8mb4 COLLATE=utf8mb4_unicode_ci;

--
-- Dumping data for table `compare_products`
--

INSERT INTO `compare_products` (`id`, `user_id`, `product_id`, `created_at`, `updated_at`) VALUES
(16, 16, 13, '2022-10-26 19:40:35', '2022-10-26 19:40:35'),
(17, 21, 26, '2022-10-30 21:34:20', '2022-10-30 21:34:20'),
(18, 21, 36, '2022-10-30 21:36:39', '2022-10-30 21:36:39'),
(41, 7, 9, '2023-03-30 07:15:40', '2023-03-30 07:15:40'),
(42, 7, 10, '2023-05-26 12:53:29', '2023-05-26 12:53:29'),
(43, 7, 11, '2023-05-26 12:53:31', '2023-05-26 12:53:31');

-- --------------------------------------------------------

--
-- Table structure for table `contact_messages`
--

CREATE TABLE `contact_messages` (
  `id` bigint(20) UNSIGNED NOT NULL,
  `name` varchar(255) COLLATE utf8mb4_unicode_ci NOT NULL,
  `email` varchar(255) COLLATE utf8mb4_unicode_ci NOT NULL,
  `phone` varchar(255) COLLATE utf8mb4_unicode_ci DEFAULT NULL,
  `subject` varchar(255) COLLATE utf8mb4_unicode_ci NOT NULL,
  `message` text COLLATE utf8mb4_unicode_ci NOT NULL,
  `created_at` timestamp NULL DEFAULT NULL,
  `updated_at` timestamp NULL DEFAULT NULL
) ENGINE=InnoDB DEFAULT CHARSET=utf8mb4 COLLATE=utf8mb4_unicode_ci;

-- --------------------------------------------------------

--
-- Table structure for table `contact_pages`
--

CREATE TABLE `contact_pages` (
  `id` bigint(20) UNSIGNED NOT NULL,
  `title` varchar(255) COLLATE utf8mb4_unicode_ci DEFAULT NULL,
  `description` text COLLATE utf8mb4_unicode_ci DEFAULT NULL,
  `email` text COLLATE utf8mb4_unicode_ci DEFAULT NULL,
  `address` varchar(255) COLLATE utf8mb4_unicode_ci DEFAULT NULL,
  `phone` text COLLATE utf8mb4_unicode_ci DEFAULT NULL,
  `map` text COLLATE utf8mb4_unicode_ci DEFAULT NULL,
  `created_at` timestamp NULL DEFAULT NULL,
  `updated_at` timestamp NULL DEFAULT NULL
) ENGINE=InnoDB DEFAULT CHARSET=utf8mb4 COLLATE=utf8mb4_unicode_ci;

--
-- Dumping data for table `contact_pages`
--

INSERT INTO `contact_pages` (`id`, `title`, `description`, `email`, `address`, `phone`, `map`, `created_at`, `updated_at`) VALUES
(1, 'Contact Information', 'Fill the form below or write us .We will help you as soon as possible.', 'shopus@gmail.com', '2140 W Thunderbird Rd, Phoenix, Arkansas 85023, United States', '+1347-430-9510', 'https://www.google.com/maps/embed?pb=!1m18!1m12!1m3!1d7304.67270436821!2d90.38005526977537!3d23.735382200000004!2m3!1f0!2f0!3f0!3m2!1i1024!2i768!4f13.1!3m3!1m2!1s0x3755b8c6d25f0a91%3A0xf8da21d64c3856dc!2sNew%20Work%20Aquarium%20Center!5e0!3m2!1sen!2sbd!4v1668246013351!5m2!1sen!2sbd', '2022-09-22 11:08:24', '2023-03-22 10:48:18');

-- --------------------------------------------------------

--
-- Table structure for table `cookie_consents`
--

CREATE TABLE `cookie_consents` (
  `id` bigint(20) UNSIGNED NOT NULL,
  `status` int(11) NOT NULL DEFAULT 1,
  `border` varchar(255) COLLATE utf8mb4_unicode_ci DEFAULT NULL,
  `corners` varchar(255) COLLATE utf8mb4_unicode_ci DEFAULT NULL,
  `background_color` varchar(255) COLLATE utf8mb4_unicode_ci DEFAULT NULL,
  `text_color` varchar(255) COLLATE utf8mb4_unicode_ci DEFAULT NULL,
  `border_color` varchar(255) COLLATE utf8mb4_unicode_ci DEFAULT NULL,
  `btn_bg_color` varchar(255) COLLATE utf8mb4_unicode_ci DEFAULT NULL,
  `btn_text_color` varchar(255) COLLATE utf8mb4_unicode_ci DEFAULT NULL,
  `message` text COLLATE utf8mb4_unicode_ci DEFAULT NULL,
  `link_text` varchar(255) COLLATE utf8mb4_unicode_ci DEFAULT NULL,
  `btn_text` varchar(255) COLLATE utf8mb4_unicode_ci DEFAULT NULL,
  `link` varchar(255) COLLATE utf8mb4_unicode_ci DEFAULT NULL,
  `created_at` timestamp NULL DEFAULT NULL,
  `updated_at` timestamp NULL DEFAULT NULL
) ENGINE=InnoDB DEFAULT CHARSET=utf8mb4 COLLATE=utf8mb4_unicode_ci;

--
-- Dumping data for table `cookie_consents`
--

INSERT INTO `cookie_consents` (`id`, `status`, `border`, `corners`, `background_color`, `text_color`, `border_color`, `btn_bg_color`, `btn_text_color`, `message`, `link_text`, `btn_text`, `link`, `created_at`, `updated_at`) VALUES
(1, 1, 'thin', 'normal', '#184dec', '#fafafa', '#0a58d6', '#fffceb', '#222758', 'This website uses essential cookies to ensure its proper operation and tracking cookies to understand how you interact with it. The latter will be set only upon approval.', 'More Info', 'Yes', NULL, NULL, '2022-11-14 03:39:20');

-- --------------------------------------------------------

--
-- Table structure for table `countries`
--

CREATE TABLE `countries` (
  `id` bigint(20) UNSIGNED NOT NULL,
  `name` varchar(255) COLLATE utf8mb4_unicode_ci NOT NULL,
  `slug` varchar(255) COLLATE utf8mb4_unicode_ci NOT NULL,
  `status` tinyint(4) NOT NULL,
  `created_at` timestamp NULL DEFAULT NULL,
  `updated_at` timestamp NULL DEFAULT NULL
) ENGINE=InnoDB DEFAULT CHARSET=utf8mb4 COLLATE=utf8mb4_unicode_ci;

--
-- Dumping data for table `countries`
--

INSERT INTO `countries` (`id`, `name`, `slug`, `status`, `created_at`, `updated_at`) VALUES
(1, 'United State', 'united-state', 1, '2022-01-30 09:28:28', '2022-02-06 04:11:42'),
(2, 'India', 'india', 1, '2022-01-30 09:28:39', '2022-01-30 09:28:39'),
(4, 'United Kindom', 'united-kindom', 1, '2022-02-06 04:11:51', '2022-02-06 04:11:51'),
(5, 'Australia', 'australia', 1, '2022-02-06 04:12:36', '2022-02-06 04:12:36'),
(10, 'Bangladesh', 'bangladesh', 1, '2022-09-22 05:46:54', '2022-09-22 05:46:54');

-- --------------------------------------------------------

--
-- Table structure for table `country_states`
--

CREATE TABLE `country_states` (
  `id` bigint(20) UNSIGNED NOT NULL,
  `country_id` int(11) NOT NULL,
  `name` varchar(255) COLLATE utf8mb4_unicode_ci NOT NULL,
  `slug` varchar(255) COLLATE utf8mb4_unicode_ci NOT NULL,
  `status` tinyint(4) NOT NULL,
  `created_at` timestamp NULL DEFAULT NULL,
  `updated_at` timestamp NULL DEFAULT NULL
) ENGINE=InnoDB DEFAULT CHARSET=utf8mb4 COLLATE=utf8mb4_unicode_ci;

--
-- Dumping data for table `country_states`
--

INSERT INTO `country_states` (`id`, `country_id`, `name`, `slug`, `status`, `created_at`, `updated_at`) VALUES
(1, 1, 'California', 'california', 1, '2022-01-30 09:29:00', '2022-02-06 04:14:28'),
(2, 1, 'Florida', 'florida', 1, '2022-01-30 09:29:07', '2022-02-06 04:14:42'),
(3, 1, 'Alaska', 'alaska', 1, '2022-02-05 07:49:14', '2022-02-06 04:15:09'),
(4, 2, 'Gujarat', 'gujarat', 1, '2022-02-06 04:16:27', '2022-02-06 04:16:27'),
(5, 2, 'Punjab', 'punjab', 1, '2022-02-06 04:16:39', '2022-02-06 04:16:39'),
(6, 2, 'Rajasthan', 'rajasthan', 1, '2022-02-06 04:16:48', '2022-02-06 04:16:48'),
(7, 4, 'England', 'england', 1, '2022-02-06 04:17:35', '2022-02-06 04:17:35'),
(8, 4, 'Scotland', 'scotland', 1, '2022-02-06 04:17:44', '2022-02-06 04:17:44'),
(9, 4, 'Wales', 'wales', 1, '2022-02-06 04:17:53', '2022-02-06 04:17:53');

-- --------------------------------------------------------

--
-- Table structure for table `coupons`
--

CREATE TABLE `coupons` (
  `id` bigint(20) UNSIGNED NOT NULL,
  `name` varchar(255) COLLATE utf8mb4_unicode_ci NOT NULL,
  `code` varchar(255) COLLATE utf8mb4_unicode_ci NOT NULL,
  `min_purchase_price` varchar(255) COLLATE utf8mb4_unicode_ci NOT NULL,
  `offer_type` int(11) NOT NULL DEFAULT 0,
  `discount` double NOT NULL DEFAULT 0,
  `max_quantity` int(11) NOT NULL DEFAULT 0,
  `expired_date` varchar(191) COLLATE utf8mb4_unicode_ci NOT NULL,
  `apply_qty` int(11) NOT NULL DEFAULT 0,
  `status` int(11) NOT NULL DEFAULT 0,
  `created_at` timestamp NULL DEFAULT NULL,
  `updated_at` timestamp NULL DEFAULT NULL
) ENGINE=InnoDB DEFAULT CHARSET=utf8mb4 COLLATE=utf8mb4_unicode_ci;

--
-- Dumping data for table `coupons`
--

INSERT INTO `coupons` (`id`, `name`, `code`, `min_purchase_price`, `offer_type`, `discount`, `max_quantity`, `expired_date`, `apply_qty`, `status`, `created_at`, `updated_at`) VALUES
(1, 'Happy New Year', 'newyear', '600', 1, 50, 100, '2025-11-26', 9, 1, '2022-11-10 19:33:12', '2022-11-27 20:24:58');

-- --------------------------------------------------------

--
-- Table structure for table `currencies`
--

CREATE TABLE `currencies` (
  `id` int(11) NOT NULL,
  `code` varchar(3) NOT NULL,
  `name` varchar(50) NOT NULL,
  `created_at` timestamp NOT NULL DEFAULT current_timestamp() ON UPDATE current_timestamp(),
  `updated_at` timestamp NOT NULL DEFAULT '0000-00-00 00:00:00'
) ENGINE=InnoDB DEFAULT CHARSET=utf8;

--
-- Dumping data for table `currencies`
--

INSERT INTO `currencies` (`id`, `code`, `name`, `created_at`, `updated_at`) VALUES
(1, 'AFA', 'Afghan Afghani', '0000-00-00 00:00:00', '0000-00-00 00:00:00'),
(2, 'ALL', 'Albanian Lek', '0000-00-00 00:00:00', '0000-00-00 00:00:00'),
(3, 'DZD', 'Algerian Dinar', '0000-00-00 00:00:00', '0000-00-00 00:00:00'),
(4, 'AOA', 'Angolan Kwanza', '0000-00-00 00:00:00', '0000-00-00 00:00:00'),
(5, 'ARS', 'Argentine Peso', '0000-00-00 00:00:00', '0000-00-00 00:00:00'),
(6, 'AMD', 'Armenian Dram', '0000-00-00 00:00:00', '0000-00-00 00:00:00'),
(7, 'AWG', 'Aruban Florin', '0000-00-00 00:00:00', '0000-00-00 00:00:00'),
(8, 'AUD', 'Australian Dollar', '0000-00-00 00:00:00', '0000-00-00 00:00:00'),
(9, 'AZN', 'Azerbaijani Manat', '0000-00-00 00:00:00', '0000-00-00 00:00:00'),
(10, 'BSD', 'Bahamian Dollar', '0000-00-00 00:00:00', '0000-00-00 00:00:00'),
(11, 'BHD', 'Bahraini Dinar', '0000-00-00 00:00:00', '0000-00-00 00:00:00'),
(12, 'BDT', 'Bangladeshi Taka', '0000-00-00 00:00:00', '0000-00-00 00:00:00'),
(13, 'BBD', 'Barbadian Dollar', '0000-00-00 00:00:00', '0000-00-00 00:00:00'),
(14, 'BYR', 'Belarusian Ruble', '0000-00-00 00:00:00', '0000-00-00 00:00:00'),
(15, 'BEF', 'Belgian Franc', '0000-00-00 00:00:00', '0000-00-00 00:00:00'),
(16, 'BZD', 'Belize Dollar', '0000-00-00 00:00:00', '0000-00-00 00:00:00'),
(17, 'BMD', 'Bermudan Dollar', '0000-00-00 00:00:00', '0000-00-00 00:00:00'),
(18, 'BTN', 'Bhutanese Ngultrum', '0000-00-00 00:00:00', '0000-00-00 00:00:00'),
(19, 'BTC', 'Bitcoin', '0000-00-00 00:00:00', '0000-00-00 00:00:00'),
(20, 'BOB', 'Bolivian Boliviano', '0000-00-00 00:00:00', '0000-00-00 00:00:00'),
(21, 'BAM', 'Bosnia-Herzegovina Convertible Mark', '0000-00-00 00:00:00', '0000-00-00 00:00:00'),
(22, 'BWP', 'Botswanan Pula', '0000-00-00 00:00:00', '0000-00-00 00:00:00'),
(23, 'BRL', 'Brazilian Real', '0000-00-00 00:00:00', '0000-00-00 00:00:00'),
(24, 'GBP', 'British Pound Sterling', '0000-00-00 00:00:00', '0000-00-00 00:00:00'),
(25, 'BND', 'Brunei Dollar', '0000-00-00 00:00:00', '0000-00-00 00:00:00'),
(26, 'BGN', 'Bulgarian Lev', '0000-00-00 00:00:00', '0000-00-00 00:00:00'),
(27, 'BIF', 'Burundian Franc', '0000-00-00 00:00:00', '0000-00-00 00:00:00'),
(28, 'KHR', 'Cambodian Riel', '0000-00-00 00:00:00', '0000-00-00 00:00:00'),
(29, 'CAD', 'Canadian Dollar', '0000-00-00 00:00:00', '0000-00-00 00:00:00'),
(30, 'CVE', 'Cape Verdean Escudo', '0000-00-00 00:00:00', '0000-00-00 00:00:00'),
(31, 'KYD', 'Cayman Islands Dollar', '0000-00-00 00:00:00', '0000-00-00 00:00:00'),
(32, 'XOF', 'CFA Franc BCEAO', '0000-00-00 00:00:00', '0000-00-00 00:00:00'),
(33, 'XAF', 'CFA Franc BEAC', '0000-00-00 00:00:00', '0000-00-00 00:00:00'),
(34, 'XPF', 'CFP Franc', '0000-00-00 00:00:00', '0000-00-00 00:00:00'),
(35, 'CLP', 'Chilean Peso', '0000-00-00 00:00:00', '0000-00-00 00:00:00'),
(36, 'CNY', 'Chinese Yuan', '0000-00-00 00:00:00', '0000-00-00 00:00:00'),
(37, 'COP', 'Colombian Peso', '0000-00-00 00:00:00', '0000-00-00 00:00:00'),
(38, 'KMF', 'Comorian Franc', '0000-00-00 00:00:00', '0000-00-00 00:00:00'),
(39, 'CDF', 'Congolese Franc', '0000-00-00 00:00:00', '0000-00-00 00:00:00'),
(40, 'CRC', 'Costa Rican ColÃ³n', '0000-00-00 00:00:00', '0000-00-00 00:00:00'),
(41, 'HRK', 'Croatian Kuna', '0000-00-00 00:00:00', '0000-00-00 00:00:00'),
(42, 'CUC', 'Cuban Convertible Peso', '0000-00-00 00:00:00', '0000-00-00 00:00:00'),
(43, 'CZK', 'Czech Republic Koruna', '0000-00-00 00:00:00', '0000-00-00 00:00:00'),
(44, 'DKK', 'Danish Krone', '0000-00-00 00:00:00', '0000-00-00 00:00:00'),
(45, 'DJF', 'Djiboutian Franc', '0000-00-00 00:00:00', '0000-00-00 00:00:00'),
(46, 'DOP', 'Dominican Peso', '0000-00-00 00:00:00', '0000-00-00 00:00:00'),
(47, 'XCD', 'East Caribbean Dollar', '0000-00-00 00:00:00', '0000-00-00 00:00:00'),
(48, 'EGP', 'Egyptian Pound', '0000-00-00 00:00:00', '0000-00-00 00:00:00'),
(49, 'ERN', 'Eritrean Nakfa', '0000-00-00 00:00:00', '0000-00-00 00:00:00'),
(50, 'EEK', 'Estonian Kroon', '0000-00-00 00:00:00', '0000-00-00 00:00:00'),
(51, 'ETB', 'Ethiopian Birr', '0000-00-00 00:00:00', '0000-00-00 00:00:00'),
(52, 'EUR', 'Euro', '0000-00-00 00:00:00', '0000-00-00 00:00:00'),
(53, 'FKP', 'Falkland Islands Pound', '0000-00-00 00:00:00', '0000-00-00 00:00:00'),
(54, 'FJD', 'Fijian Dollar', '0000-00-00 00:00:00', '0000-00-00 00:00:00'),
(55, 'GMD', 'Gambian Dalasi', '0000-00-00 00:00:00', '0000-00-00 00:00:00'),
(56, 'GEL', 'Georgian Lari', '0000-00-00 00:00:00', '0000-00-00 00:00:00'),
(57, 'DEM', 'German Mark', '0000-00-00 00:00:00', '0000-00-00 00:00:00'),
(58, 'GHS', 'Ghanaian Cedi', '0000-00-00 00:00:00', '0000-00-00 00:00:00'),
(59, 'GIP', 'Gibraltar Pound', '0000-00-00 00:00:00', '0000-00-00 00:00:00'),
(60, 'GRD', 'Greek Drachma', '0000-00-00 00:00:00', '0000-00-00 00:00:00'),
(61, 'GTQ', 'Guatemalan Quetzal', '0000-00-00 00:00:00', '0000-00-00 00:00:00'),
(62, 'GNF', 'Guinean Franc', '0000-00-00 00:00:00', '0000-00-00 00:00:00'),
(63, 'GYD', 'Guyanaese Dollar', '0000-00-00 00:00:00', '0000-00-00 00:00:00'),
(64, 'HTG', 'Haitian Gourde', '0000-00-00 00:00:00', '0000-00-00 00:00:00'),
(65, 'HNL', 'Honduran Lempira', '0000-00-00 00:00:00', '0000-00-00 00:00:00'),
(66, 'HKD', 'Hong Kong Dollar', '0000-00-00 00:00:00', '0000-00-00 00:00:00'),
(67, 'HUF', 'Hungarian Forint', '0000-00-00 00:00:00', '0000-00-00 00:00:00'),
(68, 'ISK', 'Icelandic KrÃ³na', '0000-00-00 00:00:00', '0000-00-00 00:00:00'),
(69, 'INR', 'Indian Rupee', '0000-00-00 00:00:00', '0000-00-00 00:00:00'),
(70, 'IDR', 'Indonesian Rupiah', '0000-00-00 00:00:00', '0000-00-00 00:00:00'),
(71, 'IRR', 'Iranian Rial', '0000-00-00 00:00:00', '0000-00-00 00:00:00'),
(72, 'IQD', 'Iraqi Dinar', '0000-00-00 00:00:00', '0000-00-00 00:00:00'),
(73, 'ILS', 'Israeli New Sheqel', '0000-00-00 00:00:00', '0000-00-00 00:00:00'),
(74, 'ITL', 'Italian Lira', '0000-00-00 00:00:00', '0000-00-00 00:00:00'),
(75, 'JMD', 'Jamaican Dollar', '0000-00-00 00:00:00', '0000-00-00 00:00:00'),
(76, 'JPY', 'Japanese Yen', '0000-00-00 00:00:00', '0000-00-00 00:00:00'),
(77, 'JOD', 'Jordanian Dinar', '0000-00-00 00:00:00', '0000-00-00 00:00:00'),
(78, 'KZT', 'Kazakhstani Tenge', '0000-00-00 00:00:00', '0000-00-00 00:00:00'),
(79, 'KES', 'Kenyan Shilling', '0000-00-00 00:00:00', '0000-00-00 00:00:00'),
(80, 'KWD', 'Kuwaiti Dinar', '0000-00-00 00:00:00', '0000-00-00 00:00:00'),
(81, 'KGS', 'Kyrgystani Som', '0000-00-00 00:00:00', '0000-00-00 00:00:00'),
(82, 'LAK', 'Laotian Kip', '0000-00-00 00:00:00', '0000-00-00 00:00:00'),
(83, 'LVL', 'Latvian Lats', '0000-00-00 00:00:00', '0000-00-00 00:00:00'),
(84, 'LBP', 'Lebanese Pound', '0000-00-00 00:00:00', '0000-00-00 00:00:00'),
(85, 'LSL', 'Lesotho Loti', '0000-00-00 00:00:00', '0000-00-00 00:00:00'),
(86, 'LRD', 'Liberian Dollar', '0000-00-00 00:00:00', '0000-00-00 00:00:00'),
(87, 'LYD', 'Libyan Dinar', '0000-00-00 00:00:00', '0000-00-00 00:00:00'),
(88, 'LTL', 'Lithuanian Litas', '0000-00-00 00:00:00', '0000-00-00 00:00:00'),
(89, 'MOP', 'Macanese Pataca', '0000-00-00 00:00:00', '0000-00-00 00:00:00'),
(90, 'MKD', 'Macedonian Denar', '0000-00-00 00:00:00', '0000-00-00 00:00:00'),
(91, 'MGA', 'Malagasy Ariary', '0000-00-00 00:00:00', '0000-00-00 00:00:00'),
(92, 'MWK', 'Malawian Kwacha', '0000-00-00 00:00:00', '0000-00-00 00:00:00'),
(93, 'MYR', 'Malaysian Ringgit', '0000-00-00 00:00:00', '0000-00-00 00:00:00'),
(94, 'MVR', 'Maldivian Rufiyaa', '0000-00-00 00:00:00', '0000-00-00 00:00:00'),
(95, 'MRO', 'Mauritanian Ouguiya', '0000-00-00 00:00:00', '0000-00-00 00:00:00'),
(96, 'MUR', 'Mauritian Rupee', '0000-00-00 00:00:00', '0000-00-00 00:00:00'),
(97, 'MXN', 'Mexican Peso', '0000-00-00 00:00:00', '0000-00-00 00:00:00'),
(98, 'MDL', 'Moldovan Leu', '0000-00-00 00:00:00', '0000-00-00 00:00:00'),
(99, 'MNT', 'Mongolian Tugrik', '0000-00-00 00:00:00', '0000-00-00 00:00:00'),
(100, 'MAD', 'Moroccan Dirham', '0000-00-00 00:00:00', '0000-00-00 00:00:00'),
(101, 'MZM', 'Mozambican Metical', '0000-00-00 00:00:00', '0000-00-00 00:00:00'),
(102, 'MMK', 'Myanmar Kyat', '0000-00-00 00:00:00', '0000-00-00 00:00:00'),
(103, 'NAD', 'Namibian Dollar', '0000-00-00 00:00:00', '0000-00-00 00:00:00'),
(104, 'NPR', 'Nepalese Rupee', '0000-00-00 00:00:00', '0000-00-00 00:00:00'),
(105, 'ANG', 'Netherlands Antillean Guilder', '0000-00-00 00:00:00', '0000-00-00 00:00:00'),
(106, 'TWD', 'New Taiwan Dollar', '0000-00-00 00:00:00', '0000-00-00 00:00:00'),
(107, 'NZD', 'New Zealand Dollar', '0000-00-00 00:00:00', '0000-00-00 00:00:00'),
(108, 'NIO', 'Nicaraguan CÃ³rdoba', '0000-00-00 00:00:00', '0000-00-00 00:00:00'),
(109, 'NGN', 'Nigerian Naira', '0000-00-00 00:00:00', '0000-00-00 00:00:00'),
(110, 'KPW', 'North Korean Won', '0000-00-00 00:00:00', '0000-00-00 00:00:00'),
(111, 'NOK', 'Norwegian Krone', '0000-00-00 00:00:00', '0000-00-00 00:00:00'),
(112, 'OMR', 'Omani Rial', '0000-00-00 00:00:00', '0000-00-00 00:00:00'),
(113, 'PKR', 'Pakistani Rupee', '0000-00-00 00:00:00', '0000-00-00 00:00:00'),
(114, 'PAB', 'Panamanian Balboa', '0000-00-00 00:00:00', '0000-00-00 00:00:00'),
(115, 'PGK', 'Papua New Guinean Kina', '0000-00-00 00:00:00', '0000-00-00 00:00:00'),
(116, 'PYG', 'Paraguayan Guarani', '0000-00-00 00:00:00', '0000-00-00 00:00:00'),
(117, 'PEN', 'Peruvian Nuevo Sol', '0000-00-00 00:00:00', '0000-00-00 00:00:00'),
(118, 'PHP', 'Philippine Peso', '0000-00-00 00:00:00', '0000-00-00 00:00:00'),
(119, 'PLN', 'Polish Zloty', '0000-00-00 00:00:00', '0000-00-00 00:00:00'),
(120, 'QAR', 'Qatari Rial', '0000-00-00 00:00:00', '0000-00-00 00:00:00'),
(121, 'RON', 'Romanian Leu', '0000-00-00 00:00:00', '0000-00-00 00:00:00'),
(122, 'RUB', 'Russian Ruble', '0000-00-00 00:00:00', '0000-00-00 00:00:00'),
(123, 'RWF', 'Rwandan Franc', '0000-00-00 00:00:00', '0000-00-00 00:00:00'),
(124, 'SVC', 'Salvadoran ColÃ³n', '0000-00-00 00:00:00', '0000-00-00 00:00:00'),
(125, 'WST', 'Samoan Tala', '0000-00-00 00:00:00', '0000-00-00 00:00:00'),
(126, 'SAR', 'Saudi Riyal', '0000-00-00 00:00:00', '0000-00-00 00:00:00'),
(127, 'RSD', 'Serbian Dinar', '0000-00-00 00:00:00', '0000-00-00 00:00:00'),
(128, 'SCR', 'Seychellois Rupee', '0000-00-00 00:00:00', '0000-00-00 00:00:00'),
(129, 'SLL', 'Sierra Leonean Leone', '0000-00-00 00:00:00', '0000-00-00 00:00:00'),
(130, 'SGD', 'Singapore Dollar', '0000-00-00 00:00:00', '0000-00-00 00:00:00'),
(131, 'SKK', 'Slovak Koruna', '0000-00-00 00:00:00', '0000-00-00 00:00:00'),
(132, 'SBD', 'Solomon Islands Dollar', '0000-00-00 00:00:00', '0000-00-00 00:00:00'),
(133, 'SOS', 'Somali Shilling', '0000-00-00 00:00:00', '0000-00-00 00:00:00'),
(134, 'ZAR', 'South African Rand', '0000-00-00 00:00:00', '0000-00-00 00:00:00'),
(135, 'KRW', 'South Korean Won', '0000-00-00 00:00:00', '0000-00-00 00:00:00'),
(136, 'XDR', 'Special Drawing Rights', '0000-00-00 00:00:00', '0000-00-00 00:00:00'),
(137, 'LKR', 'Sri Lankan Rupee', '0000-00-00 00:00:00', '0000-00-00 00:00:00'),
(138, 'SHP', 'St. Helena Pound', '0000-00-00 00:00:00', '0000-00-00 00:00:00'),
(139, 'SDG', 'Sudanese Pound', '0000-00-00 00:00:00', '0000-00-00 00:00:00'),
(140, 'SRD', 'Surinamese Dollar', '0000-00-00 00:00:00', '0000-00-00 00:00:00'),
(141, 'SZL', 'Swazi Lilangeni', '0000-00-00 00:00:00', '0000-00-00 00:00:00'),
(142, 'SEK', 'Swedish Krona', '0000-00-00 00:00:00', '0000-00-00 00:00:00'),
(143, 'CHF', 'Swiss Franc', '0000-00-00 00:00:00', '0000-00-00 00:00:00'),
(144, 'SYP', 'Syrian Pound', '0000-00-00 00:00:00', '0000-00-00 00:00:00'),
(145, 'STD', 'São Tomé and Príncipe Dobra', '0000-00-00 00:00:00', '0000-00-00 00:00:00'),
(146, 'TJS', 'Tajikistani Somoni', '0000-00-00 00:00:00', '0000-00-00 00:00:00'),
(147, 'TZS', 'Tanzanian Shilling', '0000-00-00 00:00:00', '0000-00-00 00:00:00'),
(148, 'THB', 'Thai Baht', '0000-00-00 00:00:00', '0000-00-00 00:00:00'),
(149, 'TOP', 'Tongan pa\'anga', '0000-00-00 00:00:00', '0000-00-00 00:00:00'),
(150, 'TTD', 'Trinidad & Tobago Dollar', '0000-00-00 00:00:00', '0000-00-00 00:00:00'),
(151, 'TND', 'Tunisian Dinar', '0000-00-00 00:00:00', '0000-00-00 00:00:00'),
(152, 'TRY', 'Turkish Lira', '0000-00-00 00:00:00', '0000-00-00 00:00:00'),
(153, 'TMT', 'Turkmenistani Manat', '0000-00-00 00:00:00', '0000-00-00 00:00:00'),
(154, 'UGX', 'Ugandan Shilling', '0000-00-00 00:00:00', '0000-00-00 00:00:00'),
(155, 'UAH', 'Ukrainian Hryvnia', '0000-00-00 00:00:00', '0000-00-00 00:00:00'),
(156, 'AED', 'United Arab Emirates Dirham', '0000-00-00 00:00:00', '0000-00-00 00:00:00'),
(157, 'UYU', 'Uruguayan Peso', '0000-00-00 00:00:00', '0000-00-00 00:00:00'),
(158, 'USD', 'US Dollar', '0000-00-00 00:00:00', '0000-00-00 00:00:00'),
(159, 'UZS', 'Uzbekistan Som', '0000-00-00 00:00:00', '0000-00-00 00:00:00'),
(160, 'VUV', 'Vanuatu Vatu', '0000-00-00 00:00:00', '0000-00-00 00:00:00'),
(161, 'VEF', 'Venezuelan BolÃ­var', '0000-00-00 00:00:00', '0000-00-00 00:00:00'),
(162, 'VND', 'Vietnamese Dong', '0000-00-00 00:00:00', '0000-00-00 00:00:00'),
(163, 'YER', 'Yemeni Rial', '0000-00-00 00:00:00', '0000-00-00 00:00:00'),
(164, 'ZMK', 'Zambian Kwacha', '0000-00-00 00:00:00', '0000-00-00 00:00:00');

-- --------------------------------------------------------

--
-- Table structure for table `currency_countries`
--

CREATE TABLE `currency_countries` (
  `id` int(10) UNSIGNED NOT NULL,
  `name` varchar(255) COLLATE utf8_bin NOT NULL,
  `code` varchar(2) COLLATE utf8_bin NOT NULL,
  `created_at` timestamp NOT NULL DEFAULT current_timestamp() ON UPDATE current_timestamp(),
  `updated_at` timestamp NOT NULL DEFAULT '0000-00-00 00:00:00'
) ENGINE=InnoDB DEFAULT CHARSET=utf8 COLLATE=utf8_bin;

--
-- Dumping data for table `currency_countries`
--

INSERT INTO `currency_countries` (`id`, `name`, `code`, `created_at`, `updated_at`) VALUES
(1, 'Andorra', 'AD', '0000-00-00 00:00:00', '0000-00-00 00:00:00'),
(2, 'Afghanistan', 'AF', '0000-00-00 00:00:00', '0000-00-00 00:00:00'),
(3, 'Åland Islands', 'AX', '0000-00-00 00:00:00', '0000-00-00 00:00:00'),
(4, 'Albania', 'AL', '0000-00-00 00:00:00', '0000-00-00 00:00:00'),
(5, 'Algeria', 'DZ', '0000-00-00 00:00:00', '0000-00-00 00:00:00'),
(6, 'American Samoa', 'AS', '0000-00-00 00:00:00', '0000-00-00 00:00:00'),
(7, 'Angola', 'AO', '0000-00-00 00:00:00', '0000-00-00 00:00:00'),
(8, 'Anguilla', 'AI', '0000-00-00 00:00:00', '0000-00-00 00:00:00'),
(9, 'Antarctica', 'AQ', '0000-00-00 00:00:00', '0000-00-00 00:00:00'),
(10, 'Antigua and Barbuda', 'AG', '0000-00-00 00:00:00', '0000-00-00 00:00:00'),
(11, 'Argentina', 'AR', '0000-00-00 00:00:00', '0000-00-00 00:00:00'),
(12, 'Armenia', 'AM', '0000-00-00 00:00:00', '0000-00-00 00:00:00'),
(13, 'Aruba', 'AW', '0000-00-00 00:00:00', '0000-00-00 00:00:00'),
(14, 'Australia', 'AU', '0000-00-00 00:00:00', '0000-00-00 00:00:00'),
(15, 'Austria', 'AT', '0000-00-00 00:00:00', '0000-00-00 00:00:00'),
(16, 'Azerbaijan', 'AZ', '0000-00-00 00:00:00', '0000-00-00 00:00:00'),
(17, 'Bahamas', 'BS', '0000-00-00 00:00:00', '0000-00-00 00:00:00'),
(18, 'Bahrain', 'BH', '0000-00-00 00:00:00', '0000-00-00 00:00:00'),
(19, 'Bangladesh', 'BD', '0000-00-00 00:00:00', '0000-00-00 00:00:00'),
(20, 'Barbados', 'BB', '0000-00-00 00:00:00', '0000-00-00 00:00:00'),
(21, 'Belarus', 'BY', '0000-00-00 00:00:00', '0000-00-00 00:00:00'),
(22, 'Belgium', 'BE', '0000-00-00 00:00:00', '0000-00-00 00:00:00'),
(23, 'Belize', 'BZ', '0000-00-00 00:00:00', '0000-00-00 00:00:00'),
(24, 'Benin', 'BJ', '0000-00-00 00:00:00', '0000-00-00 00:00:00'),
(25, 'Bermuda', 'BM', '0000-00-00 00:00:00', '0000-00-00 00:00:00'),
(26, 'Bhutan', 'BT', '0000-00-00 00:00:00', '0000-00-00 00:00:00'),
(27, 'Bolivia (Plurinational State of)', 'BO', '0000-00-00 00:00:00', '0000-00-00 00:00:00'),
(28, 'Bonaire, Sint Eustatius and Saba', 'BQ', '0000-00-00 00:00:00', '0000-00-00 00:00:00'),
(29, 'Bosnia and Herzegovina', 'BA', '0000-00-00 00:00:00', '0000-00-00 00:00:00'),
(30, 'Botswana', 'BW', '0000-00-00 00:00:00', '0000-00-00 00:00:00'),
(31, 'Bouvet Island', 'BV', '0000-00-00 00:00:00', '0000-00-00 00:00:00'),
(32, 'Brazil', 'BR', '0000-00-00 00:00:00', '0000-00-00 00:00:00'),
(33, 'British Indian Ocean Territory', 'IO', '0000-00-00 00:00:00', '0000-00-00 00:00:00'),
(34, 'Brunei Darussalam', 'BN', '0000-00-00 00:00:00', '0000-00-00 00:00:00'),
(35, 'Bulgaria', 'BG', '0000-00-00 00:00:00', '0000-00-00 00:00:00'),
(36, 'Burkina Faso', 'BF', '0000-00-00 00:00:00', '0000-00-00 00:00:00'),
(37, 'Burundi', 'BI', '0000-00-00 00:00:00', '0000-00-00 00:00:00'),
(38, 'Cabo Verde', 'CV', '0000-00-00 00:00:00', '0000-00-00 00:00:00'),
(39, 'Cambodia', 'KH', '0000-00-00 00:00:00', '0000-00-00 00:00:00'),
(40, 'Cameroon', 'CM', '0000-00-00 00:00:00', '0000-00-00 00:00:00'),
(41, 'Canada', 'CA', '0000-00-00 00:00:00', '0000-00-00 00:00:00'),
(42, 'Cayman Islands', 'KY', '0000-00-00 00:00:00', '0000-00-00 00:00:00'),
(43, 'Central African Republic', 'CF', '0000-00-00 00:00:00', '0000-00-00 00:00:00'),
(44, 'Chad', 'TD', '0000-00-00 00:00:00', '0000-00-00 00:00:00'),
(45, 'Chile', 'CL', '0000-00-00 00:00:00', '0000-00-00 00:00:00'),
(46, 'China', 'CN', '0000-00-00 00:00:00', '0000-00-00 00:00:00'),
(47, 'Christmas Island', 'CX', '0000-00-00 00:00:00', '0000-00-00 00:00:00'),
(48, 'Cocos (Keeling) Islands', 'CC', '0000-00-00 00:00:00', '0000-00-00 00:00:00'),
(49, 'Colombia', 'CO', '0000-00-00 00:00:00', '0000-00-00 00:00:00'),
(50, 'Comoros', 'KM', '0000-00-00 00:00:00', '0000-00-00 00:00:00'),
(51, 'Congo', 'CG', '0000-00-00 00:00:00', '0000-00-00 00:00:00'),
(52, 'Congo (Democratic Republic of the)', 'CD', '0000-00-00 00:00:00', '0000-00-00 00:00:00'),
(53, 'Cook Islands', 'CK', '0000-00-00 00:00:00', '0000-00-00 00:00:00'),
(54, 'Costa Rica', 'CR', '0000-00-00 00:00:00', '0000-00-00 00:00:00'),
(55, 'Côte d\'Ivoire', 'CI', '0000-00-00 00:00:00', '0000-00-00 00:00:00'),
(56, 'Croatia', 'HR', '0000-00-00 00:00:00', '0000-00-00 00:00:00'),
(57, 'Cuba', 'CU', '0000-00-00 00:00:00', '0000-00-00 00:00:00'),
(58, 'Curaçao', 'CW', '0000-00-00 00:00:00', '0000-00-00 00:00:00'),
(59, 'Cyprus', 'CY', '0000-00-00 00:00:00', '0000-00-00 00:00:00'),
(60, 'Czech Republic', 'CZ', '0000-00-00 00:00:00', '0000-00-00 00:00:00'),
(61, 'Denmark', 'DK', '0000-00-00 00:00:00', '0000-00-00 00:00:00'),
(62, 'Djibouti', 'DJ', '0000-00-00 00:00:00', '0000-00-00 00:00:00'),
(63, 'Dominica', 'DM', '0000-00-00 00:00:00', '0000-00-00 00:00:00'),
(64, 'Dominican Republic', 'DO', '0000-00-00 00:00:00', '0000-00-00 00:00:00'),
(65, 'Ecuador', 'EC', '0000-00-00 00:00:00', '0000-00-00 00:00:00'),
(66, 'Egypt', 'EG', '0000-00-00 00:00:00', '0000-00-00 00:00:00'),
(67, 'El Salvador', 'SV', '0000-00-00 00:00:00', '0000-00-00 00:00:00'),
(68, 'Equatorial Guinea', 'GQ', '0000-00-00 00:00:00', '0000-00-00 00:00:00'),
(69, 'Eritrea', 'ER', '0000-00-00 00:00:00', '0000-00-00 00:00:00'),
(70, 'Estonia', 'EE', '0000-00-00 00:00:00', '0000-00-00 00:00:00'),
(71, 'Ethiopia', 'ET', '0000-00-00 00:00:00', '0000-00-00 00:00:00'),
(72, 'Falkland Islands (Malvinas)', 'FK', '0000-00-00 00:00:00', '0000-00-00 00:00:00'),
(73, 'Faroe Islands', 'FO', '0000-00-00 00:00:00', '0000-00-00 00:00:00'),
(74, 'Fiji', 'FJ', '0000-00-00 00:00:00', '0000-00-00 00:00:00'),
(75, 'Finland', 'FI', '0000-00-00 00:00:00', '0000-00-00 00:00:00'),
(76, 'France', 'FR', '0000-00-00 00:00:00', '0000-00-00 00:00:00'),
(77, 'French Guiana', 'GF', '0000-00-00 00:00:00', '0000-00-00 00:00:00'),
(78, 'French Polynesia', 'PF', '0000-00-00 00:00:00', '0000-00-00 00:00:00'),
(79, 'French Southern Territories', 'TF', '0000-00-00 00:00:00', '0000-00-00 00:00:00'),
(80, 'Gabon', 'GA', '0000-00-00 00:00:00', '0000-00-00 00:00:00'),
(81, 'Gambia', 'GM', '0000-00-00 00:00:00', '0000-00-00 00:00:00'),
(82, 'Georgia', 'GE', '0000-00-00 00:00:00', '0000-00-00 00:00:00'),
(83, 'Germany', 'DE', '0000-00-00 00:00:00', '0000-00-00 00:00:00'),
(84, 'Ghana', 'GH', '0000-00-00 00:00:00', '0000-00-00 00:00:00'),
(85, 'Gibraltar', 'GI', '0000-00-00 00:00:00', '0000-00-00 00:00:00'),
(86, 'Greece', 'GR', '0000-00-00 00:00:00', '0000-00-00 00:00:00'),
(87, 'Greenland', 'GL', '0000-00-00 00:00:00', '0000-00-00 00:00:00'),
(88, 'Grenada', 'GD', '0000-00-00 00:00:00', '0000-00-00 00:00:00'),
(89, 'Guadeloupe', 'GP', '0000-00-00 00:00:00', '0000-00-00 00:00:00'),
(90, 'Guam', 'GU', '0000-00-00 00:00:00', '0000-00-00 00:00:00'),
(91, 'Guatemala', 'GT', '0000-00-00 00:00:00', '0000-00-00 00:00:00'),
(92, 'Guernsey', 'GG', '0000-00-00 00:00:00', '0000-00-00 00:00:00'),
(93, 'Guinea', 'GN', '0000-00-00 00:00:00', '0000-00-00 00:00:00'),
(94, 'Guinea-Bissau', 'GW', '0000-00-00 00:00:00', '0000-00-00 00:00:00'),
(95, 'Guyana', 'GY', '0000-00-00 00:00:00', '0000-00-00 00:00:00'),
(96, 'Haiti', 'HT', '0000-00-00 00:00:00', '0000-00-00 00:00:00'),
(97, 'Heard Island and McDonald Islands', 'HM', '0000-00-00 00:00:00', '0000-00-00 00:00:00'),
(98, 'Holy See', 'VA', '0000-00-00 00:00:00', '0000-00-00 00:00:00'),
(99, 'Honduras', 'HN', '0000-00-00 00:00:00', '0000-00-00 00:00:00'),
(100, 'Hong Kong', 'HK', '0000-00-00 00:00:00', '0000-00-00 00:00:00'),
(101, 'Hungary', 'HU', '0000-00-00 00:00:00', '0000-00-00 00:00:00'),
(102, 'Iceland', 'IS', '0000-00-00 00:00:00', '0000-00-00 00:00:00'),
(103, 'India', 'IN', '0000-00-00 00:00:00', '0000-00-00 00:00:00'),
(104, 'Indonesia', 'ID', '0000-00-00 00:00:00', '0000-00-00 00:00:00'),
(105, 'Iran (Islamic Republic of)', 'IR', '0000-00-00 00:00:00', '0000-00-00 00:00:00'),
(106, 'Iraq', 'IQ', '0000-00-00 00:00:00', '0000-00-00 00:00:00'),
(107, 'Ireland', 'IE', '0000-00-00 00:00:00', '0000-00-00 00:00:00'),
(108, 'Isle of Man', 'IM', '0000-00-00 00:00:00', '0000-00-00 00:00:00'),
(109, 'Israel', 'IL', '0000-00-00 00:00:00', '0000-00-00 00:00:00'),
(110, 'Italy', 'IT', '0000-00-00 00:00:00', '0000-00-00 00:00:00'),
(111, 'Jamaica', 'JM', '0000-00-00 00:00:00', '0000-00-00 00:00:00'),
(112, 'Japan', 'JP', '0000-00-00 00:00:00', '0000-00-00 00:00:00'),
(113, 'Jersey', 'JE', '0000-00-00 00:00:00', '0000-00-00 00:00:00'),
(114, 'Jordan', 'JO', '0000-00-00 00:00:00', '0000-00-00 00:00:00'),
(115, 'Kazakhstan', 'KZ', '0000-00-00 00:00:00', '0000-00-00 00:00:00'),
(116, 'Kenya', 'KE', '0000-00-00 00:00:00', '0000-00-00 00:00:00'),
(117, 'Kiribati', 'KI', '0000-00-00 00:00:00', '0000-00-00 00:00:00'),
(118, 'Korea (Democratic People\'s Republic of)', 'KP', '0000-00-00 00:00:00', '0000-00-00 00:00:00'),
(119, 'Korea (Republic of)', 'KR', '0000-00-00 00:00:00', '0000-00-00 00:00:00'),
(120, 'Kuwait', 'KW', '0000-00-00 00:00:00', '0000-00-00 00:00:00'),
(121, 'Kyrgyzstan', 'KG', '0000-00-00 00:00:00', '0000-00-00 00:00:00'),
(122, 'Lao People\'s Democratic Republic', 'LA', '0000-00-00 00:00:00', '0000-00-00 00:00:00'),
(123, 'Latvia', 'LV', '0000-00-00 00:00:00', '0000-00-00 00:00:00'),
(124, 'Lebanon', 'LB', '0000-00-00 00:00:00', '0000-00-00 00:00:00'),
(125, 'Lesotho', 'LS', '0000-00-00 00:00:00', '0000-00-00 00:00:00'),
(126, 'Liberia', 'LR', '0000-00-00 00:00:00', '0000-00-00 00:00:00'),
(127, 'Libya', 'LY', '0000-00-00 00:00:00', '0000-00-00 00:00:00'),
(128, 'Liechtenstein', 'LI', '0000-00-00 00:00:00', '0000-00-00 00:00:00'),
(129, 'Lithuania', 'LT', '0000-00-00 00:00:00', '0000-00-00 00:00:00'),
(130, 'Luxembourg', 'LU', '0000-00-00 00:00:00', '0000-00-00 00:00:00'),
(131, 'Macao', 'MO', '0000-00-00 00:00:00', '0000-00-00 00:00:00'),
(132, 'Macedonia (the former Yugoslav Republic of)', 'MK', '0000-00-00 00:00:00', '0000-00-00 00:00:00'),
(133, 'Madagascar', 'MG', '0000-00-00 00:00:00', '0000-00-00 00:00:00'),
(134, 'Malawi', 'MW', '0000-00-00 00:00:00', '0000-00-00 00:00:00'),
(135, 'Malaysia', 'MY', '0000-00-00 00:00:00', '0000-00-00 00:00:00'),
(136, 'Maldives', 'MV', '0000-00-00 00:00:00', '0000-00-00 00:00:00'),
(137, 'Mali', 'ML', '0000-00-00 00:00:00', '0000-00-00 00:00:00'),
(138, 'Malta', 'MT', '0000-00-00 00:00:00', '0000-00-00 00:00:00'),
(139, 'Marshall Islands', 'MH', '0000-00-00 00:00:00', '0000-00-00 00:00:00'),
(140, 'Martinique', 'MQ', '0000-00-00 00:00:00', '0000-00-00 00:00:00'),
(141, 'Mauritania', 'MR', '0000-00-00 00:00:00', '0000-00-00 00:00:00'),
(142, 'Mauritius', 'MU', '0000-00-00 00:00:00', '0000-00-00 00:00:00'),
(143, 'Mayotte', 'YT', '0000-00-00 00:00:00', '0000-00-00 00:00:00'),
(144, 'Mexico', 'MX', '0000-00-00 00:00:00', '0000-00-00 00:00:00'),
(145, 'Micronesia (Federated States of)', 'FM', '0000-00-00 00:00:00', '0000-00-00 00:00:00'),
(146, 'Moldova (Republic of)', 'MD', '0000-00-00 00:00:00', '0000-00-00 00:00:00'),
(147, 'Monaco', 'MC', '0000-00-00 00:00:00', '0000-00-00 00:00:00'),
(148, 'Mongolia', 'MN', '0000-00-00 00:00:00', '0000-00-00 00:00:00'),
(149, 'Montenegro', 'ME', '0000-00-00 00:00:00', '0000-00-00 00:00:00'),
(150, 'Montserrat', 'MS', '0000-00-00 00:00:00', '0000-00-00 00:00:00'),
(151, 'Morocco', 'MA', '0000-00-00 00:00:00', '0000-00-00 00:00:00'),
(152, 'Mozambique', 'MZ', '0000-00-00 00:00:00', '0000-00-00 00:00:00'),
(153, 'Myanmar', 'MM', '0000-00-00 00:00:00', '0000-00-00 00:00:00'),
(154, 'Namibia', 'NA', '0000-00-00 00:00:00', '0000-00-00 00:00:00'),
(155, 'Nauru', 'NR', '0000-00-00 00:00:00', '0000-00-00 00:00:00'),
(156, 'Nepal', 'NP', '0000-00-00 00:00:00', '0000-00-00 00:00:00'),
(157, 'Netherlands', 'NL', '0000-00-00 00:00:00', '0000-00-00 00:00:00'),
(158, 'New Caledonia', 'NC', '0000-00-00 00:00:00', '0000-00-00 00:00:00'),
(159, 'New Zealand', 'NZ', '0000-00-00 00:00:00', '0000-00-00 00:00:00'),
(160, 'Nicaragua', 'NI', '0000-00-00 00:00:00', '0000-00-00 00:00:00'),
(161, 'Niger', 'NE', '0000-00-00 00:00:00', '0000-00-00 00:00:00'),
(162, 'Nigeria', 'NG', '0000-00-00 00:00:00', '0000-00-00 00:00:00'),
(163, 'Niue', 'NU', '0000-00-00 00:00:00', '0000-00-00 00:00:00'),
(164, 'Norfolk Island', 'NF', '0000-00-00 00:00:00', '0000-00-00 00:00:00'),
(165, 'Northern Mariana Islands', 'MP', '0000-00-00 00:00:00', '0000-00-00 00:00:00'),
(166, 'Norway', 'NO', '0000-00-00 00:00:00', '0000-00-00 00:00:00'),
(167, 'Oman', 'OM', '0000-00-00 00:00:00', '0000-00-00 00:00:00'),
(168, 'Pakistan', 'PK', '0000-00-00 00:00:00', '0000-00-00 00:00:00'),
(169, 'Palau', 'PW', '0000-00-00 00:00:00', '0000-00-00 00:00:00'),
(170, 'Palestine, State of', 'PS', '0000-00-00 00:00:00', '0000-00-00 00:00:00'),
(171, 'Panama', 'PA', '0000-00-00 00:00:00', '0000-00-00 00:00:00'),
(172, 'Papua New Guinea', 'PG', '0000-00-00 00:00:00', '0000-00-00 00:00:00'),
(173, 'Paraguay', 'PY', '0000-00-00 00:00:00', '0000-00-00 00:00:00'),
(174, 'Peru', 'PE', '0000-00-00 00:00:00', '0000-00-00 00:00:00'),
(175, 'Philippines', 'PH', '0000-00-00 00:00:00', '0000-00-00 00:00:00'),
(176, 'Pitcairn', 'PN', '0000-00-00 00:00:00', '0000-00-00 00:00:00'),
(177, 'Poland', 'PL', '0000-00-00 00:00:00', '0000-00-00 00:00:00'),
(178, 'Portugal', 'PT', '0000-00-00 00:00:00', '0000-00-00 00:00:00'),
(179, 'Puerto Rico', 'PR', '0000-00-00 00:00:00', '0000-00-00 00:00:00'),
(180, 'Qatar', 'QA', '0000-00-00 00:00:00', '0000-00-00 00:00:00'),
(181, 'Réunion', 'RE', '0000-00-00 00:00:00', '0000-00-00 00:00:00'),
(182, 'Romania', 'RO', '0000-00-00 00:00:00', '0000-00-00 00:00:00'),
(183, 'Russian Federation', 'RU', '0000-00-00 00:00:00', '0000-00-00 00:00:00'),
(184, 'Rwanda', 'RW', '0000-00-00 00:00:00', '0000-00-00 00:00:00'),
(185, 'Saint Barthélemy', 'BL', '0000-00-00 00:00:00', '0000-00-00 00:00:00'),
(186, 'Saint Helena, Ascension and Tristan da Cunha', 'SH', '0000-00-00 00:00:00', '0000-00-00 00:00:00'),
(187, 'Saint Kitts and Nevis', 'KN', '0000-00-00 00:00:00', '0000-00-00 00:00:00'),
(188, 'Saint Lucia', 'LC', '0000-00-00 00:00:00', '0000-00-00 00:00:00'),
(189, 'Saint Martin (French part)', 'MF', '0000-00-00 00:00:00', '0000-00-00 00:00:00'),
(190, 'Saint Pierre and Miquelon', 'PM', '0000-00-00 00:00:00', '0000-00-00 00:00:00'),
(191, 'Saint Vincent and the Grenadines', 'VC', '0000-00-00 00:00:00', '0000-00-00 00:00:00'),
(192, 'Samoa', 'WS', '0000-00-00 00:00:00', '0000-00-00 00:00:00'),
(193, 'San Marino', 'SM', '0000-00-00 00:00:00', '0000-00-00 00:00:00'),
(194, 'Sao Tome and Principe', 'ST', '0000-00-00 00:00:00', '0000-00-00 00:00:00'),
(195, 'Saudi Arabia', 'SA', '0000-00-00 00:00:00', '0000-00-00 00:00:00'),
(196, 'Senegal', 'SN', '0000-00-00 00:00:00', '0000-00-00 00:00:00'),
(197, 'Serbia', 'RS', '0000-00-00 00:00:00', '0000-00-00 00:00:00'),
(198, 'Seychelles', 'SC', '0000-00-00 00:00:00', '0000-00-00 00:00:00'),
(199, 'Sierra Leone', 'SL', '0000-00-00 00:00:00', '0000-00-00 00:00:00'),
(200, 'Singapore', 'SG', '0000-00-00 00:00:00', '0000-00-00 00:00:00'),
(201, 'Sint Maarten (Dutch part)', 'SX', '0000-00-00 00:00:00', '0000-00-00 00:00:00'),
(202, 'Slovakia', 'SK', '0000-00-00 00:00:00', '0000-00-00 00:00:00'),
(203, 'Slovenia', 'SI', '0000-00-00 00:00:00', '0000-00-00 00:00:00'),
(204, 'Solomon Islands', 'SB', '0000-00-00 00:00:00', '0000-00-00 00:00:00'),
(205, 'Somalia', 'SO', '0000-00-00 00:00:00', '0000-00-00 00:00:00'),
(206, 'South Africa', 'ZA', '0000-00-00 00:00:00', '0000-00-00 00:00:00'),
(207, 'South Georgia and the South Sandwich Islands', 'GS', '0000-00-00 00:00:00', '0000-00-00 00:00:00'),
(208, 'South Sudan', 'SS', '0000-00-00 00:00:00', '0000-00-00 00:00:00'),
(209, 'Spain', 'ES', '0000-00-00 00:00:00', '0000-00-00 00:00:00'),
(210, 'Sri Lanka', 'LK', '0000-00-00 00:00:00', '0000-00-00 00:00:00'),
(211, 'Sudan', 'SD', '0000-00-00 00:00:00', '0000-00-00 00:00:00'),
(212, 'Suriname', 'SR', '0000-00-00 00:00:00', '0000-00-00 00:00:00'),
(213, 'Svalbard and Jan Mayen', 'SJ', '0000-00-00 00:00:00', '0000-00-00 00:00:00'),
(214, 'Swaziland', 'SZ', '0000-00-00 00:00:00', '0000-00-00 00:00:00'),
(215, 'Sweden', 'SE', '0000-00-00 00:00:00', '0000-00-00 00:00:00'),
(216, 'Switzerland', 'CH', '0000-00-00 00:00:00', '0000-00-00 00:00:00'),
(217, 'Syrian Arab Republic', 'SY', '0000-00-00 00:00:00', '0000-00-00 00:00:00'),
(218, 'Taiwan, Province of China', 'TW', '0000-00-00 00:00:00', '0000-00-00 00:00:00'),
(219, 'Tajikistan', 'TJ', '0000-00-00 00:00:00', '0000-00-00 00:00:00'),
(220, 'Tanzania, United Republic of', 'TZ', '0000-00-00 00:00:00', '0000-00-00 00:00:00'),
(221, 'Thailand', 'TH', '0000-00-00 00:00:00', '0000-00-00 00:00:00'),
(222, 'Timor-Leste', 'TL', '0000-00-00 00:00:00', '0000-00-00 00:00:00'),
(223, 'Togo', 'TG', '0000-00-00 00:00:00', '0000-00-00 00:00:00'),
(224, 'Tokelau', 'TK', '0000-00-00 00:00:00', '0000-00-00 00:00:00'),
(225, 'Tonga', 'TO', '0000-00-00 00:00:00', '0000-00-00 00:00:00'),
(226, 'Trinidad and Tobago', 'TT', '0000-00-00 00:00:00', '0000-00-00 00:00:00'),
(227, 'Tunisia', 'TN', '0000-00-00 00:00:00', '0000-00-00 00:00:00'),
(228, 'Turkey', 'TR', '0000-00-00 00:00:00', '0000-00-00 00:00:00'),
(229, 'Turkmenistan', 'TM', '0000-00-00 00:00:00', '0000-00-00 00:00:00'),
(230, 'Turks and Caicos Islands', 'TC', '0000-00-00 00:00:00', '0000-00-00 00:00:00'),
(231, 'Tuvalu', 'TV', '0000-00-00 00:00:00', '0000-00-00 00:00:00'),
(232, 'Uganda', 'UG', '0000-00-00 00:00:00', '0000-00-00 00:00:00'),
(233, 'Ukraine', 'UA', '0000-00-00 00:00:00', '0000-00-00 00:00:00'),
(234, 'United Arab Emirates', 'AE', '0000-00-00 00:00:00', '0000-00-00 00:00:00'),
(235, 'United Kingdom of Great Britain and Northern Ireland', 'GB', '0000-00-00 00:00:00', '0000-00-00 00:00:00'),
(236, 'United States Minor Outlying Islands', 'UM', '0000-00-00 00:00:00', '0000-00-00 00:00:00'),
(237, 'United States of America', 'US', '0000-00-00 00:00:00', '0000-00-00 00:00:00'),
(238, 'Uruguay', 'UY', '0000-00-00 00:00:00', '0000-00-00 00:00:00'),
(239, 'Uzbekistan', 'UZ', '0000-00-00 00:00:00', '0000-00-00 00:00:00'),
(240, 'Vanuatu', 'VU', '0000-00-00 00:00:00', '0000-00-00 00:00:00'),
(241, 'Venezuela (Bolivarian Republic of)', 'VE', '0000-00-00 00:00:00', '0000-00-00 00:00:00'),
(242, 'Viet Nam', 'VN', '0000-00-00 00:00:00', '0000-00-00 00:00:00'),
(243, 'Virgin Islands (British)', 'VG', '0000-00-00 00:00:00', '0000-00-00 00:00:00'),
(244, 'Virgin Islands (U.S.)', 'VI', '0000-00-00 00:00:00', '0000-00-00 00:00:00'),
(245, 'Wallis and Futuna', 'WF', '0000-00-00 00:00:00', '0000-00-00 00:00:00'),
(246, 'Western Sahara', 'EH', '0000-00-00 00:00:00', '0000-00-00 00:00:00'),
(247, 'Yemen', 'YE', '0000-00-00 00:00:00', '0000-00-00 00:00:00'),
(248, 'Zambia', 'ZM', '0000-00-00 00:00:00', '0000-00-00 00:00:00'),
(249, 'Zimbabwe', 'ZW', '0000-00-00 00:00:00', '0000-00-00 00:00:00');

-- --------------------------------------------------------

--
-- Table structure for table `custom_pages`
--

CREATE TABLE `custom_pages` (
  `id` bigint(20) UNSIGNED NOT NULL,
  `page_name` longtext COLLATE utf8mb4_unicode_ci NOT NULL,
  `slug` varchar(191) COLLATE utf8mb4_unicode_ci NOT NULL,
  `description` longtext COLLATE utf8mb4_unicode_ci NOT NULL,
  `status` tinyint(4) NOT NULL,
  `created_at` timestamp NULL DEFAULT NULL,
  `updated_at` timestamp NULL DEFAULT NULL
) ENGINE=InnoDB DEFAULT CHARSET=utf8mb4 COLLATE=utf8mb4_unicode_ci;

--
-- Dumping data for table `custom_pages`
--

INSERT INTO `custom_pages` (`id`, `page_name`, `slug`, `description`, `status`, `created_at`, `updated_at`) VALUES
(1, 'Custom Page One', 'custom-page-one', '<p>Welcome to our eCommerce store, where you can find a wide range of products to suit your needs. Whether you are looking for fashion items, gadgets, or home d&eacute;cor, we have got you covered. Welcome to our eCommerce store, where you can find a wide range of products to suit your needs. Whether you are looking for fashion items, gadgets, or home d&eacute;cor, we have got you covered.</p>\r\n<p>We take pride in providing our customers with a seamless shopping experience. Our website is easy to navigate, and our product pages provide all the information you need to make an informed decision. We also offer multiple payment options to ensure that you can make your purchase with ease.Welcome to our eCommerce store, where you can find a wide range of products to suit your needs. Whether you are looking for fashion items, gadgets, or home d&eacute;cor, we have got you covered.</p>\r\n<p>Our customer service team is always available to answer any questions you may have. Whether you need help choosing the right size, tracking your order, or making a return, we are here to assist you.Welcome to our eCommerce store, where you can find a wide range of products to suit your needs. Whether you are looking for fashion items, gadgets, or home d&eacute;cor, we have got you covered.Welcome to our eCommerce store, where you can find a wide range of products to suit your needs. Whether you are looking for fashion items, gadgets, or home d&eacute;cor, we have got you covered.</p>\r\n<p>So why wait? Start browsing our store today and discover the convenience of online shopping. With our fast and reliable delivery service, you can have your purchases delivered to your doorstep in no time. Thank you for choosing our store, and we look forward to serving you!Welcome to our eCommerce store, where you can find a wide range of products to suit your needs. Whether you are looking for fashion items, gadgets, or home d&eacute;cor, we have got you covered.</p>', 1, '2022-11-03 06:16:09', '2023-03-22 10:52:37'),
(2, 'Custom Page Two', 'custom-page-two', '<p>Welcome to our eCommerce store, where you can find a wide range of products to suit your needs. Whether you are looking for fashion items, gadgets, or home d&eacute;cor, we have got you covered. Welcome to our eCommerce store, where you can find a wide range of products to suit your needs. Whether you are looking for fashion items, gadgets, or home d&eacute;cor, we have got you covered.</p>\r\n<p>We take pride in providing our customers with a seamless shopping experience. Our website is easy to navigate, and our product pages provide all the information you need to make an informed decision. We also offer multiple payment options to ensure that you can make your purchase with ease.Welcome to our eCommerce store, where you can find a wide range of products to suit your needs. Whether you are looking for fashion items, gadgets, or home d&eacute;cor, we have got you covered.</p>\r\n<p>Our customer service team is always available to answer any questions you may have. Whether you need help choosing the right size, tracking your order, or making a return, we are here to assist you.Welcome to our eCommerce store, where you can find a wide range of products to suit your needs. Whether you are looking for fashion items, gadgets, or home d&eacute;cor, we have got you covered.Welcome to our eCommerce store, where you can find a wide range of products to suit your needs. Whether you are looking for fashion items, gadgets, or home d&eacute;cor, we have got you covered.</p>\r\n<p>So why wait? Start browsing our store today and discover the convenience of online shopping. With our fast and reliable delivery service, you can have your purchases delivered to your doorstep in no time. Thank you for choosing our store, and we look forward to serving you!Welcome to our eCommerce store, where you can find a wide range of products to suit your needs. Whether you are looking for fashion items, gadgets, or home d&eacute;cor, we have got you covered.</p>', 1, '2022-11-15 17:15:44', '2023-03-22 10:52:48');

-- --------------------------------------------------------

--
-- Table structure for table `custom_paginations`
--

CREATE TABLE `custom_paginations` (
  `id` bigint(20) UNSIGNED NOT NULL,
  `page_name` varchar(255) COLLATE utf8mb4_unicode_ci NOT NULL,
  `qty` int(11) NOT NULL DEFAULT 1,
  `created_at` timestamp NULL DEFAULT NULL,
  `updated_at` timestamp NULL DEFAULT NULL
) ENGINE=InnoDB DEFAULT CHARSET=utf8mb4 COLLATE=utf8mb4_unicode_ci;

--
-- Dumping data for table `custom_paginations`
--

INSERT INTO `custom_paginations` (`id`, `page_name`, `qty`, `created_at`, `updated_at`) VALUES
(1, 'Blog Page', 6, NULL, '2022-11-15 21:45:36'),
(2, 'Product Page', 9, NULL, '2022-11-15 21:45:59'),
(3, 'Brand Page', 10, NULL, '2022-11-03 06:53:14'),
(4, 'Blog Comment', 6, NULL, '2022-11-03 06:53:46'),
(5, 'Product Review', 8, NULL, '2022-06-11 11:13:13'),
(6, 'Seller page', 8, NULL, '2022-06-11 11:13:13');

-- --------------------------------------------------------

--
-- Table structure for table `email_templates`
--

CREATE TABLE `email_templates` (
  `id` bigint(20) UNSIGNED NOT NULL,
  `name` text COLLATE utf8mb4_unicode_ci DEFAULT NULL,
  `subject` text COLLATE utf8mb4_unicode_ci DEFAULT NULL,
  `description` text COLLATE utf8mb4_unicode_ci DEFAULT NULL,
  `created_at` timestamp NULL DEFAULT NULL,
  `updated_at` timestamp NULL DEFAULT NULL
) ENGINE=InnoDB DEFAULT CHARSET=utf8mb4 COLLATE=utf8mb4_unicode_ci;

--
-- Dumping data for table `email_templates`
--

INSERT INTO `email_templates` (`id`, `name`, `subject`, `description`, `created_at`, `updated_at`) VALUES
(1, 'Password Reset', 'Password Reset', '<h4>Dear <b>{{name}}</b>,</h4>\\r\\n    <p>Do you want to reset your password? Please Copy and past this code</p>', NULL, '2022-06-11 10:43:01'),
(2, 'Contact Email', 'Contact Email', '<p>Name: <b>{{name}}</b></p><p>\r\n\r\nEmail: <b>{{email}}</b></p><p>\r\n\r\nPhone: <b>{{phone}}</b></p><p><span style=\"background-color: transparent;\">Subject: <b>{{subject}}</b></span></p><p>\r\n\r\nMessage: <b>{{message}}</b></p>', NULL, '2021-12-10 23:44:34'),
(3, 'Subscribe Notification', 'Subscribe Notification', '<h2><b>Hi there</b>,</h2><p>\r\nCongratulations! Your Subscription has been created successfully. Please copy and past this code and Verified Your Subscription. If you won\'t verified, after 24hourse your subscription will be deny</p>', NULL, '2021-12-10 23:44:53'),
(4, 'User Verification', 'User Verification', '<p>Dear <b>{{user_name}}</b>,\r\n</p><p>Congratulations! Your Account has been created successfully. Please copy and past and Active your Account.</p>', NULL, '2021-12-10 23:45:25'),
(5, 'Seller Withdraw', 'Seller Withdraw Approval', '<p>Hi <b>{{seller_name}}</b>,</p><p>Your withdraw Request Approval successfully. Please check your account.</p><p>Withdraw Details:</p><p>Withdraw method : <b>{{withdraw_method}}</b>,</p><p>Total Amount :<b> {{total_amount}}</b>,</p><p>Withdraw charge : <b>{{withdraw_charge}}</b>,</p><p>Withdraw&nbsp; Amount : <b>{{withdraw_amount}}</b>,</p><p>Approval Date :<b> {{approval_date}}</b></p>', NULL, '2021-12-26 03:24:45'),
(6, 'Order Successfully', 'Order Successfully', '<p>Hi {{user_name}},</p><p> \r\nThanks for your new order. Your order id has been submited .</p><p>Total Amount : {{total_amount}},</p><p>Payment Method : {{payment_method}},</p><p>Payment Status : {{payment_status}},</p><p>Order Status : {{order_status}},</p><p>Order Date: {{order_date}},</p><p>Order Detail: {{order_detail}}</p>', NULL, '2022-01-10 21:37:03'),
(7, 'Seller Request Approved', 'Seller Request Approved', '<p>Hi {{name}},\r\n</p><p><span style=\"background-color: transparent;\">Congratulations !!&nbsp;</span>Your Shop account has been approved successfully</p>', NULL, '2022-02-05 08:59:34');

-- --------------------------------------------------------

--
-- Table structure for table `error_pages`
--

CREATE TABLE `error_pages` (
  `id` bigint(20) UNSIGNED NOT NULL,
  `page_name` varchar(255) COLLATE utf8mb4_unicode_ci NOT NULL,
  `image` varchar(255) COLLATE utf8mb4_unicode_ci DEFAULT NULL,
  `header` varchar(255) COLLATE utf8mb4_unicode_ci NOT NULL,
  `button_text` varchar(255) COLLATE utf8mb4_unicode_ci NOT NULL,
  `created_at` timestamp NULL DEFAULT NULL,
  `updated_at` timestamp NULL DEFAULT NULL
) ENGINE=InnoDB DEFAULT CHARSET=utf8mb4 COLLATE=utf8mb4_unicode_ci;

--
-- Dumping data for table `error_pages`
--

INSERT INTO `error_pages` (`id`, `page_name`, `image`, `header`, `button_text`, `created_at`, `updated_at`) VALUES
(1, '404 Error', 'uploads/website-images/errorpage-2022-12-11-11-17-14-2735.png', 'That Page Doesn\'t Exist!', '', NULL, '2022-12-11 16:17:14'),
(2, '500 Error', '500.jpg', 'That Page Doesn\'t Exist!', 'Go to Home', NULL, '2021-12-06 09:46:52'),
(3, '505 Error', '505.jpg', 'That Page Doesn\'t Exist!', 'Go to Home', NULL, '2021-12-06 09:46:57');

-- --------------------------------------------------------

--
-- Table structure for table `facebook_comments`
--

CREATE TABLE `facebook_comments` (
  `id` bigint(20) UNSIGNED NOT NULL,
  `app_id` varchar(255) COLLATE utf8mb4_unicode_ci DEFAULT NULL,
  `comment_type` int(11) NOT NULL DEFAULT 1,
  `created_at` timestamp NULL DEFAULT NULL,
  `updated_at` timestamp NULL DEFAULT NULL
) ENGINE=InnoDB DEFAULT CHARSET=utf8mb4 COLLATE=utf8mb4_unicode_ci;

--
-- Dumping data for table `facebook_comments`
--

INSERT INTO `facebook_comments` (`id`, `app_id`, `comment_type`, `created_at`, `updated_at`) VALUES
(1, 'test', 1, NULL, '2022-06-11 11:07:29');

-- --------------------------------------------------------

--
-- Table structure for table `facebook_pixels`
--

CREATE TABLE `facebook_pixels` (
  `id` bigint(20) UNSIGNED NOT NULL,
  `status` int(11) NOT NULL DEFAULT 0,
  `app_id` varchar(255) COLLATE utf8mb4_unicode_ci DEFAULT NULL,
  `created_at` timestamp NULL DEFAULT NULL,
  `updated_at` timestamp NULL DEFAULT NULL
) ENGINE=InnoDB DEFAULT CHARSET=utf8mb4 COLLATE=utf8mb4_unicode_ci;

--
-- Dumping data for table `facebook_pixels`
--

INSERT INTO `facebook_pixels` (`id`, `status`, `app_id`, `created_at`, `updated_at`) VALUES
(1, 1, 'fsdf45sdf4sdf', NULL, '2022-06-11 11:17:42');

-- --------------------------------------------------------

--
-- Table structure for table `failed_jobs`
--

CREATE TABLE `failed_jobs` (
  `id` bigint(20) UNSIGNED NOT NULL,
  `uuid` varchar(255) COLLATE utf8mb4_unicode_ci NOT NULL,
  `connection` text COLLATE utf8mb4_unicode_ci NOT NULL,
  `queue` text COLLATE utf8mb4_unicode_ci NOT NULL,
  `payload` longtext COLLATE utf8mb4_unicode_ci NOT NULL,
  `exception` longtext COLLATE utf8mb4_unicode_ci NOT NULL,
  `failed_at` timestamp NOT NULL DEFAULT current_timestamp()
) ENGINE=InnoDB DEFAULT CHARSET=utf8mb4 COLLATE=utf8mb4_unicode_ci;

-- --------------------------------------------------------

--
-- Table structure for table `faqs`
--

CREATE TABLE `faqs` (
  `id` bigint(20) UNSIGNED NOT NULL,
  `question` varchar(255) COLLATE utf8mb4_unicode_ci DEFAULT NULL,
  `answer` text COLLATE utf8mb4_unicode_ci DEFAULT NULL,
  `status` int(11) NOT NULL DEFAULT 1,
  `created_at` timestamp NULL DEFAULT NULL,
  `updated_at` timestamp NULL DEFAULT NULL
) ENGINE=InnoDB DEFAULT CHARSET=utf8mb4 COLLATE=utf8mb4_unicode_ci;

--
-- Dumping data for table `faqs`
--

INSERT INTO `faqs` (`id`, `question`, `answer`, `status`, `created_at`, `updated_at`) VALUES
(2, 'How do I place an order on your website?', '<p style=\"margin-right: 0px; margin-bottom: 15px; margin-left: 0px; padding: 0px; text-align: justify;\">To place an order on our website, simply browse our products and add the items you want to your cart. Once you are ready to checkout, follow the prompts to enter your shipping and payment information. Once your order is confirmed, we will process and ship it to you as soon as possible.</p>\r\n<p>&nbsp;</p>', 1, '2022-09-22 13:27:39', '2023-03-22 11:02:11'),
(3, 'How can I track my order?', '<p>Once your order has been shipped, we will provide you with a tracking number that you can use to track your package. You can use this number to track your package on our website or through the carrier\'s website.</p>', 1, '2022-09-22 13:28:08', '2023-03-22 11:02:23'),
(4, 'What payment methods do you accept?', '<p>We accept a variety of payment methods, including credit and debit cards, PayPal, and other third-party payment platforms. All payments are processed securely to ensure the safety of your personal information.</p>', 1, '2022-09-22 13:28:20', '2023-03-22 11:02:36'),
(5, 'What is your return policy?', '<p>We want you to be completely satisfied with your purchase, so we offer a hassle-free return policy. If you are not satisfied with your purchase, you can return it within a certain timeframe for a refund or exchange. Please see our returns policy page for more information.</p>', 1, '2022-09-22 13:28:36', '2023-03-22 11:02:49'),
(6, 'Do you offer international shipping?', '<p>Yes, we offer international shipping to many countries around the world. However, shipping times and fees may vary depending on your location. Please check our shipping policy page for more information about international shipping.</p>\r\n<p>&nbsp;</p>', 1, '2022-10-30 21:26:43', '2023-03-22 11:03:02');

-- --------------------------------------------------------

--
-- Table structure for table `featured_categories`
--

CREATE TABLE `featured_categories` (
  `id` bigint(20) UNSIGNED NOT NULL,
  `category_id` int(11) NOT NULL,
  `created_at` timestamp NULL DEFAULT NULL,
  `updated_at` timestamp NULL DEFAULT NULL
) ENGINE=InnoDB DEFAULT CHARSET=utf8mb4 COLLATE=utf8mb4_unicode_ci;

--
-- Dumping data for table `featured_categories`
--

INSERT INTO `featured_categories` (`id`, `category_id`, `created_at`, `updated_at`) VALUES
(1, 10, '2022-09-21 08:43:30', '2022-09-21 08:43:30'),
(2, 4, '2022-09-21 08:43:37', '2022-09-21 08:43:37');

-- --------------------------------------------------------

--
-- Table structure for table `flash_sales`
--

CREATE TABLE `flash_sales` (
  `id` bigint(20) UNSIGNED NOT NULL,
  `title` varchar(255) COLLATE utf8mb4_unicode_ci NOT NULL,
  `description` text COLLATE utf8mb4_unicode_ci DEFAULT NULL,
  `homepage_image` varchar(255) COLLATE utf8mb4_unicode_ci NOT NULL,
  `flashsale_page_image` varchar(255) COLLATE utf8mb4_unicode_ci NOT NULL,
  `end_time` datetime NOT NULL,
  `offer` double NOT NULL,
  `status` int(11) NOT NULL DEFAULT 0,
  `created_at` timestamp NULL DEFAULT NULL,
  `updated_at` timestamp NULL DEFAULT NULL
) ENGINE=InnoDB DEFAULT CHARSET=utf8mb4 COLLATE=utf8mb4_unicode_ci;

--
-- Dumping data for table `flash_sales`
--

INSERT INTO `flash_sales` (`id`, `title`, `description`, `homepage_image`, `flashsale_page_image`, `end_time`, `offer`, `status`, `created_at`, `updated_at`) VALUES
(1, 'WOO! Flash Sale', 'You get into the 2k+ best Products in Flash offer with as in shaped sofa for sale.', 'uploads/website-images/flash_sale--2022-10-26-12-05-45-2348.png', 'uploads/website-images/flash_sale--2022-09-20-10-54-12-8555.png', '2025-09-14 14:57:00', 20, 1, NULL, '2022-10-26 16:06:08');

-- --------------------------------------------------------

--
-- Table structure for table `flash_sale_products`
--

CREATE TABLE `flash_sale_products` (
  `id` bigint(20) UNSIGNED NOT NULL,
  `product_id` int(11) NOT NULL,
  `status` int(11) NOT NULL DEFAULT 0,
  `created_at` timestamp NULL DEFAULT NULL,
  `updated_at` timestamp NULL DEFAULT NULL
) ENGINE=InnoDB DEFAULT CHARSET=utf8mb4 COLLATE=utf8mb4_unicode_ci;

--
-- Dumping data for table `flash_sale_products`
--

INSERT INTO `flash_sale_products` (`id`, `product_id`, `status`, `created_at`, `updated_at`) VALUES
(1, 1, 1, '2022-09-20 08:02:41', '2022-09-20 08:02:41'),
(2, 2, 1, '2022-09-20 08:02:45', '2022-09-20 08:02:45'),
(3, 3, 1, '2022-09-20 08:02:48', '2022-09-20 08:02:48'),
(4, 4, 1, '2022-09-20 08:02:52', '2022-09-20 08:02:52'),
(5, 8, 1, '2022-09-20 08:02:56', '2022-09-20 08:02:56'),
(6, 9, 1, '2022-09-20 08:03:01', '2022-09-20 08:03:01'),
(7, 11, 1, '2022-09-20 08:03:05', '2022-09-20 08:03:05');

-- --------------------------------------------------------

--
-- Table structure for table `footers`
--

CREATE TABLE `footers` (
  `id` bigint(20) UNSIGNED NOT NULL,
  `phone` varchar(255) COLLATE utf8mb4_unicode_ci DEFAULT NULL,
  `email` varchar(255) COLLATE utf8mb4_unicode_ci DEFAULT NULL,
  `address` varchar(255) COLLATE utf8mb4_unicode_ci DEFAULT NULL,
  `first_column` varchar(255) COLLATE utf8mb4_unicode_ci DEFAULT NULL,
  `second_column` varchar(255) COLLATE utf8mb4_unicode_ci DEFAULT NULL,
  `third_column` varchar(255) COLLATE utf8mb4_unicode_ci DEFAULT NULL,
  `copyright` varchar(191) COLLATE utf8mb4_unicode_ci DEFAULT NULL,
  `background_image` varchar(191) COLLATE utf8mb4_unicode_ci DEFAULT NULL,
  `created_at` timestamp NULL DEFAULT NULL,
  `updated_at` timestamp NULL DEFAULT NULL
) ENGINE=InnoDB DEFAULT CHARSET=utf8mb4 COLLATE=utf8mb4_unicode_ci;

--
-- Dumping data for table `footers`
--

INSERT INTO `footers` (`id`, `phone`, `email`, `address`, `first_column`, `second_column`, `third_column`, `copyright`, `background_image`, `created_at`, `updated_at`) VALUES
(1, '08608896828', 'abdur.rohman2003@gmail.com', 'Noakhali, Dhaka Bangaldesh', 'Important Links', 'General Links', 'Contact Info', '©2023 QuomodoTheme All rights reserved', 'uploads/website-images/payment-card-2022-12-06-03-36-53-4540.png', NULL, '2023-03-23 08:58:37');

-- --------------------------------------------------------

--
-- Table structure for table `footer_links`
--

CREATE TABLE `footer_links` (
  `id` bigint(20) UNSIGNED NOT NULL,
  `column` varchar(255) COLLATE utf8mb4_unicode_ci DEFAULT NULL,
  `link` varchar(255) COLLATE utf8mb4_unicode_ci DEFAULT NULL,
  `title` varchar(255) COLLATE utf8mb4_unicode_ci DEFAULT NULL,
  `created_at` timestamp NULL DEFAULT NULL,
  `updated_at` timestamp NULL DEFAULT NULL
) ENGINE=InnoDB DEFAULT CHARSET=utf8mb4 COLLATE=utf8mb4_unicode_ci;

--
-- Dumping data for table `footer_links`
--

INSERT INTO `footer_links` (`id`, `column`, `link`, `title`, `created_at`, `updated_at`) VALUES
(1, '1', '/about', 'About Us', '2022-09-20 08:19:02', '2022-11-01 14:49:14'),
(2, '1', '/privacy-policy', 'Privacy Policy', '2022-09-20 08:19:15', '2022-11-01 14:54:01'),
(3, '1', '/faq', 'FAQ', '2022-09-20 08:19:24', '2022-11-01 14:54:29'),
(4, '2', '/blogs', 'Blog', '2022-09-20 08:19:38', '2022-11-01 14:49:47'),
(5, '2', '/sellers', 'Shop', '2022-09-20 08:19:46', '2022-11-01 14:50:15'),
(6, '2', '/faq', 'Support', '2022-09-20 08:19:52', '2022-11-01 14:50:06'),
(7, '3', '/tracking-order', 'Track Order', '2022-09-20 08:20:05', '2022-11-01 15:22:50'),
(8, '3', '/terms-condition', 'Delivery & Returns', '2022-09-20 08:20:11', '2023-03-23 08:59:24'),
(9, '3', '/contact', 'Contact Us', '2022-09-20 08:20:19', '2022-11-01 14:51:34'),
(10, '2', '/products?highlight=best_product', 'Best Deals', '2022-11-01 14:52:42', '2022-11-01 14:52:42'),
(11, '1', '/terms-condition', 'Terms and Condition', '2022-11-01 14:55:00', '2022-11-01 14:55:00'),
(12, '3', '/flash-sale', 'Flash Sale', '2022-11-01 15:35:49', '2022-11-01 15:35:49');

-- --------------------------------------------------------

--
-- Table structure for table `footer_social_links`
--

CREATE TABLE `footer_social_links` (
  `id` bigint(20) UNSIGNED NOT NULL,
  `link` varchar(255) COLLATE utf8mb4_unicode_ci DEFAULT NULL,
  `icon` varchar(255) COLLATE utf8mb4_unicode_ci DEFAULT NULL,
  `created_at` timestamp NULL DEFAULT NULL,
  `updated_at` timestamp NULL DEFAULT NULL
) ENGINE=InnoDB DEFAULT CHARSET=utf8mb4 COLLATE=utf8mb4_unicode_ci;

--
-- Dumping data for table `footer_social_links`
--

INSERT INTO `footer_social_links` (`id`, `link`, `icon`, `created_at`, `updated_at`) VALUES
(1, 'https://www.facebook.com/', 'fab fa-facebook-f', '2022-09-20 08:18:12', '2022-09-20 08:18:12'),
(2, 'https://twitter.com/mexuv', 'fab fa-twitter', '2022-09-20 08:18:29', '2022-09-28 04:35:50'),
(3, 'https://linkedin.com/', 'fab fa-linkedin', '2022-09-20 08:18:43', '2022-09-20 08:18:43');

-- --------------------------------------------------------

--
-- Table structure for table `google_analytics`
--

CREATE TABLE `google_analytics` (
  `id` bigint(20) UNSIGNED NOT NULL,
  `analytic_id` varchar(255) COLLATE utf8mb4_unicode_ci DEFAULT NULL,
  `status` int(11) NOT NULL,
  `created_at` timestamp NULL DEFAULT NULL,
  `updated_at` timestamp NULL DEFAULT NULL
) ENGINE=InnoDB DEFAULT CHARSET=utf8mb4 COLLATE=utf8mb4_unicode_ci;

--
-- Dumping data for table `google_analytics`
--

INSERT INTO `google_analytics` (`id`, `analytic_id`, `status`, `created_at`, `updated_at`) VALUES
(1, '5248-fd-5fds', 1, NULL, '2022-06-11 11:10:27');

-- --------------------------------------------------------

--
-- Table structure for table `home_page_one_visibilities`
--

CREATE TABLE `home_page_one_visibilities` (
  `id` bigint(20) UNSIGNED NOT NULL,
  `default_name` varchar(255) COLLATE utf8mb4_unicode_ci NOT NULL,
  `section_name` varchar(255) COLLATE utf8mb4_unicode_ci DEFAULT NULL,
  `status` int(11) NOT NULL DEFAULT 1,
  `qty` int(11) DEFAULT 1,
  `created_at` timestamp NULL DEFAULT NULL,
  `updated_at` timestamp NULL DEFAULT NULL
) ENGINE=InnoDB DEFAULT CHARSET=utf8mb4 COLLATE=utf8mb4_unicode_ci;

--
-- Dumping data for table `home_page_one_visibilities`
--

INSERT INTO `home_page_one_visibilities` (`id`, `default_name`, `section_name`, `status`, `qty`, `created_at`, `updated_at`) VALUES
(1, 'Slider', 'Slider', 1, 6, NULL, '2022-06-14 06:30:37'),
(2, 'Our Service', 'Our Service', 1, 6, NULL, '2022-06-14 06:29:47'),
(4, 'Popular Category', 'Popular Categories', 1, 24, NULL, '2022-06-14 06:29:47'),
(5, 'Brand', 'Our Brand', 1, 12, NULL, '2022-06-14 06:29:47'),
(6, 'Top Rated Product', 'Top Rated Product', 1, 16, NULL, '2022-06-14 06:29:47'),
(7, 'Best Seller', 'Best Sellers', 1, 8, NULL, '2022-06-14 06:29:47'),
(8, 'Featured Product', 'Featured Products', 1, 15, NULL, '2022-06-14 06:29:47'),
(9, 'New Arrival', 'New Arrival', 1, 19, NULL, '2022-06-14 06:29:47'),
(10, 'Best Product', 'Best Product', 1, 16, NULL, '2022-06-14 06:29:47');

-- --------------------------------------------------------

--
-- Table structure for table `inventories`
--

CREATE TABLE `inventories` (
  `id` bigint(20) UNSIGNED NOT NULL,
  `product_id` int(11) NOT NULL,
  `stock_in` varchar(255) COLLATE utf8mb4_unicode_ci NOT NULL,
  `created_at` timestamp NULL DEFAULT NULL,
  `updated_at` timestamp NULL DEFAULT NULL
) ENGINE=InnoDB DEFAULT CHARSET=utf8mb4 COLLATE=utf8mb4_unicode_ci;

--
-- Dumping data for table `inventories`
--

INSERT INTO `inventories` (`id`, `product_id`, `stock_in`, `created_at`, `updated_at`) VALUES
(2, 38, '100', '2023-03-07 03:20:53', '2023-03-07 03:20:53'),
(3, 38, '50', '2023-03-07 03:21:02', '2023-03-07 03:21:02'),
(4, 38, '80', '2023-03-07 03:21:08', '2023-03-07 03:21:08'),
(5, 13, '200', '2023-03-07 03:21:20', '2023-03-07 03:21:20'),
(7, 37, '5', '2023-03-07 03:29:50', '2023-03-07 03:29:50'),
(8, 37, '10', '2023-03-07 03:30:01', '2023-03-07 03:30:01'),
(9, 37, '15', '2023-03-07 03:30:08', '2023-03-07 03:30:08'),
(10, 36, '20', '2023-03-07 03:30:19', '2023-03-07 03:30:19'),
(11, 36, '150', '2023-03-07 03:30:25', '2023-03-07 03:30:25');

-- --------------------------------------------------------

--
-- Table structure for table `maintainance_texts`
--

CREATE TABLE `maintainance_texts` (
  `id` bigint(20) UNSIGNED NOT NULL,
  `status` int(10) NOT NULL DEFAULT 0,
  `image` varchar(255) COLLATE utf8mb4_unicode_ci NOT NULL,
  `description` text COLLATE utf8mb4_unicode_ci DEFAULT NULL,
  `created_at` timestamp NULL DEFAULT NULL,
  `updated_at` timestamp NULL DEFAULT NULL
) ENGINE=InnoDB DEFAULT CHARSET=utf8mb4 COLLATE=utf8mb4_unicode_ci;

--
-- Dumping data for table `maintainance_texts`
--

INSERT INTO `maintainance_texts` (`id`, `status`, `image`, `description`, `created_at`, `updated_at`) VALUES
(1, 0, 'uploads/website-images/maintainance-mode-2022-12-12-03-03-31-1726.png', 'We are upgrading our site. We will come back soon. Please stay with us. Thank you.', NULL, '2022-12-12 20:04:00');

-- --------------------------------------------------------

--
-- Table structure for table `mega_menu_categories`
--

CREATE TABLE `mega_menu_categories` (
  `id` bigint(20) UNSIGNED NOT NULL,
  `category_id` int(11) NOT NULL,
  `status` int(11) NOT NULL DEFAULT 0,
  `serial` int(11) NOT NULL DEFAULT 0,
  `created_at` timestamp NULL DEFAULT NULL,
  `updated_at` timestamp NULL DEFAULT NULL
) ENGINE=InnoDB DEFAULT CHARSET=utf8mb4 COLLATE=utf8mb4_unicode_ci;

--
-- Dumping data for table `mega_menu_categories`
--

INSERT INTO `mega_menu_categories` (`id`, `category_id`, `status`, `serial`, `created_at`, `updated_at`) VALUES
(1, 1, 1, 1, '2022-09-20 07:06:01', '2022-09-20 07:06:01'),
(2, 2, 1, 2, '2022-09-20 07:07:39', '2022-09-20 07:07:39'),
(3, 10, 1, 3, '2022-09-20 07:11:07', '2022-09-20 07:11:07');

-- --------------------------------------------------------

--
-- Table structure for table `mega_menu_sub_categories`
--

CREATE TABLE `mega_menu_sub_categories` (
  `id` bigint(20) UNSIGNED NOT NULL,
  `mega_menu_category_id` int(11) NOT NULL,
  `sub_category_id` int(10) NOT NULL,
  `status` int(11) NOT NULL DEFAULT 0,
  `serial` int(11) NOT NULL DEFAULT 0,
  `created_at` timestamp NULL DEFAULT NULL,
  `updated_at` timestamp NULL DEFAULT NULL
) ENGINE=InnoDB DEFAULT CHARSET=utf8mb4 COLLATE=utf8mb4_unicode_ci;

--
-- Dumping data for table `mega_menu_sub_categories`
--

INSERT INTO `mega_menu_sub_categories` (`id`, `mega_menu_category_id`, `sub_category_id`, `status`, `serial`, `created_at`, `updated_at`) VALUES
(1, 1, 1, 1, 1, '2022-09-20 07:06:23', '2022-09-20 07:06:23'),
(2, 1, 2, 1, 2, '2022-09-20 07:06:34', '2022-09-20 07:06:34'),
(3, 1, 3, 1, 3, '2022-09-20 07:06:47', '2022-09-20 07:06:47'),
(4, 2, 4, 1, 1, '2022-09-20 07:10:04', '2022-09-20 07:10:04'),
(5, 2, 5, 1, 2, '2022-09-20 07:10:18', '2022-09-20 07:10:18'),
(6, 2, 6, 1, 3, '2022-09-20 07:10:29', '2022-09-20 07:10:29'),
(7, 3, 7, 1, 1, '2022-09-20 07:12:13', '2022-09-20 07:12:13'),
(8, 3, 8, 1, 2, '2022-09-20 07:12:22', '2022-09-20 07:12:22'),
(9, 3, 9, 1, 3, '2022-09-20 07:12:29', '2022-09-20 07:12:29');

-- --------------------------------------------------------

--
-- Table structure for table `menu_visibilities`
--

CREATE TABLE `menu_visibilities` (
  `id` bigint(20) UNSIGNED NOT NULL,
  `menu_name` varchar(255) COLLATE utf8mb4_unicode_ci DEFAULT NULL,
  `status` int(11) NOT NULL DEFAULT 1,
  `created_at` timestamp NULL DEFAULT NULL,
  `updated_at` timestamp NULL DEFAULT NULL
) ENGINE=InnoDB DEFAULT CHARSET=utf8mb4 COLLATE=utf8mb4_unicode_ci;

--
-- Dumping data for table `menu_visibilities`
--

INSERT INTO `menu_visibilities` (`id`, `menu_name`, `status`, `created_at`, `updated_at`) VALUES
(1, 'Home', 1, NULL, '2022-01-23 20:05:32'),
(2, 'Shop', 1, NULL, '2022-01-23 20:05:31'),
(3, 'Mega Menu', 1, NULL, '2022-01-16 20:51:23'),
(4, 'Sellers', 1, NULL, '2022-01-16 20:52:31'),
(5, 'Blog', 1, NULL, '2022-01-16 20:52:32'),
(6, 'Campaign', 1, NULL, '2022-01-16 20:52:33'),
(7, 'Pages', 1, NULL, '2022-01-16 20:52:34'),
(8, 'About us', 1, NULL, '2022-01-16 20:57:27'),
(9, 'Contact Us', 1, NULL, '2022-01-16 20:57:28'),
(10, 'Checkout', 1, NULL, '2022-01-16 20:57:29'),
(11, 'Brand', 1, NULL, '2022-01-16 20:57:25'),
(12, 'FAQ', 1, NULL, '2022-01-16 20:57:26'),
(13, 'Privacy Policy', 1, NULL, '2022-01-16 20:57:23'),
(14, 'Terms and Conditions', 1, NULL, '2022-01-16 20:57:22'),
(15, 'Track Order', 1, NULL, '2022-01-16 20:52:29'),
(16, 'Flash Deal', 1, NULL, '2022-01-16 20:52:28'),
(17, 'My Account', 1, NULL, '2022-01-16 20:04:54'),
(18, 'Login/Register', 1, NULL, '2022-01-16 20:04:47'),
(19, 'Shopping Cart', 1, NULL, '2022-01-16 20:09:28'),
(20, 'Compare', 1, NULL, '2022-01-16 20:37:54'),
(21, 'Wishlist', 1, NULL, '2022-01-16 20:37:55'),
(22, 'Topbar Phone', 1, NULL, '2022-01-16 20:02:07'),
(23, 'Menu Phone', 1, NULL, '2022-01-16 20:08:00'),
(24, 'Categories', 1, NULL, '2022-01-16 23:52:39'),
(25, 'Search', 1, NULL, '2022-01-16 20:37:56');

-- --------------------------------------------------------

--
-- Table structure for table `messages`
--

CREATE TABLE `messages` (
  `id` bigint(20) UNSIGNED NOT NULL,
  `customer_id` int(11) NOT NULL,
  `seller_id` int(11) NOT NULL,
  `message` text COLLATE utf8mb4_unicode_ci NOT NULL,
  `customer_read_msg` int(11) NOT NULL DEFAULT 0,
  `seller_read_msg` int(11) NOT NULL,
  `send_customer` int(11) NOT NULL DEFAULT 0,
  `send_seller` int(11) NOT NULL DEFAULT 0,
  `created_at` timestamp NULL DEFAULT NULL,
  `updated_at` timestamp NULL DEFAULT NULL
) ENGINE=InnoDB DEFAULT CHARSET=utf8mb4 COLLATE=utf8mb4_unicode_ci;

-- --------------------------------------------------------

--
-- Table structure for table `migrations`
--

CREATE TABLE `migrations` (
  `id` int(10) UNSIGNED NOT NULL,
  `migration` varchar(255) COLLATE utf8mb4_unicode_ci NOT NULL,
  `batch` int(11) NOT NULL
) ENGINE=InnoDB DEFAULT CHARSET=utf8mb4 COLLATE=utf8mb4_unicode_ci;

--
-- Dumping data for table `migrations`
--

INSERT INTO `migrations` (`id`, `migration`, `batch`) VALUES
(1, '2014_10_12_000000_create_users_table', 1),
(2, '2014_10_12_100000_create_password_resets_table', 1),
(3, '2019_08_19_000000_create_failed_jobs_table', 1),
(4, '2019_12_14_000001_create_personal_access_tokens_table', 1),
(5, '2021_11_30_035230_create_admins_table', 2),
(6, '2021_11_30_065435_create_email_configurations_table', 3),
(7, '2021_11_30_065508_create_email_templates_table', 3),
(8, '2021_12_01_035206_create_categories_table', 4),
(9, '2021_12_01_035220_create_sub_categories_table', 4),
(10, '2021_12_01_035231_create_child_categories_table', 4),
(11, '2021_12_01_035735_create_brands_table', 4),
(12, '2021_12_02_055907_create_product_taxes_table', 5),
(13, '2021_12_02_083742_create_return_policies_table', 6),
(14, '2021_12_02_084030_create_product_specification_keys_table', 6),
(15, '2021_12_03_093645_create_products_table', 7),
(16, '2021_12_03_101949_create_product_galleries_table', 7),
(17, '2021_12_04_053018_create_product_specifications_table', 8),
(18, '2021_12_06_045447_create_services_table', 9),
(19, '2021_12_06_054423_create_about_us_table', 10),
(20, '2021_12_06_055028_create_custom_pages_table', 10),
(21, '2021_12_07_030532_create_terms_and_conditions_table', 11),
(22, '2021_12_07_035810_create_blog_categories_table', 12),
(23, '2021_12_07_035822_create_blogs_table', 12),
(24, '2021_12_07_040749_create_popular_posts_table', 12),
(25, '2021_12_07_061613_create_blog_comments_table', 13),
(26, '2021_12_07_081832_create_product_variants_table', 14),
(27, '2021_12_07_081858_create_product_variant_items_table', 14),
(28, '2021_12_08_125540_create_campaigns_table', 15),
(29, '2021_12_08_130025_create_campaign_products_table', 15),
(30, '2021_12_09_095158_create_contact_messages_table', 16),
(31, '2021_12_09_095220_create_subscribers_table', 16),
(32, '2021_12_09_124226_create_settings_table', 17),
(33, '2021_12_11_022207_create_cookie_consents_table', 18),
(34, '2021_12_11_025358_create_google_recaptchas_table', 19),
(35, '2021_12_11_025449_create_facebook_comments_table', 19),
(36, '2021_12_11_025556_create_tawk_chats_table', 19),
(37, '2021_12_11_025618_create_google_analytics_table', 19),
(38, '2021_12_11_025712_create_custom_paginations_table', 19),
(39, '2021_12_11_083503_create_faqs_table', 20),
(40, '2021_12_11_094707_create_currencies_table', 21),
(41, '2021_12_13_085612_create_product_reviews_table', 22),
(42, '2021_12_13_090609_create_product_review_galleries_table', 22),
(43, '2021_12_13_101056_create_error_pages_table', 23),
(44, '2021_12_13_102725_create_maintainance_texts_table', 24),
(45, '2021_12_13_110144_create_subscribe_modals_table', 25),
(46, '2021_12_13_111140_create_announcement_modals_table', 26),
(47, '2021_12_13_132626_create_countries_table', 27),
(48, '2021_12_13_132909_create_country_states_table', 27),
(49, '2021_12_13_132935_create_cities_table', 27),
(50, '2021_12_14_032937_create_social_login_information_table', 28),
(51, '2021_12_14_042928_create_facebook_pixels_table', 29),
(52, '2021_12_14_054908_create_paypal_payments_table', 30),
(53, '2021_12_14_054922_create_stripe_payments_table', 30),
(54, '2021_12_14_054939_create_razorpay_payments_table', 30),
(55, '2021_12_14_055252_create_bank_payments_table', 30),
(56, '2021_12_14_084759_create_vendors_table', 31),
(57, '2021_12_14_090013_create_vendor_social_links_table', 31),
(58, '2021_12_15_095059_create_wholesells_table', 32),
(59, '2021_12_16_071213_create_seller_mail_logs_table', 33),
(60, '2021_12_21_093939_create_mega_menu_categories_table', 34),
(61, '2021_12_21_093958_create_mega_menu_sub_categories_table', 34),
(62, '2021_12_22_034106_create_banner_images_table', 35),
(63, '2021_12_22_044839_create_sliders_table', 36),
(64, '2021_12_22_081311_create_popular_categories_table', 37),
(65, '2021_12_23_021844_create_three_column_categories_table', 38),
(66, '2021_12_23_033230_create_shipping_methods_table', 39),
(67, '2021_12_23_065722_create_paystack_and_mollies_table', 40),
(68, '2021_12_23_085225_create_withdraw_methods_table', 41),
(71, '2021_12_25_172918_create_seller_withdraws_table', 42),
(74, '2021_12_25_200413_create_product_reports_table', 43),
(75, '2021_12_25_200707_create_product_report_images_table', 44),
(79, '2021_12_26_052326_create_billing_addresses_table', 45),
(80, '2021_12_26_053952_create_shipping_addresses_table', 45),
(81, '2021_12_26_054841_create_orders_table', 45),
(82, '2021_12_26_164912_create_order_addresses_table', 45),
(83, '2021_12_26_165705_create_order_products_table', 45),
(84, '2021_12_26_170803_create_order_product_variants_table', 45),
(87, '2021_12_28_163200_create_coupons_table', 46),
(88, '2021_12_28_192057_create_contact_pages_table', 47),
(89, '2021_12_28_200846_create_breadcrumb_images_table', 48),
(90, '2021_12_30_032959_create_flutterwaves_table', 49),
(91, '2021_12_30_034716_create_footers_table', 50),
(92, '2021_12_30_035201_create_footer_links_table', 50),
(93, '2021_12_30_035247_create_footer_social_links_table', 50),
(95, '2021_12_30_061157_create_home_page_one_visibilities_table', 51),
(96, '2022_01_11_103950_create_wishlists_table', 52),
(97, '2022_01_12_070110_create_shop_pages_table', 53),
(99, '2022_01_12_080218_create_seo_settings_table', 54),
(100, '2022_01_17_012111_create_menu_visibilities_table', 55),
(101, '2022_01_17_122016_create_instamojo_payments_table', 56),
(102, '2022_01_29_055523_create_messages_table', 57),
(103, '2022_01_29_122621_create_pusher_credentails_table', 58),
(104, '2022_04_27_083907_create_shopping_carts_table', 59),
(105, '2022_04_27_084235_create_shopping_cart_variants_table', 59),
(106, '2022_06_11_095338_create_testimonials_table', 60),
(107, '2022_06_13_053409_create_flash_sales_table', 61),
(108, '2022_06_13_053644_create_flash_sale_products_table', 62),
(109, '2022_06_14_102451_create_shippings_table', 63),
(112, '2022_06_19_073137_create_addresses_table', 64),
(113, '2022_06_19_093939_create_compare_products_table', 65),
(114, '2022_07_27_101723_create_featured_categories_table', 66),
(115, '2023_03_07_030217_create_inventories_table', 67),
(116, '2023_03_07_033625_create_twilio_sms_table', 68),
(117, '2023_03_07_033758_create_sms_templates_table', 68),
(118, '2023_05_30_063954_add_app_version_to_settings', 69);

-- --------------------------------------------------------

--
-- Table structure for table `orders`
--

CREATE TABLE `orders` (
  `id` bigint(20) UNSIGNED NOT NULL,
  `order_id` varchar(255) COLLATE utf8mb4_unicode_ci NOT NULL,
  `user_id` int(11) NOT NULL,
  `total_amount` double NOT NULL DEFAULT 0,
  `product_qty` int(11) NOT NULL,
  `payment_method` varchar(255) COLLATE utf8mb4_unicode_ci DEFAULT NULL,
  `payment_status` int(11) NOT NULL DEFAULT 0,
  `payment_approval_date` varchar(255) COLLATE utf8mb4_unicode_ci DEFAULT NULL,
  `transection_id` varchar(255) COLLATE utf8mb4_unicode_ci DEFAULT NULL,
  `shipping_method` varchar(255) COLLATE utf8mb4_unicode_ci DEFAULT NULL,
  `shipping_cost` double NOT NULL DEFAULT 0,
  `coupon_coast` double NOT NULL DEFAULT 0,
  `order_status` int(11) NOT NULL DEFAULT 0,
  `order_approval_date` varchar(255) COLLATE utf8mb4_unicode_ci DEFAULT NULL,
  `order_delivered_date` varchar(255) COLLATE utf8mb4_unicode_ci DEFAULT NULL,
  `order_completed_date` varchar(255) COLLATE utf8mb4_unicode_ci DEFAULT NULL,
  `order_declined_date` varchar(255) COLLATE utf8mb4_unicode_ci DEFAULT NULL,
  `cash_on_delivery` int(10) NOT NULL DEFAULT 0,
  `additional_info` text COLLATE utf8mb4_unicode_ci DEFAULT NULL,
  `created_at` timestamp NULL DEFAULT NULL,
  `updated_at` timestamp NULL DEFAULT NULL
) ENGINE=InnoDB DEFAULT CHARSET=utf8mb4 COLLATE=utf8mb4_unicode_ci;

--
-- Dumping data for table `orders`
--

INSERT INTO `orders` (`id`, `order_id`, `user_id`, `total_amount`, `product_qty`, `payment_method`, `payment_status`, `payment_approval_date`, `transection_id`, `shipping_method`, `shipping_cost`, `coupon_coast`, `order_status`, `order_approval_date`, `order_delivered_date`, `order_completed_date`, `order_declined_date`, `cash_on_delivery`, `additional_info`, `created_at`, `updated_at`) VALUES
(68, '876326941', 7, 988.13, 6, 'Cash on Delivery', 0, NULL, 'cash_on_delivery', 'Shipping Rule Based on qty(6-10)', 190, 0, 0, NULL, NULL, NULL, NULL, 1, NULL, '2022-11-15 16:42:47', '2022-11-15 16:42:47'),
(69, '480112268', 7, 1366.24, 11, 'Mollie', 1, NULL, 'tr_8iN5HVoYSK', 'Shipping Rule Based on qty(6-10)', 190, 0, 0, NULL, NULL, NULL, NULL, 0, NULL, '2022-11-15 19:01:35', '2022-11-15 19:01:35'),
(70, '1329506784', 31, 333.89, 3, 'Bank Payment', 0, NULL, 'dddd', 'Shipping Rule Based on qty(6-10)', 190, 0, 0, NULL, NULL, NULL, NULL, 1, NULL, '2022-11-15 20:16:47', '2022-11-15 20:16:47'),
(71, '120660403', 31, 130, 1, 'Bank Payment', 0, NULL, 'ghgfghgfh', 'Home Delivery', 120, 0, 0, NULL, NULL, NULL, NULL, 1, NULL, '2022-11-15 21:30:41', '2022-11-15 21:30:41'),
(72, '1490840797', 7, 888.8, 1, 'Cash on Delivery', 0, NULL, 'cash_on_delivery', 'Home Delivery Free Shipping', 0, 0, 0, NULL, NULL, NULL, NULL, 1, NULL, '2022-11-16 15:59:54', '2022-11-16 15:59:54'),
(73, '625434571', 31, 137.89, 7, 'Cash on Delivery', 0, NULL, 'cash_on_delivery', 'Home Delivery Free Shipping', 0, 0, 0, NULL, NULL, NULL, NULL, 1, NULL, '2022-11-17 19:30:53', '2022-11-17 19:30:53'),
(74, '1393035052', 31, 133, 2, 'Cash on Delivery', 0, NULL, 'cash_on_delivery', 'Free shipping', 0, 0, 0, NULL, NULL, NULL, NULL, 1, NULL, '2022-11-17 19:48:35', '2022-11-17 19:48:35'),
(75, '1077950798', 31, 11.33, 1, 'Cash on Delivery', 0, NULL, 'cash_on_delivery', 'Free shipping', 0, 0, 0, NULL, NULL, NULL, NULL, 1, NULL, '2022-11-17 20:09:10', '2022-11-17 20:09:10'),
(76, '390285855', 31, 923, 4, 'Bank Payment', 0, NULL, 'dsdsd', 'Free shipping', 0, 0, 0, NULL, NULL, NULL, NULL, 1, NULL, '2022-11-17 21:37:32', '2022-11-17 21:37:32'),
(77, '415922846', 32, 450, 1, 'Cash on Delivery', 0, NULL, 'cash_on_delivery', 'Free shipping', 0, 0, 0, NULL, NULL, NULL, NULL, 1, NULL, '2022-11-17 22:52:28', '2022-11-17 22:52:28'),
(78, '1017803777', 7, 413.06, 6, 'Bank Payment', 0, NULL, 'ddd', 'Free shipping', 0, 0, 0, NULL, NULL, NULL, NULL, 1, NULL, '2022-11-17 23:04:49', '2022-11-17 23:04:49'),
(79, '665674974', 7, 650, 2, 'Bank Payment', 0, NULL, 'ddddd', 'Shipping Rule Based on qty(6-10)', 190, 0, 0, NULL, NULL, NULL, NULL, 1, NULL, '2022-11-17 23:16:19', '2022-11-17 23:16:19'),
(80, '1632805578', 7, 530, 3, 'Bank Payment', 0, NULL, 'afasfda', 'Free shipping', 0, 0, 0, NULL, NULL, NULL, NULL, 1, NULL, '2022-11-17 23:47:34', '2022-11-17 23:47:34'),
(81, '184956296', 7, 773, 10, 'Cash on Delivery', 0, NULL, 'cash_on_delivery', 'Free shipping', 0, 0, 0, NULL, NULL, NULL, NULL, 1, NULL, '2022-11-18 00:00:35', '2022-11-18 00:00:35'),
(82, '24839802', 7, 530, 3, 'Cash on Delivery', 0, NULL, 'cash_on_delivery', 'Free shipping', 0, 0, 0, NULL, NULL, NULL, NULL, 1, NULL, '2022-11-18 02:57:47', '2022-11-18 02:57:47'),
(83, '1020972631', 7, 453.4, 3, 'Cash on Delivery', 0, NULL, 'cash_on_delivery', 'Shipping Rule Based on qty(6-10)', 190, 0, 0, NULL, NULL, NULL, NULL, 1, NULL, '2022-11-18 04:30:28', '2022-11-18 04:30:28'),
(84, '137336772', 7, 560, 8, 'Cash on Delivery', 0, NULL, 'cash_on_delivery', 'Free shipping', 0, 0, 0, NULL, NULL, NULL, NULL, 1, NULL, '2022-11-19 17:21:22', '2022-11-19 17:21:22'),
(85, '1431220726', 7, 470, 3, 'Cash on Delivery', 0, NULL, 'cash_on_delivery', 'Free shipping', 0, 0, 0, NULL, NULL, NULL, NULL, 1, NULL, '2022-11-20 12:02:44', '2022-11-20 12:02:44'),
(86, '1598736679', 7, 282.73, 8, 'Cash on Delivery', 0, NULL, 'cash_on_delivery', 'Home Delivery Free Shipping', 0, 0, 0, NULL, NULL, NULL, NULL, 1, NULL, '2022-11-20 23:40:19', '2022-11-20 23:40:19'),
(87, '270232199', 7, 1666, 12, 'Cash on Delivery', 0, NULL, 'cash_on_delivery', 'Shipping Rule Based on qty(6-10)', 190, 0, 0, NULL, NULL, NULL, NULL, 1, NULL, '2022-11-21 20:34:56', '2022-11-21 20:34:56'),
(88, '81318744', 7, 4166.93, 12, 'Cash on Delivery', 1, '2022-11-22', 'cash_on_delivery', 'Home Delivery Free Shipping', 0, 0, 2, NULL, '2022-11-22', NULL, NULL, 1, NULL, '2022-11-22 12:32:08', '2022-11-22 23:50:51'),
(89, '1362369801', 7, 25, 5, 'Cash on Delivery', 1, '2022-11-22', 'cash_on_delivery', 'Home Delivery Free Shipping', 0, 25, 3, NULL, NULL, '2022-11-22', NULL, 1, NULL, '2022-11-22 16:49:41', '2022-11-22 23:49:53'),
(90, '1554916729', 7, 758.4, 4, 'Stripe', 1, '2022-11-22', 'txn_3M6vjwF56Pb8BOOX06psH5Id', 'Shipping Rule Based on qty(6-10)', 190, 0, 3, NULL, NULL, '2022-11-22', NULL, 0, NULL, '2022-11-22 23:38:16', '2022-11-22 23:46:07'),
(91, '116409371', 7, 550.58, 4, 'Cash on Delivery', 0, NULL, 'cash_on_delivery', 'Home Delivery Free Shipping', 0, 0, 0, NULL, NULL, NULL, NULL, 1, NULL, '2022-11-23 16:43:19', '2022-11-23 16:43:19'),
(92, '1667036255', 7, 1077.01, 8, 'Cash on Delivery', 0, NULL, 'cash_on_delivery', 'Home Delivery', 120, 0, 0, NULL, NULL, NULL, NULL, 1, NULL, '2022-11-24 23:18:50', '2022-11-24 23:18:50'),
(93, '366600446', 7, 346.4, 3, 'Cash on Delivery', 0, NULL, 'cash_on_delivery', 'Free shipping', 0, 0, 0, NULL, NULL, NULL, NULL, 1, NULL, '2022-11-26 18:44:38', '2022-11-26 18:44:38'),
(94, '1452995012', 7, 655.94, 10, 'Cash on Delivery', 0, NULL, 'cash_on_delivery', 'Shipping Rule Based on qty(6-10)', 190, 0, 0, NULL, NULL, NULL, NULL, 1, NULL, '2022-11-27 02:01:10', '2022-11-27 02:01:10'),
(95, '1230276093', 7, 3021.76, 9, 'Cash on Delivery', 0, NULL, 'cash_on_delivery', 'Shipping Rule Based on qty(6-10)', 190, 2831.756, 0, NULL, NULL, NULL, NULL, 1, NULL, '2022-11-27 20:24:58', '2022-11-27 20:24:58'),
(96, '686395984', 7, 456, 4, 'Cash on Delivery', 0, NULL, 'cash_on_delivery', 'Shipping Rule Based on qty(6-10)', 190, 0, 0, NULL, NULL, NULL, NULL, 1, NULL, '2022-11-28 21:49:52', '2022-11-28 21:49:52'),
(97, '1404982009', 7, 30, 3, 'Cash on Delivery', 0, NULL, 'cash_on_delivery', 'Free shipping', 0, 0, 0, NULL, NULL, NULL, NULL, 1, NULL, '2022-11-28 23:43:55', '2022-11-28 23:43:55'),
(98, '1624912686', 7, 223.99, 3, 'Cash on Delivery', 0, NULL, 'cash_on_delivery', 'Shipping Rule Based on qty(6-10)', 190, 0, 0, NULL, NULL, NULL, NULL, 1, NULL, '2022-11-30 15:15:41', '2022-11-30 15:15:41'),
(99, '1032419047', 7, 200, 1, 'Cash on Delivery', 0, NULL, 'cash_on_delivery', 'Shipping Rule Based on qty(6-10)', 190, 0, 0, NULL, NULL, NULL, NULL, 1, NULL, '2022-12-01 23:12:56', '2022-12-01 23:12:56'),
(100, '676563119', 38, 266.4, 1, 'Cash on Delivery', 0, NULL, 'cash_on_delivery', 'Free shipping', 0, 0, 0, NULL, NULL, NULL, NULL, 1, NULL, '2022-12-02 16:05:44', '2022-12-02 16:05:44'),
(101, '1023682722', 7, 584.78, 10, 'Bank Payment', 0, NULL, 'Ibn Sina', 'Shipping Rule Based on qty(6-10)', 190, 0, 0, NULL, NULL, NULL, NULL, 1, NULL, '2022-12-04 16:50:09', '2022-12-04 16:50:09'),
(102, '1177937717', 7, 2491.8, 13, 'Bank Payment', 0, NULL, 'Ibn Sina', 'Shipping Rule Based on qty(6-10)', 190, 0, 0, NULL, NULL, NULL, NULL, 1, NULL, '2022-12-08 19:35:16', '2022-12-08 19:35:16'),
(103, '1319308652', 7, 1350, 3, 'Cash on Delivery', 0, NULL, 'cash_on_delivery', 'Home Delivery Free Shipping', 0, 0, 0, NULL, NULL, NULL, NULL, 1, NULL, '2022-12-08 20:15:19', '2022-12-08 20:15:19'),
(104, '901635737', 7, 436, 2, 'Cash on Delivery', 0, NULL, 'cash_on_delivery', 'Shipping Rule Based on qty(6-10)', 190, 0, 0, NULL, NULL, NULL, NULL, 1, NULL, '2022-12-11 21:03:13', '2022-12-11 21:03:13'),
(105, '716084011', 7, 1555, 4, 'Cash on Delivery', 0, NULL, 'cash_on_delivery', 'Shipping Rule Based on qty(6-10)', 190, 0, 0, NULL, NULL, NULL, NULL, 1, NULL, '2022-12-12 15:41:05', '2022-12-12 15:41:05'),
(106, '444339660', 7, 160, 1, 'Cash on Delivery', 0, NULL, 'cash_on_delivery', 'Express', 150, 0, 0, NULL, NULL, NULL, NULL, 1, NULL, '2022-12-17 21:04:20', '2022-12-17 21:04:20'),
(107, '1533666571', 42, 570, 1, 'Cash on Delivery', 0, NULL, 'cash_on_delivery', 'Quantity(5-10)', 120, 0, 0, NULL, NULL, NULL, NULL, 1, NULL, '2023-01-16 15:41:29', '2023-01-16 15:41:29'),
(108, '636955803', 7, 920, 2, 'Instamojo', 1, NULL, 'MOJO3116O05A85306128', 'Fixed Shipping', 20, 0, 0, NULL, NULL, NULL, NULL, 0, NULL, '2023-01-16 20:51:00', '2023-01-16 20:51:00'),
(109, '532759133', 7, 30, 1, 'Flutterwave', 1, NULL, '4093530', 'Fixed Shipping', 20, 0, 0, NULL, NULL, NULL, NULL, 0, NULL, '2023-01-16 20:57:09', '2023-01-16 20:57:09'),
(110, '1153586621', 7, 852.8, 6, 'Cash on Delivery', 0, NULL, 'cash_on_delivery', 'Quantity(5-10)', 120, 0, 0, NULL, NULL, NULL, NULL, 1, NULL, '2023-01-17 01:00:43', '2023-01-17 01:00:43'),
(111, '1569688916', 7, 418.99, 3, 'Cash on Delivery', 0, NULL, 'cash_on_delivery', 'Fixed Shipping', 20, 0, 0, NULL, NULL, NULL, NULL, 1, NULL, '2023-01-17 15:59:11', '2023-01-17 15:59:11'),
(112, '1124913845', 7, 990, 3, 'Cash on Delivery', 0, NULL, 'cash_on_delivery', 'Fixed Shipping', 20, 0, 0, NULL, NULL, NULL, NULL, 1, NULL, '2023-01-21 23:09:27', '2023-01-21 23:09:27'),
(113, '513798334', 7, 28, 1, 'Cash on Delivery', 0, NULL, 'cash_on_delivery', 'Fixed Shipping', 20, 0, 0, NULL, NULL, NULL, NULL, 1, NULL, '2023-01-23 16:39:20', '2023-01-23 16:39:20'),
(114, '68644526', 7, 220.14, 3, 'Cash on Delivery', 0, NULL, 'cash_on_delivery', 'Regular', 60, 0, 0, NULL, NULL, NULL, NULL, 1, NULL, '2023-02-11 22:00:26', '2023-02-11 22:00:26'),
(115, '1425917836', 7, 479, 6, 'Cash on Delivery', 0, NULL, 'cash_on_delivery', 'Fixed Shipping', 20, 0, 0, NULL, NULL, NULL, NULL, 1, NULL, '2023-03-23 07:06:46', '2023-03-23 07:06:46'),
(116, '759001713', 7, 90, 1, 'Cash on Delivery', 0, NULL, 'cash_on_delivery', 'Fixed Shipping', 20, 0, 0, NULL, NULL, NULL, NULL, 1, NULL, '2023-03-23 08:14:01', '2023-03-23 08:14:01'),
(117, '56138636', 7, 768.4, 6, 'Cash on Delivery', 0, NULL, 'cash_on_delivery', 'Fixed Shipping', 20, 0, 0, NULL, NULL, NULL, NULL, 1, NULL, '2023-03-26 05:31:49', '2023-03-26 05:31:49'),
(118, '54507384', 7, 40, 1, 'Paystack', 1, NULL, '2663582623', 'Fixed Shipping', 20, 0, 0, NULL, NULL, NULL, NULL, 0, NULL, '2023-03-26 09:02:55', '2023-03-26 09:02:55'),
(119, '52582734', 7, 29.59, 1, 'Paystack', 1, NULL, '2663608352', 'Fixed Shipping', 20, 0, 0, NULL, NULL, NULL, NULL, 0, NULL, '2023-03-26 09:11:08', '2023-03-26 09:11:08'),
(120, '1400201833', 7, 80, 3, 'Paystack', 1, NULL, '2834759768', 'Fixed Shipping', 20, 0, 0, NULL, NULL, NULL, NULL, 0, NULL, '2023-05-27 04:43:38', '2023-05-27 04:43:38'),
(121, '832780362', 7, 1475.68, 13, 'Instamojo', 1, NULL, 'MOJO3527A05A83091024', 'Fixed Shipping', 20, 0, 0, NULL, NULL, NULL, NULL, 0, NULL, '2023-05-27 06:03:47', '2023-05-27 06:03:47'),
(122, '1121524748', 7, 49.59, 2, 'Paystack', 1, NULL, '2835237120', 'Fixed Shipping', 20, 0, 0, NULL, NULL, NULL, NULL, 0, NULL, '2023-05-27 07:57:33', '2023-05-27 07:57:33'),
(123, '647373056', 7, 960, 2, 'Flutterwave', 1, NULL, '4353182', 'Regular', 60, 0, 0, NULL, NULL, NULL, NULL, 0, NULL, '2023-05-27 08:02:47', '2023-05-27 08:02:47'),
(124, '17723170', 7, 80, 1, 'Instamojo', 1, NULL, 'MOJO3527Q05A83091097', 'Regular', 60, 0, 0, NULL, NULL, NULL, NULL, 0, NULL, '2023-05-27 08:07:19', '2023-05-27 08:07:19'),
(125, '827022380', 7, 367.73, 3, 'Mollie', 1, NULL, 'tr_T8cee4vgpd', 'Fixed Shipping', 20, 0, 0, NULL, NULL, NULL, NULL, 0, NULL, '2023-05-27 08:23:47', '2023-05-27 08:23:47'),
(126, '1611100345', 7, 80, 3, 'Paypal', 1, NULL, 'PAYID-MRY343A96B21570TF590403X', 'Fixed Shipping', 20, 0, 0, NULL, NULL, NULL, NULL, 0, NULL, '2023-05-27 08:26:29', '2023-05-27 08:26:29'),
(127, '430096949', 7, 39.18, 2, 'Paystack', 1, NULL, '2835313971', 'Fixed Shipping', 20, 0, 0, NULL, NULL, NULL, NULL, 0, NULL, '2023-05-27 08:32:11', '2023-05-27 08:32:11'),
(128, '1435303000', 7, 356.4, 2, 'Instamojo', 1, NULL, NULL, 'Fixed Shipping', 20, 0, 0, NULL, NULL, NULL, NULL, 0, NULL, '2023-05-27 08:35:26', '2023-05-27 08:35:26'),
(129, '1201045373', 7, 248.62, 3, 'Instamojo', 1, NULL, NULL, 'Quantity(5-10)', 120, 0, 0, NULL, NULL, NULL, NULL, 0, NULL, '2023-05-27 08:39:33', '2023-05-27 08:39:33'),
(130, '890025427', 7, 40, 1, 'Mollie', 1, NULL, 'tr_pxzYMPvcY6', 'Fixed Shipping', 20, 0, 0, NULL, NULL, NULL, NULL, 0, NULL, '2023-05-27 08:42:39', '2023-05-27 08:42:39');

-- --------------------------------------------------------

--
-- Table structure for table `order_addresses`
--

CREATE TABLE `order_addresses` (
  `id` bigint(20) UNSIGNED NOT NULL,
  `order_id` int(11) NOT NULL,
  `billing_name` varchar(255) COLLATE utf8mb4_unicode_ci DEFAULT NULL,
  `billing_email` varchar(255) COLLATE utf8mb4_unicode_ci DEFAULT NULL,
  `billing_phone` varchar(255) COLLATE utf8mb4_unicode_ci DEFAULT NULL,
  `billing_address` varchar(255) COLLATE utf8mb4_unicode_ci DEFAULT NULL,
  `billing_country` varchar(11) COLLATE utf8mb4_unicode_ci DEFAULT NULL,
  `billing_state` varchar(191) COLLATE utf8mb4_unicode_ci DEFAULT NULL,
  `billing_city` varchar(191) COLLATE utf8mb4_unicode_ci DEFAULT NULL,
  `billing_address_type` varchar(255) COLLATE utf8mb4_unicode_ci DEFAULT NULL,
  `shipping_name` varchar(255) COLLATE utf8mb4_unicode_ci DEFAULT NULL,
  `shipping_email` varchar(255) COLLATE utf8mb4_unicode_ci DEFAULT NULL,
  `shipping_phone` varchar(255) COLLATE utf8mb4_unicode_ci DEFAULT NULL,
  `shipping_address` varchar(255) COLLATE utf8mb4_unicode_ci DEFAULT NULL,
  `shipping_country` varchar(191) COLLATE utf8mb4_unicode_ci DEFAULT NULL,
  `shipping_state` varchar(191) COLLATE utf8mb4_unicode_ci DEFAULT NULL,
  `shipping_city` varchar(191) COLLATE utf8mb4_unicode_ci DEFAULT NULL,
  `shipping_address_type` varchar(255) COLLATE utf8mb4_unicode_ci DEFAULT NULL,
  `created_at` timestamp NULL DEFAULT NULL,
  `updated_at` timestamp NULL DEFAULT NULL
) ENGINE=InnoDB DEFAULT CHARSET=utf8mb4 COLLATE=utf8mb4_unicode_ci;

--
-- Dumping data for table `order_addresses`
--

INSERT INTO `order_addresses` (`id`, `order_id`, `billing_name`, `billing_email`, `billing_phone`, `billing_address`, `billing_country`, `billing_state`, `billing_city`, `billing_address_type`, `shipping_name`, `shipping_email`, `shipping_phone`, `shipping_address`, `shipping_country`, `shipping_state`, `shipping_city`, `shipping_address_type`, `created_at`, `updated_at`) VALUES
(68, 68, 'John  Doe', 'user@gmail.com', '123-984-4587', 'Florida city 8475, House 8765', 'United Stat', 'Florida', 'Florida City', '1', 'John  Doe', 'user@gmail.com', '123-984-4587', 'Florida city 8475, House 8765', 'United State', 'Florida', 'Florida City', '1', '2022-11-15 16:42:47', '2022-11-15 16:42:47'),
(69, 69, 'Sed et error eligend Minim aut molestiae', 'Et labore exercitati', 'Deserunt beatae ulla', 'Aliquip accusantium', 'India', 'Gujarat', 'Gandhinagar', '1', 'Sed et error eligend Minim aut molestiae', 'Et labore exercitati', 'Deserunt beatae ulla', 'Aliquip accusantium', 'India', 'Gujarat', 'Gandhinagar', '1', '2022-11-15 19:01:35', '2022-11-15 19:01:35'),
(70, 70, 'Mohammad Ali', 'msalisapan@gmail.com', '01624188866', 'Los Angeles, USA', 'United Stat', 'California', 'Los Angeles', 'home', 'Mohammad Ali', 'msalisapan@gmail.com', '01624188866', 'Los Angeles, USA', 'United State', 'California', 'Los Angeles', 'home', '2022-11-15 20:16:47', '2022-11-15 20:16:47'),
(71, 71, 'Mohammad Ali', 'msalisapan@gmail.com', '01624188866', 'Los Angeles, USA', 'United Stat', 'California', 'Los Angeles', 'home', 'Mohammad Ali', 'msalisapan@gmail.com', '01624188866', 'Los Angeles, USA', 'United State', 'California', 'Los Angeles', 'home', '2022-11-15 21:30:41', '2022-11-15 21:30:41'),
(72, 72, 'Sed et error eligend Minim aut molestiae', 'Et labore exercitati', 'Deserunt beatae ulla', 'Aliquip accusantium', 'India', 'Gujarat', 'Gandhinagar', '1', 'Mohammad Ali', 'mscsapan@gmail.com', '01612042021', 'House', 'United Kindom', 'England', 'Liverpool', 'home', '2022-11-16 15:59:54', '2022-11-16 15:59:54'),
(73, 73, 'Mohammad Ali', 'msalisapan@gmail.com', '01624188866', 'Los Angeles, USA', 'United Stat', 'California', 'Los Angeles', 'home', 'Mohammad', 'mali@gmail.com', '01624188877', 'London', 'United Kindom', 'England', 'London', 'home', '2022-11-17 19:30:53', '2022-11-17 19:30:53'),
(74, 74, 'Mohammad Ali', 'msalisapan@gmail.com', '01624188866', 'Los Angeles, USA', 'United Stat', 'California', 'Los Angeles', 'home', 'Mohammad', 'mali@gmail.com', '01624188877', 'London', 'United Kindom', 'England', 'London', 'home', '2022-11-17 19:48:35', '2022-11-17 19:48:35'),
(75, 75, 'Mohammad Ali', 'msalisapan@gmail.com', '01624188866', 'Los Angeles, USA', 'United Stat', 'California', 'Los Angeles', 'home', 'Mohammad Ali', 'msalisapan@gmail.com', '01624188866', 'Los Angeles, USA', 'United State', 'California', 'Los Angeles', 'home', '2022-11-17 20:09:10', '2022-11-17 20:09:10'),
(76, 76, 'Mohammad Ali', 'msalisapan@gmail.com', '01624188866', 'Los Angeles, USA', 'United Stat', 'California', 'Los Angeles', 'home', 'Mohammad Ali', 'msalisapan@gmail.com', '01624188866', 'Los Angeles, USA', 'United State', 'California', 'Los Angeles', 'home', '2022-11-17 21:37:32', '2022-11-17 21:37:32'),
(77, 77, 'abdur', 'abdur.rohman2003@gmail.com', '01682825213', 'v', 'India', 'Punjab', 'Chandigarh', 'home', 'abdur', 'abdur.rohman2003@gmail.com', '01682825213', 'v', 'India', 'Punjab', 'Chandigarh', 'home', '2022-11-17 22:52:28', '2022-11-17 22:52:28'),
(78, 78, 'Sed et error eligend Minim aut molestiae', 'Et labore exercitati', 'Deserunt beatae ulla', 'Aliquip accusantium', 'India', 'Gujarat', 'Gandhinagar', '1', 'Sed et error eligend Minim aut molestiae', 'Et labore exercitati', 'Deserunt beatae ulla', 'Aliquip accusantium', 'India', 'Gujarat', 'Gandhinagar', '1', '2022-11-17 23:04:49', '2022-11-17 23:04:49'),
(79, 79, 'Sed et error eligend Minim aut molestiae', 'Et labore exercitati', 'Deserunt beatae ulla', 'Aliquip accusantium', 'India', 'Gujarat', 'Gandhinagar', '1', 'Sed et error eligend Minim aut molestiae', 'Et labore exercitati', 'Deserunt beatae ulla', 'Aliquip accusantium', 'India', 'Gujarat', 'Gandhinagar', '1', '2022-11-17 23:16:19', '2022-11-17 23:16:19'),
(80, 80, 'Sed et error eligend Minim aut molestiae', 'Et labore exercitati', 'Deserunt beatae ulla', 'Aliquip accusantium', 'India', 'Gujarat', 'Gandhinagar', '1', 'Sed et error eligend Minim aut molestiae', 'Et labore exercitati', 'Deserunt beatae ulla', 'Aliquip accusantium', 'India', 'Gujarat', 'Gandhinagar', '1', '2022-11-17 23:47:34', '2022-11-17 23:47:34'),
(81, 81, 'Sed et error eligend Minim aut molestiae', 'Et labore exercitati', 'Deserunt beatae ulla', 'Aliquip accusantium', 'India', 'Gujarat', 'Gandhinagar', '1', 'Sed et error eligend Minim aut molestiae', 'Et labore exercitati', 'Deserunt beatae ulla', 'Aliquip accusantium', 'India', 'Gujarat', 'Gandhinagar', '1', '2022-11-18 00:00:35', '2022-11-18 00:00:35'),
(82, 82, 'Sed et error eligend Minim aut molestiae', 'Et labore exercitati', 'Deserunt beatae ulla', 'Aliquip accusantium', 'India', 'Gujarat', 'Gandhinagar', '1', 'Sed et error eligend Minim aut molestiae', 'Et labore exercitati', 'Deserunt beatae ulla', 'Aliquip accusantium', 'India', 'Gujarat', 'Gandhinagar', '1', '2022-11-18 02:57:47', '2022-11-18 02:57:47'),
(83, 83, 'Sed et error eligend Minim aut molestiae', 'Et labore exercitati', 'Deserunt beatae ulla', 'Aliquip accusantium', 'India', 'Gujarat', 'Gandhinagar', '1', 'Sed et error eligend Minim aut molestiae', 'Et labore exercitati', 'Deserunt beatae ulla', 'Aliquip accusantium', 'India', 'Gujarat', 'Gandhinagar', '1', '2022-11-18 04:30:28', '2022-11-18 04:30:28'),
(84, 84, 'Sed et error eligend Minim aut molestiae', 'Et labore exercitati', 'Deserunt beatae ulla', 'Aliquip accusantium', 'India', 'Gujarat', 'Gandhinagar', '1', 'Sed et error eligend Minim aut molestiae', 'Et labore exercitati', 'Deserunt beatae ulla', 'Aliquip accusantium', 'India', 'Gujarat', 'Gandhinagar', '1', '2022-11-19 17:21:22', '2022-11-19 17:21:22'),
(85, 85, 'Sed et error eligend Minim aut molestiae', 'Et labore exercitati', 'Deserunt beatae ulla', 'Aliquip accusantium', 'India', 'Gujarat', 'Gandhinagar', '1', 'Sed et error eligend Minim aut molestiae', 'Et labore exercitati', 'Deserunt beatae ulla', 'Aliquip accusantium', 'India', 'Gujarat', 'Gandhinagar', '1', '2022-11-20 12:02:44', '2022-11-20 12:02:44'),
(86, 86, 'Sed et error eligend Minim aut molestiae', 'Et labore exercitati', 'Deserunt beatae ulla', 'Aliquip accusantium', 'India', 'Gujarat', 'Gandhinagar', '1', 'Sed et error eligend Minim aut molestiae', 'Et labore exercitati', 'Deserunt beatae ulla', 'Aliquip accusantium', 'India', 'Gujarat', 'Gandhinagar', '1', '2022-11-20 23:40:19', '2022-11-20 23:40:19'),
(87, 87, 'Sed et error eligend Minim aut molestiae', 'Et labore exercitati', 'Deserunt beatae ulla', 'Aliquip accusantium', 'India', 'Gujarat', 'Gandhinagar', '1', 'Sed et error eligend Minim aut molestiae', 'Et labore exercitati', 'Deserunt beatae ulla', 'Aliquip accusantium', 'India', 'Gujarat', 'Gandhinagar', '1', '2022-11-21 20:34:56', '2022-11-21 20:34:56'),
(88, 88, 'Sed et error eligend Minim aut molestiae', 'Et labore exercitati', 'Deserunt beatae ulla', 'Aliquip accusantium', 'India', 'Gujarat', 'Gandhinagar', '1', 'Sed et error eligend Minim aut molestiae', 'Et labore exercitati', 'Deserunt beatae ulla', 'Aliquip accusantium', 'India', 'Gujarat', 'Gandhinagar', '1', '2022-11-22 12:32:08', '2022-11-22 12:32:08'),
(89, 89, 'Sed et error eligend Minim aut molestiae', 'Et labore exercitati', 'Deserunt beatae ulla', 'Aliquip accusantium', 'India', 'Gujarat', 'Gandhinagar', '1', 'Sed et error eligend Minim aut molestiae', 'Et labore exercitati', 'Deserunt beatae ulla', 'Aliquip accusantium', 'India', 'Gujarat', 'Gandhinagar', '1', '2022-11-22 16:49:41', '2022-11-22 16:49:41'),
(90, 90, 'John Doe', 'user@gmail.com', '1234567893', 'california', 'United Stat', 'California', 'Los Angeles', 'home', 'John Doe', 'user@gmail.com', '1234567893', 'california', 'United State', 'California', 'Los Angeles', 'home', '2022-11-22 23:38:16', '2022-11-22 23:38:16'),
(91, 91, 'Sed et error eligend Minim aut molestiae', 'Et labore exercitati', 'Deserunt beatae ulla', 'Aliquip accusantium', 'India', 'Gujarat', 'Gandhinagar', '1', 'Sed et error eligend Minim aut molestiae', 'Et labore exercitati', 'Deserunt beatae ulla', 'Aliquip accusantium', 'India', 'Gujarat', 'Gandhinagar', '1', '2022-11-23 16:43:19', '2022-11-23 16:43:19'),
(92, 92, 'Sed et error eligend Minim aut molestiae', 'Et labore exercitati', 'Deserunt beatae ulla', 'Aliquip accusantium', 'India', 'Gujarat', 'Gandhinagar', '1', 'John Doe', 'user@gmail.com', '1234567893', 'california', 'United State', 'California', 'Los Angeles', 'home', '2022-11-24 23:18:50', '2022-11-24 23:18:50'),
(93, 93, 'Sed et error eligend Minim aut molestiae', 'Et labore exercitati', 'Deserunt beatae ulla', 'Aliquip accusantium', 'India', 'Gujarat', 'Gandhinagar', '1', 'Sed et error eligend Minim aut molestiae', 'Et labore exercitati', 'Deserunt beatae ulla', 'Aliquip accusantium', 'India', 'Gujarat', 'Gandhinagar', '1', '2022-11-26 18:44:38', '2022-11-26 18:44:38'),
(94, 94, 'Sed et error eligend Minim aut molestiae', 'Et labore exercitati', 'Deserunt beatae ulla', 'Aliquip accusantium', 'India', 'Gujarat', 'Gandhinagar', '1', 'Sed et error eligend Minim aut molestiae', 'Et labore exercitati', 'Deserunt beatae ulla', 'Aliquip accusantium', 'India', 'Gujarat', 'Gandhinagar', '1', '2022-11-27 02:01:10', '2022-11-27 02:01:10'),
(95, 95, 'Sed et error eligend Minim aut molestiae', 'Et labore exercitati', 'Deserunt beatae ulla', 'Aliquip accusantium', 'India', 'Gujarat', 'Gandhinagar', '1', 'Sed et error eligend Minim aut molestiae', 'Et labore exercitati', 'Deserunt beatae ulla', 'Aliquip accusantium', 'India', 'Gujarat', 'Gandhinagar', '1', '2022-11-27 20:24:58', '2022-11-27 20:24:58'),
(96, 96, 'Sed et error eligend Minim aut molestiae', 'Et labore exercitati', 'Deserunt beatae ulla', 'Aliquip accusantium', 'India', 'Gujarat', 'Gandhinagar', '1', 'Sed et error eligend Minim aut molestiae', 'Et labore exercitati', 'Deserunt beatae ulla', 'Aliquip accusantium', 'India', 'Gujarat', 'Gandhinagar', '1', '2022-11-28 21:49:52', '2022-11-28 21:49:52'),
(97, 97, 'Rafiqul Islam Suvo', 'rafiqulislamsuvobd@gmail.com', '01777777777', 'Aliquip accusantium', 'India', 'Gujarat', 'Gandhinagar', 'home', 'Rafiqul Islam Suvo', 'rafiqulislamsuvobd@gmail.com', '01777777777', 'Aliquip accusantium', 'India', 'Gujarat', 'Gandhinagar', 'home', '2022-11-28 23:43:55', '2022-11-28 23:43:55'),
(98, 98, 'Rafiqul Islam Suvo', 'rafiqulislamsuvobd@gmail.com', '01777777777', 'Aliquip accusantium', 'India', 'Gujarat', 'Gandhinagar', 'home', 'Rafiqul Islam Suvo', 'rafiqulislamsuvobd@gmail.com', '01777777777', 'Aliquip accusantium', 'India', 'Gujarat', 'Gandhinagar', 'home', '2022-11-30 15:15:41', '2022-11-30 15:15:41'),
(99, 99, 'Rafiqul Islam Suvo', 'rafiqulislamsuvobd@gmail.com', '01777777777', 'Aliquip accusantium', 'India', 'Gujarat', 'Gandhinagar', 'home', 'Rafiqul Islam Suvo', 'rafiqulislamsuvobd@gmail.com', '01777777777', 'Aliquip accusantium', 'India', 'Gujarat', 'Gandhinagar', 'home', '2022-12-01 23:12:56', '2022-12-01 23:12:56'),
(100, 100, 'abdur', 'abdur.rohman2003@gmail.com', '01682825123', 'asdgg', 'India', 'Punjab', 'Chandigarh', 'home', 'abdur', 'abdur.rohman2003@gmail.com', '01682825123', 'asdgg', 'India', 'Punjab', 'Chandigarh', 'home', '2022-12-02 16:05:44', '2022-12-02 16:05:44'),
(101, 101, 'Ibn Sina', 'ibn.sina@outlook.com', '1234567878', 'Liverpool City', 'United Kind', 'England', 'Liverpool', 'home', 'Ibn Sina', 'ibn.sina@outlook.com', '1234567878', 'Liverpool City', 'United Kindom', 'England', 'Liverpool', 'home', '2022-12-04 16:50:09', '2022-12-04 16:50:09'),
(102, 102, 'Rafiqul Islam Suvo', 'rafiqulislamsuvobd@gmail.com', '01777777777', 'Aliquip accusantium', 'India', 'Gujarat', 'Gandhinagar', 'home', 'Rafiqul Islam Suvo', 'rafiqulislamsuvobd@gmail.com', '01777777777', 'Aliquip accusantium', 'India', 'Gujarat', 'Gandhinagar', 'home', '2022-12-08 19:35:16', '2022-12-08 19:35:16'),
(103, 103, 'Rafiqul Islam Suvo', 'rafiqulislamsuvobd@gmail.com', '01777777777', 'Aliquip accusantium', 'India', 'Gujarat', 'Gandhinagar', 'home', 'Rafiqul Islam Suvo', 'rafiqulislamsuvobd@gmail.com', '01777777777', 'Aliquip accusantium', 'India', 'Gujarat', 'Gandhinagar', 'home', '2022-12-08 20:15:19', '2022-12-08 20:15:19'),
(104, 104, 'Jhon Abraham', 'jhon.ab@gamil.com', '3214567777', 'Kolkata City', 'India', 'Gujarat', 'Gandhinagar', 'home', 'Rafiqul Islam Suvo', 'rafiqulislamsuvobd@gmail.com', '01777777777', 'Aliquip accusantium', 'India', 'Gujarat', 'Gandhinagar', 'home', '2022-12-11 21:03:13', '2022-12-11 21:03:13'),
(105, 105, 'Rafiqul Islam Suvo', 'rafiqulislamsuvobd@gmail.com', '01777777777', 'Aliquip accusantium', 'India', 'Gujarat', 'Gandhinagar', 'home', 'Abraham', 'abraham@yahoo.com', '01624188877', 'Jos City', 'United State', 'California', 'San Jose', 'home', '2022-12-12 15:41:05', '2022-12-12 15:41:05'),
(106, 106, 'Rafiqul Islam Suvo', 'rafiqulislamsuvobd@gmail.com', '01777777777', 'Aliquip accusantium', 'India', 'Gujarat', 'Gandhinagar', 'home', 'Rafiqul Islam Suvo', 'rafiqulislamsuvobd@gmail.com', '01777777777', 'Aliquip accusantium', 'India', 'Gujarat', 'Gandhinagar', 'home', '2022-12-17 21:04:20', '2022-12-17 21:04:20'),
(107, 107, 'Your', 'myemail@mail.com', '123654789', 'Dhaka', 'India', 'Gujarat', 'Gandhinagar', 'home', 'Your', 'myemail@mail.com', '123654789', 'Dhaka', 'India', 'Gujarat', 'Gandhinagar', 'home', '2023-01-16 15:41:29', '2023-01-16 15:41:29'),
(108, 108, 'Rafiqul Islam', 'rafiqulislamsuvobd@gmail.com', '01777777778', 'Dhaka', 'India', 'Gujarat', 'Gandhinagar', 'home', 'Rafiqul Islam', 'rafiqulislamsuvobd@gmail.com', '01777777778', 'Dhaka', 'India', 'Gujarat', 'Gandhinagar', 'home', '2023-01-16 20:51:00', '2023-01-16 20:51:00'),
(109, 109, 'Rafiqul Islam', 'rafiqulislamsuvobd@gmail.com', '01777777778', 'Dhaka', 'India', 'Gujarat', 'Gandhinagar', 'home', 'Jhon Abraham', 'jhon.ab@gamil.com', '3214567777', 'Kolkata City', 'India', 'Gujarat', 'Gandhinagar', 'home', '2023-01-16 20:57:09', '2023-01-16 20:57:09'),
(110, 110, 'Rafiqul', 'rafiqulislamsuvobd@gmail.com', '01777777778', 'Dhaka, Mirpur', 'India', 'Gujarat', 'Gandhinagar', 'home', 'Rafiqul', 'rafiqulislamsuvobd@gmail.com', '01777777778', 'Dhaka, Mirpur', 'India', 'Gujarat', 'Gandhinagar', 'home', '2023-01-17 01:00:43', '2023-01-17 01:00:43'),
(111, 111, 'Mamjn', 'maiqulislamsuvobd@gmail.com', '01777777775', 'Dhaka, Mirpur11', 'United Kind', 'England', 'London', 'home', 'Mamjn', 'maiqulislamsuvobd@gmail.com', '01777777775', 'Dhaka, Mirpur11', 'United Kindom', 'England', 'London', 'home', '2023-01-17 15:59:11', '2023-01-17 15:59:11'),
(112, 112, 'shibo', 'maiqulislamsuvobd@gmail.com', '01777777776', 'Dhaka, Mirpur12', 'United Kind', 'England', 'London', 'home', 'shibo', 'maiqulislamsuvobd@gmail.com', '01777777776', 'Dhaka, Mirpur12', 'United Kindom', 'England', 'London', 'home', '2023-01-21 23:09:27', '2023-01-21 23:09:27'),
(113, 113, 'shibo', 'maiqulislamsuvobd@gmail.com', '01777777776', 'Dhaka, Mirpur12', 'United Kind', 'England', 'London', 'home', 'shibo', 'maiqulislamsuvobd@gmail.com', '01777777776', 'Dhaka, Mirpur12', 'United Kindom', 'England', 'London', 'home', '2023-01-23 16:39:20', '2023-01-23 16:39:20'),
(114, 114, 'shibo', 'maiqulislamsuvobd@gmail.com', '01777777776', 'Dhaka, Mirpur12', 'United Kind', 'England', 'London', 'home', 'Jhon Abraham', 'jhon.ab@gamil.com', '3214567777', 'Kolkata City', 'India', 'Gujarat', 'Gandhinagar', 'home', '2023-02-11 22:00:26', '2023-02-11 22:00:26'),
(115, 115, 'shibo', 'maiqulislamsuvobd@gmail.com', '01777777776', 'Dhaka, Mirpur12', 'United Kind', 'England', 'London', 'home', 'Jhon Abraham', 'jhon.ab@gamil.com', '3214567777', 'Kolkata City', 'India', 'Gujarat', 'Gandhinagar', 'home', '2023-03-23 07:06:46', '2023-03-23 07:06:46'),
(116, 116, 'shibo', 'maiqulislamsuvobd@gmail.com', '01777777776', 'Dhaka, Mirpur12', 'United Kind', 'England', 'London', 'home', 'Jhon Abraham', 'jhon.ab@gamil.com', '3214567777', 'Kolkata City', 'India', 'Gujarat', 'Gandhinagar', 'home', '2023-03-23 08:14:01', '2023-03-23 08:14:01'),
(117, 117, 'shibo', 'maiqulislamsuvobd@gmail.com', '01777777776', 'Dhaka, Mirpur12', 'United Kind', 'England', 'London', 'home', 'Jhon Abraham', 'jhon.ab@gamil.com', '3214567777', 'Kolkata City', 'India', 'Gujarat', 'Gandhinagar', 'home', '2023-03-26 05:31:49', '2023-03-26 05:31:49'),
(118, 118, 'shibo', 'maiqulislamsuvobd@gmail.com', '01777777776', 'Dhaka, Mirpur12', 'United Kind', 'England', 'London', 'home', 'shibo', 'maiqulislamsuvobd@gmail.com', '01777777776', 'Dhaka, Mirpur12', 'United Kindom', 'England', 'London', 'home', '2023-03-26 09:02:55', '2023-03-26 09:02:55'),
(119, 119, 'Jhon Abraham', 'jhon.ab@gamil.com', '3214567777', 'Kolkata City', 'India', 'Gujarat', 'Gandhinagar', 'home', 'shibo', 'maiqulislamsuvobd@gmail.com', '01777777776', 'Dhaka, Mirpur12', 'United Kindom', 'England', 'London', 'home', '2023-03-26 09:11:08', '2023-03-26 09:11:08'),
(120, 120, 'shibo', 'suvobd@gmail.com', '01777777776', 'Dhaka, Mirpur12', 'United Kind', 'England', 'London', 'home', 'Jhon Abraham', 'jhon.ab@gamil.com', '3214567777', 'Kolkata City', 'India', 'Gujarat', 'Gandhinagar', 'home', '2023-05-27 04:43:38', '2023-05-27 04:43:38'),
(121, 121, 'shibo', 'suvobd@gmail.com', '01777777776', 'Dhaka, Mirpur12', 'United Kind', 'England', 'London', 'home', 'Hassan Khan', 'youabdme@gamail.com', '0197854544', 'Mirpur 11, Dhaka', 'India', 'Gujarat', 'Gandhinagar', 'home', '2023-05-27 06:03:47', '2023-05-27 06:03:47'),
(122, 122, 'shibo', 'suvobd@gmail.com', '01777777776', 'Dhaka, Mirpur12', 'United Kind', 'England', 'London', 'home', 'shibo', 'suvobd@gmail.com', '01777777776', 'Dhaka, Mirpur12', 'United Kindom', 'England', 'London', 'home', '2023-05-27 07:57:33', '2023-05-27 07:57:33'),
(123, 123, 'shibo', 'suvobd@gmail.com', '01777777776', 'Dhaka, Mirpur12', 'United Kind', 'England', 'London', 'home', 'Jhon Abraham', 'jhon.ab@gamil.com', '3214567777', 'Kolkata City', 'India', 'Gujarat', 'Gandhinagar', 'home', '2023-05-27 08:02:47', '2023-05-27 08:02:47'),
(124, 124, 'shibo', 'suvobd@gmail.com', '01777777776', 'Dhaka, Mirpur12', 'United Kind', 'England', 'London', 'home', 'Jhon Abraham', 'jhon.ab@gamil.com', '3214567777', 'Kolkata City', 'India', 'Gujarat', 'Gandhinagar', 'home', '2023-05-27 08:07:19', '2023-05-27 08:07:19'),
(125, 125, 'shibo', 'suvobd@gmail.com', '01777777776', 'Dhaka, Mirpur12', 'United Kind', 'England', 'London', 'home', 'shibo', 'suvobd@gmail.com', '01777777776', 'Dhaka, Mirpur12', 'United Kindom', 'England', 'London', 'home', '2023-05-27 08:23:48', '2023-05-27 08:23:48'),
(126, 126, 'shibo', 'suvobd@gmail.com', '01777777776', 'Dhaka, Mirpur12', 'United Kind', 'England', 'London', 'home', 'shibo', 'suvobd@gmail.com', '01777777776', 'Dhaka, Mirpur12', 'United Kindom', 'England', 'London', 'home', '2023-05-27 08:26:29', '2023-05-27 08:26:29'),
(127, 127, 'shibo', 'suvobd@gmail.com', '01777777776', 'Dhaka, Mirpur12', 'United Kind', 'England', 'London', 'home', 'Jhon Abraham', 'jhon.ab@gamil.com', '3214567777', 'Kolkata City', 'India', 'Gujarat', 'Gandhinagar', 'home', '2023-05-27 08:32:11', '2023-05-27 08:32:11'),
(128, 128, 'shibo', 'suvobd@gmail.com', '01777777776', 'Dhaka, Mirpur12', 'United Kind', 'England', 'London', 'home', 'shibo', 'suvobd@gmail.com', '01777777776', 'Dhaka, Mirpur12', 'United Kindom', 'England', 'London', 'home', '2023-05-27 08:35:27', '2023-05-27 08:35:27'),
(129, 129, 'shibo', 'suvobd@gmail.com', '01777777776', 'Dhaka, Mirpur12', 'United Kind', 'England', 'London', 'home', 'Jhon Abraham', 'jhon.ab@gamil.com', '3214567777', 'Kolkata City', 'India', 'Gujarat', 'Gandhinagar', 'home', '2023-05-27 08:39:33', '2023-05-27 08:39:33'),
(130, 130, 'shibo', 'suvobd@gmail.com', '01777777776', 'Dhaka, Mirpur12', 'United Kind', 'England', 'London', 'home', 'shibo', 'suvobd@gmail.com', '01777777776', 'Dhaka, Mirpur12', 'United Kindom', 'England', 'London', 'home', '2023-05-27 08:42:39', '2023-05-27 08:42:39');

-- --------------------------------------------------------

--
-- Table structure for table `order_products`
--

CREATE TABLE `order_products` (
  `id` bigint(20) UNSIGNED NOT NULL,
  `order_id` int(11) NOT NULL,
  `product_id` int(11) NOT NULL,
  `seller_id` int(11) NOT NULL DEFAULT 0,
  `product_name` varchar(255) COLLATE utf8mb4_unicode_ci NOT NULL,
  `unit_price` double NOT NULL DEFAULT 0,
  `qty` int(11) NOT NULL,
  `created_at` timestamp NULL DEFAULT NULL,
  `updated_at` timestamp NULL DEFAULT NULL
) ENGINE=InnoDB DEFAULT CHARSET=utf8mb4 COLLATE=utf8mb4_unicode_ci;

--
-- Dumping data for table `order_products`
--

INSERT INTO `order_products` (`id`, `order_id`, `product_id`, `seller_id`, `product_name`, `unit_price`, `qty`, `created_at`, `updated_at`) VALUES
(132, 68, 1, 0, 'Eggplant fruit Leucinodes orbonalis', 98.4, 2, '2022-11-15 16:42:47', '2022-11-15 16:42:47'),
(133, 68, 7, 0, 'Watermelon Big Basket', 11.33, 1, '2022-11-15 16:42:47', '2022-11-15 16:42:47'),
(134, 68, 36, 6, 'All Natural Italian-Style Chicken Meatballs', 70, 1, '2022-11-15 16:42:47', '2022-11-15 16:42:47'),
(135, 68, 37, 6, 'Pepperidge Farm Farmhouse Bread', 450, 1, '2022-11-15 16:42:47', '2022-11-15 16:42:47'),
(136, 68, 36, 6, 'All Natural Italian-Style Chicken Meatballs', 70, 1, '2022-11-15 16:42:47', '2022-11-15 16:42:47'),
(137, 69, 7, 0, 'Watermelon Big Basket', 11.33, 1, '2022-11-15 19:01:35', '2022-11-15 19:01:35'),
(138, 69, 7, 0, 'Watermelon Big Basket', 11.33, 5, '2022-11-15 19:01:35', '2022-11-15 19:01:35'),
(139, 69, 7, 0, 'Watermelon Big Basket', 11.33, 1, '2022-11-15 19:01:35', '2022-11-15 19:01:35'),
(140, 69, 4, 0, 'Organic California Spirulina Superfood', 888.8, 1, '2022-11-15 19:01:35', '2022-11-15 19:01:35'),
(141, 69, 7, 0, 'Watermelon Big Basket', 11.33, 1, '2022-11-15 19:01:35', '2022-11-15 19:01:35'),
(142, 69, 1, 0, 'Eggplant fruit Leucinodes orbonalis', 98.4, 1, '2022-11-15 19:01:35', '2022-11-15 19:01:35'),
(143, 69, 1, 0, 'Eggplant fruit Leucinodes orbonalis', 98.4, 1, '2022-11-15 19:01:35', '2022-11-15 19:01:35'),
(144, 70, 8, 0, 'broiler chicken Egg', 8.888, 1, '2022-11-15 20:16:47', '2022-11-15 20:16:47'),
(145, 70, 25, 1, 'Boomchickapop Sweet & Salty Kettle Corn', 120, 1, '2022-11-15 20:16:47', '2022-11-15 20:16:47'),
(146, 70, 34, 4, 'Perdue Simply Smart Organics Gluten Free', 15, 1, '2022-11-15 20:16:47', '2022-11-15 20:16:47'),
(147, 71, 38, 0, 'KOSPET TANK T1 MIL-STD Waterproof Smartwatch', 10, 1, '2022-11-15 21:30:41', '2022-11-15 21:30:41'),
(148, 72, 4, 0, 'Organic California Spirulina Superfood', 888.8, 1, '2022-11-16 15:59:54', '2022-11-16 15:59:54'),
(149, 73, 33, 4, 'Signature Wood-Fired Mushroom Meals', 33, 3, '2022-11-17 19:30:53', '2022-11-17 19:30:53'),
(150, 73, 38, 0, 'KOSPET TANK T1 MIL-STD Waterproof Smartwatch', 10, 3, '2022-11-17 19:30:53', '2022-11-17 19:30:53'),
(151, 73, 8, 0, 'broiler chicken Egg', 8.888, 1, '2022-11-17 19:30:53', '2022-11-17 19:30:53'),
(152, 74, 35, 5, 'Nestle Original Coffee-Mate Coffee Creamer', 123, 1, '2022-11-17 19:48:35', '2022-11-17 19:48:35'),
(153, 74, 38, 0, 'KOSPET TANK T1 MIL-STD Waterproof Smartwatch', 10, 1, '2022-11-17 19:48:35', '2022-11-17 19:48:35'),
(154, 75, 7, 0, 'Watermelon Big Basket', 11.33, 1, '2022-11-17 20:09:10', '2022-11-17 20:09:10'),
(155, 76, 37, 6, 'Pepperidge Farm Farmhouse Bread', 450, 1, '2022-11-17 21:37:32', '2022-11-17 21:37:32'),
(156, 76, 34, 4, 'Perdue Simply Smart Organics Gluten Free', 15, 1, '2022-11-17 21:37:32', '2022-11-17 21:37:32'),
(157, 76, 37, 6, 'Pepperidge Farm Farmhouse Bread', 450, 1, '2022-11-17 21:37:32', '2022-11-17 21:37:32'),
(158, 76, 32, 3, 'All Natural Italian-Style Chicken Meatballsd', 8, 1, '2022-11-17 21:37:32', '2022-11-17 21:37:32'),
(159, 77, 37, 6, 'Pepperidge Farm Farmhouse Bread', 450, 1, '2022-11-17 22:52:28', '2022-11-17 22:52:28'),
(160, 78, 7, 0, 'Watermelon Big Basket', 11.33, 2, '2022-11-17 23:04:49', '2022-11-17 23:04:49'),
(161, 78, 31, 3, 'All Natural Italian-Style Chicken Meatballs', 100, 1, '2022-11-17 23:04:49', '2022-11-17 23:04:49'),
(162, 78, 29, 2, 'Sony playstone pro', 120, 1, '2022-11-17 23:04:49', '2022-11-17 23:04:49'),
(163, 78, 2, 0, 'Sahale Asias Sesame Edamame Snacks', 70.4, 1, '2022-11-17 23:04:49', '2022-11-17 23:04:49'),
(164, 78, 31, 3, 'All Natural Italian-Style Chicken Meatballs', 100, 1, '2022-11-17 23:04:49', '2022-11-17 23:04:49'),
(165, 79, 38, 0, 'KOSPET TANK T1 MIL-STD Waterproof Smartwatch', 10, 1, '2022-11-17 23:16:19', '2022-11-17 23:16:19'),
(166, 79, 37, 6, 'Pepperidge Farm Farmhouse Bread', 450, 1, '2022-11-17 23:16:19', '2022-11-17 23:16:19'),
(167, 80, 38, 0, 'KOSPET TANK T1 MIL-STD Waterproof Smartwatch', 10, 1, '2022-11-17 23:47:34', '2022-11-17 23:47:34'),
(168, 80, 36, 6, 'All Natural Italian-Style Chicken Meatballs', 70, 1, '2022-11-17 23:47:34', '2022-11-17 23:47:34'),
(169, 80, 37, 6, 'Pepperidge Farm Farmhouse Bread', 450, 1, '2022-11-17 23:47:34', '2022-11-17 23:47:34'),
(170, 81, 38, 0, 'KOSPET TANK T1 MIL-STD Waterproof Smartwatch', 10, 1, '2022-11-18 00:00:35', '2022-11-18 00:00:35'),
(171, 81, 38, 0, 'KOSPET TANK T1 MIL-STD Waterproof Smartwatch', 10, 1, '2022-11-18 00:00:35', '2022-11-18 00:00:35'),
(172, 81, 35, 5, 'Nestle Original Coffee-Mate Coffee Creamer', 123, 1, '2022-11-18 00:00:35', '2022-11-18 00:00:35'),
(173, 81, 36, 6, 'All Natural Italian-Style Chicken Meatballs', 70, 1, '2022-11-18 00:00:35', '2022-11-18 00:00:35'),
(174, 81, 37, 6, 'Pepperidge Farm Farmhouse Bread', 450, 1, '2022-11-18 00:00:35', '2022-11-18 00:00:35'),
(175, 81, 36, 6, 'All Natural Italian-Style Chicken Meatballs', 70, 1, '2022-11-18 00:00:35', '2022-11-18 00:00:35'),
(176, 81, 38, 0, 'KOSPET TANK T1 MIL-STD Waterproof Smartwatch', 10, 3, '2022-11-18 00:00:35', '2022-11-18 00:00:35'),
(177, 81, 38, 0, 'KOSPET TANK T1 MIL-STD Waterproof Smartwatch', 10, 1, '2022-11-18 00:00:35', '2022-11-18 00:00:35'),
(178, 82, 36, 6, 'All Natural Italian-Style Chicken Meatballs', 70, 1, '2022-11-18 02:57:47', '2022-11-18 02:57:47'),
(179, 82, 38, 0, 'KOSPET TANK T1 MIL-STD Waterproof Smartwatch', 10, 1, '2022-11-18 02:57:47', '2022-11-18 02:57:47'),
(180, 82, 37, 6, 'Pepperidge Farm Farmhouse Bread', 450, 1, '2022-11-18 02:57:47', '2022-11-18 02:57:47'),
(181, 83, 10, 0, 'Seeds of Change Brown & Red Rice', 123, 1, '2022-11-18 04:30:28', '2022-11-18 04:30:28'),
(182, 83, 36, 6, 'All Natural Italian-Style Chicken Meatballs', 70, 1, '2022-11-18 04:30:28', '2022-11-18 04:30:28'),
(183, 83, 2, 0, 'Sahale Asias Sesame Edamame Snacks', 70.4, 1, '2022-11-18 04:30:28', '2022-11-18 04:30:28'),
(184, 84, 36, 6, 'All Natural Italian-Style Chicken Meatballs', 70, 8, '2022-11-19 17:21:22', '2022-11-19 17:21:22'),
(185, 85, 37, 6, 'Pepperidge Farm Farmhouse Bread', 450, 1, '2022-11-20 12:02:44', '2022-11-20 12:02:44'),
(186, 85, 38, 0, 'KOSPET TANK T1 MIL-STD Waterproof Smartwatch', 10, 2, '2022-11-20 12:02:44', '2022-11-20 12:02:44'),
(187, 86, 38, 0, 'KOSPET TANK T1 MIL-STD Waterproof Smartwatch', 10, 5, '2022-11-20 23:40:19', '2022-11-20 23:40:19'),
(188, 86, 10, 0, 'Seeds of Change Brown & Red Rice', 123, 1, '2022-11-20 23:40:19', '2022-11-20 23:40:19'),
(189, 86, 1, 0, 'Eggplant fruit Leucinodes orbonalis', 98.4, 1, '2022-11-20 23:40:19', '2022-11-20 23:40:19'),
(190, 86, 7, 0, 'Watermelon Big Basket', 11.33, 1, '2022-11-20 23:40:19', '2022-11-20 23:40:19'),
(191, 87, 35, 5, 'Nestle Original Coffee-Mate Coffee Creamer', 123, 12, '2022-11-21 20:34:56', '2022-11-21 20:34:56'),
(192, 88, 38, 0, 'KOSPET TANK T1 MIL-STD Waterproof Smartwatch', 10, 1, '2022-11-22 12:32:08', '2022-11-22 12:32:08'),
(193, 88, 4, 0, 'Organic California Spirulina Superfood', 888.8, 4, '2022-11-22 12:32:08', '2022-11-22 12:32:08'),
(194, 88, 7, 0, 'Watermelon Big Basket', 11.33, 1, '2022-11-22 12:32:08', '2022-11-22 12:32:08'),
(195, 88, 1, 0, 'Eggplant fruit Leucinodes orbonalis', 98.4, 3, '2022-11-22 12:32:08', '2022-11-22 12:32:08'),
(196, 88, 1, 0, 'Eggplant fruit Leucinodes orbonalis', 98.4, 2, '2022-11-22 12:32:08', '2022-11-22 12:32:08'),
(197, 88, 1, 0, 'Eggplant fruit Leucinodes orbonalis', 98.4, 1, '2022-11-22 12:32:08', '2022-11-22 12:32:08'),
(198, 89, 38, 0, 'KOSPET TANK T1 MIL-STD Waterproof Smartwatch', 10, 5, '2022-11-22 16:49:41', '2022-11-22 16:49:41'),
(199, 90, 8, 0, 'broiler chicken Egg', 8.888, 1, '2022-11-22 23:38:16', '2022-11-22 23:38:16'),
(200, 90, 37, 6, 'Pepperidge Farm Farmhouse Bread', 450, 1, '2022-11-22 23:38:16', '2022-11-22 23:38:16'),
(201, 90, 1, 0, 'Eggplant fruit Leucinodes orbonalis', 98.4, 1, '2022-11-22 23:38:16', '2022-11-22 23:38:16'),
(202, 90, 6, 0, 'Beef Sirloin Steak', 11.11, 1, '2022-11-22 23:38:16', '2022-11-22 23:38:16'),
(203, 91, 11, 0, 'Crispy Beef Patties', 266.4, 2, '2022-11-23 16:43:19', '2022-11-23 16:43:19'),
(204, 91, 8, 0, 'broiler chicken Egg', 8.888, 2, '2022-11-23 16:43:19', '2022-11-23 16:43:19'),
(205, 92, 7, 0, 'Watermelon Big Basket', 11.33, 2, '2022-11-24 23:18:50', '2022-11-24 23:18:50'),
(206, 92, 8, 0, 'broiler chicken Egg', 8.888, 4, '2022-11-24 23:18:50', '2022-11-24 23:18:50'),
(207, 92, 38, 0, 'KOSPET TANK T1 MIL-STD Waterproof Smartwatch', 10, 1, '2022-11-24 23:18:50', '2022-11-24 23:18:50'),
(208, 92, 4, 0, 'Organic California Spirulina Superfood', 888.8, 1, '2022-11-24 23:18:50', '2022-11-24 23:18:50'),
(209, 93, 36, 6, 'All Natural Italian-Style Chicken Meatballs', 70, 1, '2022-11-26 18:44:38', '2022-11-26 18:44:38'),
(210, 93, 11, 0, 'Crispy Beef Patties', 266.4, 1, '2022-11-26 18:44:38', '2022-11-26 18:44:38'),
(211, 93, 38, 0, 'KOSPET TANK T1 MIL-STD Waterproof Smartwatch', 10, 1, '2022-11-26 18:44:38', '2022-11-26 18:44:38'),
(212, 94, 38, 0, 'KOSPET TANK T1 MIL-STD Waterproof Smartwatch', 10, 4, '2022-11-27 02:01:10', '2022-11-27 02:01:10'),
(213, 94, 36, 6, 'All Natural Italian-Style Chicken Meatballs', 70, 2, '2022-11-27 02:01:10', '2022-11-27 02:01:10'),
(214, 94, 35, 5, 'Nestle Original Coffee-Mate Coffee Creamer', 123, 1, '2022-11-27 02:01:10', '2022-11-27 02:01:10'),
(215, 94, 3, 0, 'Veggie Pops Broccoli Chedda Supersnacks', 54.312, 3, '2022-11-27 02:01:10', '2022-11-27 02:01:10'),
(216, 95, 38, 0, 'KOSPET TANK T1 MIL-STD Waterproof Smartwatch', 10, 1, '2022-11-27 20:24:58', '2022-11-27 20:24:58'),
(217, 95, 4, 0, 'Organic California Spirulina Superfood', 888.8, 1, '2022-11-27 20:24:58', '2022-11-27 20:24:58'),
(218, 95, 3, 0, 'Veggie Pops Broccoli Chedda Supersnacks', 54.312, 1, '2022-11-27 20:24:58', '2022-11-27 20:24:58'),
(219, 95, 11, 0, 'Crispy Beef Patties', 266.4, 1, '2022-11-27 20:24:58', '2022-11-27 20:24:58'),
(220, 95, 4, 0, 'Organic California Spirulina Superfood', 888.8, 1, '2022-11-27 20:24:58', '2022-11-27 20:24:58'),
(221, 95, 4, 0, 'Organic California Spirulina Superfood', 888.8, 1, '2022-11-27 20:24:58', '2022-11-27 20:24:58'),
(222, 95, 4, 0, 'Organic California Spirulina Superfood', 888.8, 1, '2022-11-27 20:24:58', '2022-11-27 20:24:58'),
(223, 95, 4, 0, 'Organic California Spirulina Superfood', 888.8, 1, '2022-11-27 20:24:58', '2022-11-27 20:24:58'),
(224, 95, 4, 0, 'Organic California Spirulina Superfood', 888.8, 1, '2022-11-27 20:24:58', '2022-11-27 20:24:58'),
(225, 96, 38, 0, 'KOSPET TANK T1 MIL-STD Waterproof Smartwatch', 10, 1, '2022-11-28 21:49:52', '2022-11-28 21:49:52'),
(226, 96, 38, 0, 'KOSPET TANK T1 MIL-STD Waterproof Smartwatch', 10, 1, '2022-11-28 21:49:52', '2022-11-28 21:49:52'),
(227, 96, 35, 5, 'Nestle Original Coffee-Mate Coffee Creamer', 123, 2, '2022-11-28 21:49:52', '2022-11-28 21:49:52'),
(228, 97, 38, 0, 'KOSPET TANK T1 MIL-STD Waterproof Smartwatch', 10, 3, '2022-11-28 23:43:55', '2022-11-28 23:43:55'),
(229, 98, 7, 0, 'Watermelon Big Basket', 11.33, 3, '2022-11-30 15:15:41', '2022-11-30 15:15:41'),
(230, 99, 38, 0, 'KOSPET TANK T1 MIL-STD Waterproof Smartwatch', 10, 1, '2022-12-01 23:12:56', '2022-12-01 23:12:56'),
(231, 100, 11, 0, 'Crispy Beef Patties', 266.4, 1, '2022-12-02 16:05:44', '2022-12-02 16:05:44'),
(232, 101, 36, 6, 'All Natural Italian-Style Chicken Meatballs', 70, 5, '2022-12-04 16:50:09', '2022-12-04 16:50:09'),
(233, 101, 32, 3, 'All Natural Italian-Style Chicken Meatballsd', 8, 2, '2022-12-04 16:50:09', '2022-12-04 16:50:09'),
(234, 101, 9, 0, 'Fresh Vegetable Tomato', 9.592, 3, '2022-12-04 16:50:09', '2022-12-04 16:50:09'),
(235, 102, 11, 0, 'Crispy Beef Patties', 266.4, 2, '2022-12-08 19:35:16', '2022-12-08 19:35:16'),
(236, 102, 38, 0, 'KOSPET TANK T1 MIL-STD Waterproof Smartwatch', 10, 2, '2022-12-08 19:35:16', '2022-12-08 19:35:16'),
(237, 102, 35, 5, 'Nestle Original Coffee-Mate Coffee Creamer', 123, 3, '2022-12-08 19:35:16', '2022-12-08 19:35:16'),
(238, 102, 38, 0, 'KOSPET TANK T1 MIL-STD Waterproof Smartwatch', 10, 2, '2022-12-08 19:35:16', '2022-12-08 19:35:16'),
(239, 102, 38, 0, 'KOSPET TANK T1 MIL-STD Waterproof Smartwatch', 10, 1, '2022-12-08 19:35:16', '2022-12-08 19:35:16'),
(240, 102, 37, 6, 'Pepperidge Farm Farmhouse Bread', 450, 3, '2022-12-08 19:35:16', '2022-12-08 19:35:16'),
(241, 103, 37, 6, 'Pepperidge Farm Farmhouse Bread', 450, 3, '2022-12-08 20:15:19', '2022-12-08 20:15:19'),
(242, 104, 35, 5, 'Nestle Original Coffee-Mate Coffee Creamer', 123, 2, '2022-12-11 21:03:13', '2022-12-11 21:03:13'),
(243, 105, 37, 6, 'Pepperidge Farm Farmhouse Bread', 450, 3, '2022-12-12 15:41:05', '2022-12-12 15:41:05'),
(244, 105, 34, 4, 'Perdue Simply Smart Organics Gluten Free', 15, 1, '2022-12-12 15:41:05', '2022-12-12 15:41:05'),
(245, 106, 38, 0, 'KOSPET TANK T1 MIL-STD Waterproof Smartwatch', 10, 1, '2022-12-17 21:04:20', '2022-12-17 21:04:20'),
(246, 107, 37, 6, 'Pepperidge Farm Farmhouse Bread', 450, 1, '2023-01-16 15:41:29', '2023-01-16 15:41:29'),
(247, 108, 37, 6, 'Pepperidge Farm Farmhouse Bread', 450, 2, '2023-01-16 20:51:00', '2023-01-16 20:51:00'),
(248, 109, 38, 0, 'KOSPET TANK T1 MIL-STD Waterproof Smartwatch', 10, 1, '2023-01-16 20:57:09', '2023-01-16 20:57:09'),
(249, 110, 26, 1, 'Naturally Flavored Cinnamon Coffee', 50, 3, '2023-01-17 01:00:43', '2023-01-17 01:00:43'),
(250, 110, 26, 1, 'Naturally Flavored Cinnamon Coffee', 50, 1, '2023-01-17 01:00:43', '2023-01-17 01:00:43'),
(251, 110, 11, 0, 'Crispy Beef Patties', 266.4, 1, '2023-01-17 01:00:43', '2023-01-17 01:00:43'),
(252, 110, 11, 0, 'Crispy Beef Patties', 266.4, 1, '2023-01-17 01:00:43', '2023-01-17 01:00:43'),
(253, 111, 11, 0, 'Crispy Beef Patties', 266.4, 1, '2023-01-17 15:59:11', '2023-01-17 15:59:11'),
(254, 111, 10, 0, 'Seeds of Change Brown & Red Rice', 123, 1, '2023-01-17 15:59:11', '2023-01-17 15:59:11'),
(255, 111, 9, 0, 'Fresh Vegetable Tomato', 9.592, 1, '2023-01-17 15:59:11', '2023-01-17 15:59:11'),
(256, 112, 37, 6, 'Pepperidge Farm Farmhouse Bread', 450, 2, '2023-01-21 23:09:27', '2023-01-21 23:09:27'),
(257, 112, 36, 6, 'All Natural Italian-Style Chicken Meatballs', 70, 1, '2023-01-21 23:09:27', '2023-01-21 23:09:27'),
(258, 113, 32, 3, 'All Natural Italian-Style Chicken Meatballsd', 8, 1, '2023-01-23 16:39:20', '2023-01-23 16:39:20'),
(259, 114, 2, 0, 'Sahale Asias Sesame Edamame Snacks', 70.4, 1, '2023-02-11 22:00:26', '2023-02-11 22:00:26'),
(260, 114, 3, 0, 'Veggie Pops Broccoli Chedda Supersnacks', 54.312, 1, '2023-02-11 22:00:26', '2023-02-11 22:00:26'),
(261, 114, 5, 0, 'Brokoli Fresh Vegetable', 35.43, 1, '2023-02-11 22:00:26', '2023-02-11 22:00:26'),
(262, 115, 38, 0, 'Classic Oxford Shirt', 20, 2, '2023-03-23 07:06:46', '2023-03-23 07:06:46'),
(263, 115, 38, 0, 'Classic Oxford Shirt', 20, 1, '2023-03-23 07:06:46', '2023-03-23 07:06:46'),
(264, 115, 13, 0, 'Slim-Fit Chinos', 133, 3, '2023-03-23 07:06:46', '2023-03-23 07:06:46'),
(265, 116, 36, 6, 'Trendy Bucket Hat', 70, 1, '2023-03-23 08:14:01', '2023-03-23 08:14:01'),
(266, 117, 32, 3, 'Casual Denim Jacket', 8, 4, '2023-03-26 05:31:49', '2023-03-26 05:31:49'),
(267, 117, 37, 6, 'Feminine Wrap Blouse', 450, 1, '2023-03-26 05:31:49', '2023-03-26 05:31:49'),
(268, 117, 11, 0, 'Leather Dress Shoes', 266.4, 1, '2023-03-26 05:31:49', '2023-03-26 05:31:49'),
(269, 118, 38, 0, 'Classic Oxford Shirt', 20, 1, '2023-03-26 09:02:55', '2023-03-26 09:02:55'),
(270, 119, 9, 0, 'Leather Messenger Bag', 9.592, 1, '2023-03-26 09:11:08', '2023-03-26 09:11:08'),
(271, 120, 38, 0, 'Classic Oxford Shirt', 20, 3, '2023-05-27 04:43:38', '2023-05-27 04:43:38'),
(272, 121, 11, 0, 'Leather Dress Shoes', 266.4, 2, '2023-05-27 06:03:47', '2023-05-27 06:03:47'),
(273, 121, 38, 0, 'Classic Oxford Shirt', 20, 3, '2023-05-27 06:03:47', '2023-05-27 06:03:47'),
(274, 121, 37, 6, 'Feminine Wrap Blouse', 450, 1, '2023-05-27 06:03:47', '2023-05-27 06:03:47'),
(275, 121, 36, 6, 'Trendy Bucket Hat', 70, 1, '2023-05-27 06:03:47', '2023-05-27 06:03:47'),
(276, 121, 32, 3, 'Casual Denim Jacket', 8, 1, '2023-05-27 06:03:47', '2023-05-27 06:03:47'),
(277, 121, 9, 0, 'Leather Messenger Bag', 9.592, 1, '2023-05-27 06:03:47', '2023-05-27 06:03:47'),
(278, 121, 2, 0, 'Slim-Fit Blazer', 70.4, 1, '2023-05-27 06:03:47', '2023-05-27 06:03:47'),
(279, 121, 8, 0, 'Hooded Sweatshirt', 8.888, 1, '2023-05-27 06:03:47', '2023-05-27 06:03:47'),
(280, 121, 35, 5, 'Romantic Lace Dress', 123, 1, '2023-05-27 06:03:47', '2023-05-27 06:03:47'),
(281, 121, 10, 0, 'Wool Peacoat', 123, 1, '2023-05-27 06:03:47', '2023-05-27 06:03:47'),
(282, 122, 38, 0, 'Classic Oxford Shirt', 20, 1, '2023-05-27 07:57:33', '2023-05-27 07:57:33'),
(283, 122, 9, 0, 'Leather Messenger Bag', 9.592, 1, '2023-05-27 07:57:33', '2023-05-27 07:57:33'),
(284, 123, 37, 6, 'Feminine Wrap Blouse', 450, 2, '2023-05-27 08:02:47', '2023-05-27 08:02:47'),
(285, 124, 38, 0, 'Classic Oxford Shirt', 20, 1, '2023-05-27 08:07:19', '2023-05-27 08:07:19'),
(286, 125, 36, 6, 'Trendy Bucket Hat', 70, 1, '2023-05-27 08:23:47', '2023-05-27 08:23:47'),
(287, 125, 7, 0, 'Performance Polo Shirt', 11.33, 1, '2023-05-27 08:23:48', '2023-05-27 08:23:48'),
(288, 125, 11, 0, 'Leather Dress Shoes', 266.4, 1, '2023-05-27 08:23:48', '2023-05-27 08:23:48'),
(289, 126, 38, 0, 'Classic Oxford Shirt', 20, 3, '2023-05-27 08:26:29', '2023-05-27 08:26:29'),
(290, 127, 9, 0, 'Leather Messenger Bag', 9.592, 2, '2023-05-27 08:32:11', '2023-05-27 08:32:11'),
(291, 128, 11, 0, 'Leather Dress Shoes', 266.4, 1, '2023-05-27 08:35:27', '2023-05-27 08:35:27'),
(292, 128, 36, 6, 'Trendy Bucket Hat', 70, 1, '2023-05-27 08:35:27', '2023-05-27 08:35:27'),
(293, 129, 38, 0, 'Classic Oxford Shirt', 20, 1, '2023-05-27 08:39:33', '2023-05-27 08:39:33'),
(294, 129, 3, 0, 'Wool Scarf', 54.312, 2, '2023-05-27 08:39:33', '2023-05-27 08:39:33'),
(295, 130, 38, 0, 'Classic Oxford Shirt', 20, 1, '2023-05-27 08:42:39', '2023-05-27 08:42:39');

-- --------------------------------------------------------

--
-- Table structure for table `order_product_variants`
--

CREATE TABLE `order_product_variants` (
  `id` bigint(20) UNSIGNED NOT NULL,
  `order_product_id` int(11) NOT NULL,
  `product_id` int(11) NOT NULL,
  `variant_name` varchar(255) COLLATE utf8mb4_unicode_ci DEFAULT NULL,
  `variant_value` varchar(255) COLLATE utf8mb4_unicode_ci DEFAULT NULL,
  `created_at` timestamp NULL DEFAULT NULL,
  `updated_at` timestamp NULL DEFAULT NULL
) ENGINE=InnoDB DEFAULT CHARSET=utf8mb4 COLLATE=utf8mb4_unicode_ci;

--
-- Dumping data for table `order_product_variants`
--

INSERT INTO `order_product_variants` (`id`, `order_product_id`, `product_id`, `variant_name`, `variant_value`, `created_at`, `updated_at`) VALUES
(2, 262, 38, 'Size', 'xl', '2023-03-23 07:06:46', '2023-03-23 07:06:46'),
(3, 263, 38, 'Size', 'xl', '2023-03-23 07:06:46', '2023-03-23 07:06:46'),
(4, 269, 38, 'Size', 'xl', '2023-03-26 09:02:55', '2023-03-26 09:02:55'),
(5, 271, 38, 'Size', 'xl', '2023-05-27 04:43:38', '2023-05-27 04:43:38'),
(6, 273, 38, 'Size', 'xl', '2023-05-27 06:03:47', '2023-05-27 06:03:47'),
(7, 282, 38, 'Size', 'xl', '2023-05-27 07:57:33', '2023-05-27 07:57:33'),
(8, 285, 38, 'Size', 'xl', '2023-05-27 08:07:19', '2023-05-27 08:07:19'),
(9, 289, 38, 'Size', 'xl', '2023-05-27 08:26:29', '2023-05-27 08:26:29'),
(10, 293, 38, 'Size', 'xl', '2023-05-27 08:39:33', '2023-05-27 08:39:33'),
(11, 295, 38, 'Size', 'xl', '2023-05-27 08:42:39', '2023-05-27 08:42:39');

-- --------------------------------------------------------

--
-- Table structure for table `popular_categories`
--

CREATE TABLE `popular_categories` (
  `id` bigint(20) UNSIGNED NOT NULL,
  `category_id` int(10) DEFAULT 0,
  `created_at` timestamp NULL DEFAULT NULL,
  `updated_at` timestamp NULL DEFAULT NULL
) ENGINE=InnoDB DEFAULT CHARSET=utf8mb4 COLLATE=utf8mb4_unicode_ci;

--
-- Dumping data for table `popular_categories`
--

INSERT INTO `popular_categories` (`id`, `category_id`, `created_at`, `updated_at`) VALUES
(1, 3, '2022-09-20 07:14:58', '2022-09-20 07:14:58'),
(2, 1, '2022-09-20 07:15:05', '2022-09-20 07:15:05'),
(3, 2, '2022-09-20 07:15:11', '2022-09-20 07:15:11');

-- --------------------------------------------------------

--
-- Table structure for table `popular_posts`
--

CREATE TABLE `popular_posts` (
  `id` bigint(20) UNSIGNED NOT NULL,
  `blog_id` int(11) NOT NULL,
  `status` int(11) NOT NULL,
  `created_at` timestamp NULL DEFAULT NULL,
  `updated_at` timestamp NULL DEFAULT NULL
) ENGINE=InnoDB DEFAULT CHARSET=utf8mb4 COLLATE=utf8mb4_unicode_ci;

--
-- Dumping data for table `popular_posts`
--

INSERT INTO `popular_posts` (`id`, `blog_id`, `status`, `created_at`, `updated_at`) VALUES
(1, 2, 1, '2022-09-22 10:19:05', '2022-09-22 10:19:05'),
(2, 5, 1, '2022-09-22 10:19:08', '2022-09-22 10:19:08'),
(3, 4, 1, '2022-09-22 10:19:10', '2022-09-22 10:19:10'),
(4, 3, 1, '2022-09-22 10:19:22', '2022-09-22 10:19:22');

-- --------------------------------------------------------

--
-- Table structure for table `products`
--

CREATE TABLE `products` (
  `id` bigint(20) UNSIGNED NOT NULL,
  `name` varchar(255) COLLATE utf8mb4_unicode_ci NOT NULL,
  `short_name` varchar(255) COLLATE utf8mb4_unicode_ci NOT NULL,
  `slug` varchar(255) COLLATE utf8mb4_unicode_ci NOT NULL,
  `thumb_image` varchar(255) COLLATE utf8mb4_unicode_ci NOT NULL,
  `vendor_id` int(11) NOT NULL DEFAULT 0,
  `category_id` int(11) NOT NULL,
  `sub_category_id` int(11) NOT NULL DEFAULT 0,
  `child_category_id` int(11) NOT NULL DEFAULT 0,
  `brand_id` int(11) NOT NULL DEFAULT 0,
  `qty` int(11) NOT NULL DEFAULT 0,
  `weight` varchar(255) COLLATE utf8mb4_unicode_ci NOT NULL DEFAULT '0',
  `sold_qty` int(11) NOT NULL DEFAULT 0,
  `short_description` text COLLATE utf8mb4_unicode_ci NOT NULL,
  `long_description` longtext COLLATE utf8mb4_unicode_ci NOT NULL,
  `video_link` varchar(255) COLLATE utf8mb4_unicode_ci DEFAULT NULL,
  `sku` varchar(255) COLLATE utf8mb4_unicode_ci DEFAULT NULL,
  `seo_title` text COLLATE utf8mb4_unicode_ci NOT NULL,
  `seo_description` text COLLATE utf8mb4_unicode_ci NOT NULL,
  `price` double NOT NULL,
  `offer_price` double DEFAULT NULL,
  `tags` text COLLATE utf8mb4_unicode_ci DEFAULT NULL,
  `show_homepage` tinyint(4) NOT NULL DEFAULT 0,
  `is_undefine` tinyint(4) NOT NULL DEFAULT 0,
  `is_featured` tinyint(4) NOT NULL DEFAULT 0,
  `new_product` tinyint(4) NOT NULL DEFAULT 0,
  `is_top` tinyint(4) NOT NULL DEFAULT 0,
  `is_best` tinyint(4) NOT NULL DEFAULT 0,
  `status` tinyint(4) NOT NULL DEFAULT 0,
  `is_specification` int(10) NOT NULL DEFAULT 1,
  `approve_by_admin` tinyint(1) NOT NULL DEFAULT 0,
  `created_at` timestamp NULL DEFAULT NULL,
  `updated_at` timestamp NULL DEFAULT NULL
) ENGINE=InnoDB DEFAULT CHARSET=utf8mb4 COLLATE=utf8mb4_unicode_ci;

--
-- Dumping data for table `products`
--

INSERT INTO `products` (`id`, `name`, `short_name`, `slug`, `thumb_image`, `vendor_id`, `category_id`, `sub_category_id`, `child_category_id`, `brand_id`, `qty`, `weight`, `sold_qty`, `short_description`, `long_description`, `video_link`, `sku`, `seo_title`, `seo_description`, `price`, `offer_price`, `tags`, `show_homepage`, `is_undefine`, `is_featured`, `new_product`, `is_top`, `is_best`, `status`, `is_specification`, `approve_by_admin`, `created_at`, `updated_at`) VALUES
(1, 'Suede Desert Boots', 'Suede', 'suede-desert-boots', 'uploads/custom-images/eggplant-fruit-leucinodes-orbonalis-2022-12-11-06-27-58-5250.png', 0, 3, 0, 0, 4, 93, '222', 0, 'Our Suede Desert Boots are made with high-quality suede and feature a modern, stylish design. They\'re perfect for any casual occasion and come in a variety of colors.', '<p class=\"p1\">Introducing the latest addition to our collection, the \"Ultra-Soft Lounge Pants.\" Made from a luxurious blend of cotton and polyester, these pants are designed with comfort in mind. The ultra-soft material is perfect for lounging around the house, but stylish enough to wear out and about. With their elastic waistband and drawstring tie, they offer a custom fit for ultimate comfort. These lounge pants are available in a range of colors and sizes, making them the perfect addition to any wardrobe. Whether you\'re relaxing at home or running errands, you won\'t want to take these pants off. Order now and experience the ultimate in comfort and style!<br><br>Looking for the perfect outfit to wear to your next event? Look no further than our \"Glamorous Sequin Dress.\" This stunning dress features a flattering A-line silhouette, with a fully lined sequin bodice and flowing chiffon skirt. The dress also features a deep V-neckline and delicate spaghetti straps, adding a touch of elegance and sophistication. Perfect for proms, weddings, or any formal event, this dress will have you turning heads all night long. Choose from a range of sizes and colors to find the perfect fit for you. Make a statement at your next event with the \"Glamorous Sequin Dress.\" Order now and get ready to dazzle!</p>', NULL, 'bigshop12345', 'ShopUS: Your One-Stop Destination for Fashion and Style', 'ShopUS: Your One-Stop Destination for Fashion and Style', 123, NULL, NULL, 0, 1, 1, 0, 0, 1, 1, 0, 1, '2022-09-20 07:22:29', '2023-03-22 09:00:03'),
(2, 'Slim-Fit Blazer', 'Blazer', 'slimfit-blazer', 'uploads/custom-images/sahale-asias-sesame-edamame-snacks-2022-12-11-06-27-48-5633.png', 0, 2, 4, 0, 0, 226, '133', 0, 'Our Slim-Fit Blazer is made with high-quality wool and features a modern, slim fit. It\'s perfect for any formal occasion and comes in a variety of colors. Our Slim-Fit Blazer is made with high-quality wool and features a modern, slim fit. It\'s perfect for any formal occasion and comes in a variety of colors.', '<p class=\"p1\">Introducing the latest addition to our collection, the \"Ultra-Soft Lounge Pants.\" Made from a luxurious blend of cotton and polyester, these pants are designed with comfort in mind. The ultra-soft material is perfect for lounging around the house, but stylish enough to wear out and about. With their elastic waistband and drawstring tie, they offer a custom fit for ultimate comfort. These lounge pants are available in a range of colors and sizes, making them the perfect addition to any wardrobe. Whether you\'re relaxing at home or running errands, you won\'t want to take these pants off. Order now and experience the ultimate in comfort and style!<br><br>Looking for the perfect outfit to wear to your next event? Look no further than our \"Glamorous Sequin Dress.\" This stunning dress features a flattering A-line silhouette, with a fully lined sequin bodice and flowing chiffon skirt. The dress also features a deep V-neckline and delicate spaghetti straps, adding a touch of elegance and sophistication. Perfect for proms, weddings, or any formal event, this dress will have you turning heads all night long. Choose from a range of sizes and colors to find the perfect fit for you. Make a statement at your next event with the \"Glamorous Sequin Dress.\" Order now and get ready to dazzle!</p>', NULL, 'bigshop1234566', 'ShopUS: Your One-Stop Destination for Fashion and Style', 'ShopUS: Your One-Stop Destination for Fashion and Style', 88, NULL, NULL, 0, 1, 0, 1, 1, 1, 1, 0, 1, '2022-09-20 07:32:02', '2023-05-27 06:03:47'),
(3, 'Wool Scarf', 'Scarf', 'wool-scarf', 'uploads/custom-images/veggie-pops-broccoli-chedda-supersnacks-2022-12-11-06-27-27-3457.png', 0, 2, 5, 0, 3, 34, '133', 0, 'Stay warm and stylish this winter with our Wool Scarf. Made with a thick, cozy wool blend and featuring a classic design, it\'s the perfect accessory for any cold weather occasion. Stay warm and stylish this winter with our Wool Scarf. Made with a thick, cozy wool blend and featuring a classic design, it\'s the perfect accessory for any cold weather occasion', '<p class=\"p1\">Introducing the latest addition to our collection, the \"Ultra-Soft Lounge Pants.\" Made from a luxurious blend of cotton and polyester, these pants are designed with comfort in mind. The ultra-soft material is perfect for lounging around the house, but stylish enough to wear out and about. With their elastic waistband and drawstring tie, they offer a custom fit for ultimate comfort. These lounge pants are available in a range of colors and sizes, making them the perfect addition to any wardrobe. Whether you\'re relaxing at home or running errands, you won\'t want to take these pants off. Order now and experience the ultimate in comfort and style!<br><br>Looking for the perfect outfit to wear to your next event? Look no further than our \"Glamorous Sequin Dress.\" This stunning dress features a flattering A-line silhouette, with a fully lined sequin bodice and flowing chiffon skirt. The dress also features a deep V-neckline and delicate spaghetti straps, adding a touch of elegance and sophistication. Perfect for proms, weddings, or any formal event, this dress will have you turning heads all night long. Choose from a range of sizes and colors to find the perfect fit for you. Make a statement at your next event with the \"Glamorous Sequin Dress.\" Order now and get ready to dazzle!</p>', NULL, 'bigshop123451', 'ShopUS: Your One-Stop Destination for Fashion and Style', 'ShopUS: Your One-Stop Destination for Fashion and Style', 88.88, 67.89, NULL, 0, 1, 0, 1, 1, 1, 1, 0, 1, '2022-09-20 07:33:46', '2023-05-27 08:39:33'),
(4, 'Leather Watch', 'Watch', 'leather-watch', 'uploads/custom-images/organic-california-spirulina-superfood-2022-12-11-06-27-18-6079.png', 0, 2, 6, 0, 3, -5, '133', 0, 'Our Leather Watch is a timeless accessory that every man should have in his collection. Made with high-quality leather and featuring a sleek, modern design, it\'s the perfect finishing touch to any outfit.', '<p class=\"p1\">Introducing the latest addition to our collection, the \"Ultra-Soft Lounge Pants.\" Made from a luxurious blend of cotton and polyester, these pants are designed with comfort in mind. The ultra-soft material is perfect for lounging around the house, but stylish enough to wear out and about. With their elastic waistband and drawstring tie, they offer a custom fit for ultimate comfort. These lounge pants are available in a range of colors and sizes, making them the perfect addition to any wardrobe. Whether you\'re relaxing at home or running errands, you won\'t want to take these pants off. Order now and experience the ultimate in comfort and style!<br><br>Looking for the perfect outfit to wear to your next event? Look no further than our \"Glamorous Sequin Dress.\" This stunning dress features a flattering A-line silhouette, with a fully lined sequin bodice and flowing chiffon skirt. The dress also features a deep V-neckline and delicate spaghetti straps, adding a touch of elegance and sophistication. Perfect for proms, weddings, or any formal event, this dress will have you turning heads all night long. Choose from a range of sizes and colors to find the perfect fit for you. Make a statement at your next event with the \"Glamorous Sequin Dress.\" Order now and get ready to dazzle!</p>', NULL, 'bigshop1234515', 'ShopUS: Your One-Stop Destination for Fashion and Style', 'ShopUS: Your One-Stop Destination for Fashion and Style', 1111, NULL, NULL, 0, 1, 1, 0, 0, 0, 1, 0, 1, '2022-09-20 07:37:26', '2023-04-06 10:45:45'),
(5, 'Denim Jacket', 'Denim', 'denim-jacket', 'uploads/custom-images/brokoli-fresh-vegetable-2022-12-11-06-26-42-7989.png', 0, 10, 9, 0, 5, 31, '234', 0, 'A classic piece that never goes out of style, our Denim Jacket is made with high-quality denim and features a modern, slim fit. It\'s perfect for layering and comes in a variety of washes. A classic piece that never goes out of style, our Denim Jacket .', '<p class=\"p1\">Introducing the latest addition to our collection, the \"Ultra-Soft Lounge Pants.\" Made from a luxurious blend of cotton and polyester, these pants are designed with comfort in mind. The ultra-soft material is perfect for lounging around the house, but stylish enough to wear out and about. With their elastic waistband and drawstring tie, they offer a custom fit for ultimate comfort. These lounge pants are available in a range of colors and sizes, making them the perfect addition to any wardrobe. Whether you\'re relaxing at home or running errands, you won\'t want to take these pants off. Order now and experience the ultimate in comfort and style!<br><br>Looking for the perfect outfit to wear to your next event? Look no further than our \"Glamorous Sequin Dress.\" This stunning dress features a flattering A-line silhouette, with a fully lined sequin bodice and flowing chiffon skirt. The dress also features a deep V-neckline and delicate spaghetti straps, adding a touch of elegance and sophistication. Perfect for proms, weddings, or any formal event, this dress will have you turning heads all night long. Choose from a range of sizes and colors to find the perfect fit for you. Make a statement at your next event with the \"Glamorous Sequin Dress.\" Order now and get ready to dazzle!</p>', NULL, 'bigshop123456633', 'ShopUS: Your One-Stop Destination for Fashion and Style', 'ShopUS: Your One-Stop Destination for Fashion and Style', 99.88, 35.43, NULL, 0, 1, 0, 1, 0, 1, 1, 0, 1, '2022-09-20 07:42:50', '2023-04-06 10:44:03'),
(6, 'Wool Suit Jacket', 'Suit', 'wool-suit-jacket', 'uploads/custom-images/beef-sirloin-steak-2022-12-11-06-26-32-6783.png', 0, 10, 8, 0, 2, 21, '21', 0, 'Our Wool Suit Jacket is made with high-quality wool and features a modern, slim fit. It\'s perfect for any formal occasion and comes in a variety of colors. Our Wool Suit Jacket is made with high-quality wool and features a modern, slim fit. It\'s perfect for any formal occasion and comes in a variety of colors.', '<p class=\"p1\">Introducing the latest addition to our collection, the \"Ultra-Soft Lounge Pants.\" Made from a luxurious blend of cotton and polyester, these pants are designed with comfort in mind. The ultra-soft material is perfect for lounging around the house, but stylish enough to wear out and about. With their elastic waistband and drawstring tie, they offer a custom fit for ultimate comfort. These lounge pants are available in a range of colors and sizes, making them the perfect addition to any wardrobe. Whether you\'re relaxing at home or running errands, you won\'t want to take these pants off. Order now and experience the ultimate in comfort and style!<br><br>Looking for the perfect outfit to wear to your next event? Look no further than our \"Glamorous Sequin Dress.\" This stunning dress features a flattering A-line silhouette, with a fully lined sequin bodice and flowing chiffon skirt. The dress also features a deep V-neckline and delicate spaghetti straps, adding a touch of elegance and sophistication. Perfect for proms, weddings, or any formal event, this dress will have you turning heads all night long. Choose from a range of sizes and colors to find the perfect fit for you. Make a statement at your next event with the \"Glamorous Sequin Dress.\" Order now and get ready to dazzle!</p>', NULL, 'bigshop1234512', 'ShopUS: Your One-Stop Destination for Fashion and Style', 'ShopUS: Your One-Stop Destination for Fashion and Style', 11.11, NULL, NULL, 0, 1, 0, 0, 0, 1, 1, 0, 1, '2022-09-20 07:44:22', '2023-04-06 10:43:48'),
(7, 'Performance Polo Shirt', 'Performance', 'performance-polo-shirt', 'uploads/custom-images/watermelon-big-basket-2022-12-11-06-26-22-1061.png', 0, 3, 0, 0, 4, 0, '33', 0, 'Our Performance Polo Shirt is made with moisture-wicking fabric that\'s perfect for staying cool and comfortable on hot days. It features a classic design and comes in a variety of colors. Our Performance Polo Shirt is made with moisture-wicking fabric that\'s perfect for staying cool and comfortable on hot days. It features a classic design and comes in a variety of colors.', '<p class=\"p1\">Introducing the latest addition to our collection, the \"Ultra-Soft Lounge Pants.\" Made from a luxurious blend of cotton and polyester, these pants are designed with comfort in mind. The ultra-soft material is perfect for lounging around the house, but stylish enough to wear out and about. With their elastic waistband and drawstring tie, they offer a custom fit for ultimate comfort. These lounge pants are available in a range of colors and sizes, making them the perfect addition to any wardrobe. Whether you\'re relaxing at home or running errands, you won\'t want to take these pants off. Order now and experience the ultimate in comfort and style!<br><br>Looking for the perfect outfit to wear to your next event? Look no further than our \"Glamorous Sequin Dress.\" This stunning dress features a flattering A-line silhouette, with a fully lined sequin bodice and flowing chiffon skirt. The dress also features a deep V-neckline and delicate spaghetti straps, adding a touch of elegance and sophistication. Perfect for proms, weddings, or any formal event, this dress will have you turning heads all night long. Choose from a range of sizes and colors to find the perfect fit for you. Make a statement at your next event with the \"Glamorous Sequin Dress.\" Order now and get ready to dazzle!</p>', NULL, 'bigshop12993452', 'ShopUS: Your One-Stop Destination for Fashion and Style', 'ShopUS: Your One-Stop Destination for Fashion and Style', 11.33, NULL, NULL, 0, 1, 1, 1, 0, 1, 1, 0, 1, '2022-09-20 07:46:26', '2023-05-27 08:23:48'),
(8, 'Hooded Sweatshirt', 'Sweatshirt', 'hooded-sweatshirt', 'uploads/custom-images/broiler-chicken-egg-2022-12-11-06-26-11-2317.png', 0, 1, 3, 0, 0, 32, '12', 0, 'Our Hooded Sweatshirt is made with a soft, comfortable cotton blend and features a modern, slim fit. It\'s perfect for layering and comes in a variety of colors. Our Hooded Sweatshirt is made with a soft, comfortable cotton blend and features a modern, slim fit. It\'s perfect for layering and comes in a variety of colors.', '<p class=\"p1\">Introducing the latest addition to our collection, the \"Ultra-Soft Lounge Pants.\" Made from a luxurious blend of cotton and polyester, these pants are designed with comfort in mind. The ultra-soft material is perfect for lounging around the house, but stylish enough to wear out and about. With their elastic waistband and drawstring tie, they offer a custom fit for ultimate comfort. These lounge pants are available in a range of colors and sizes, making them the perfect addition to any wardrobe. Whether you\'re relaxing at home or running errands, you won\'t want to take these pants off. Order now and experience the ultimate in comfort and style!<br><br>Looking for the perfect outfit to wear to your next event? Look no further than our \"Glamorous Sequin Dress.\" This stunning dress features a flattering A-line silhouette, with a fully lined sequin bodice and flowing chiffon skirt. The dress also features a deep V-neckline and delicate spaghetti straps, adding a touch of elegance and sophistication. Perfect for proms, weddings, or any formal event, this dress will have you turning heads all night long. Choose from a range of sizes and colors to find the perfect fit for you. Make a statement at your next event with the \"Glamorous Sequin Dress.\" Order now and get ready to dazzle!</p>', NULL, 'bigshop12345133', 'ShopUS: Your One-Stop Destination for Fashion and Style', 'ShopUS: Your One-Stop Destination for Fashion and Style', 11.11, NULL, NULL, 0, 1, 1, 0, 1, 1, 1, 0, 1, '2022-09-20 07:49:30', '2023-05-27 06:03:47'),
(9, 'Leather Messenger Bag', 'Leather', 'leather-messenger-bag', 'uploads/custom-images/fresh-vegetable-tomato-2022-12-11-06-26-00-8265.png', 0, 4, 0, 0, 0, 20, '55', 0, 'Keep your essentials organized and within reach with our Leather Messenger Bag. Made with high-quality leather and featuring multiple pockets and compartments, it\'s the perfect accessory for any man on the go.', '<p class=\"p1\">Introducing the latest addition to our collection, the \"Ultra-Soft Lounge Pants.\" Made from a luxurious blend of cotton and polyester, these pants are designed with comfort in mind. The ultra-soft material is perfect for lounging around the house, but stylish enough to wear out and about. With their elastic waistband and drawstring tie, they offer a custom fit for ultimate comfort. These lounge pants are available in a range of colors and sizes, making them the perfect addition to any wardrobe. Whether you\'re relaxing at home or running errands, you won\'t want to take these pants off. Order now and experience the ultimate in comfort and style!<br><br>Looking for the perfect outfit to wear to your next event? Look no further than our \"Glamorous Sequin Dress.\" This stunning dress features a flattering A-line silhouette, with a fully lined sequin bodice and flowing chiffon skirt. The dress also features a deep V-neckline and delicate spaghetti straps, adding a touch of elegance and sophistication. Perfect for proms, weddings, or any formal event, this dress will have you turning heads all night long. Choose from a range of sizes and colors to find the perfect fit for you. Make a statement at your next event with the \"Glamorous Sequin Dress.\" Order now and get ready to dazzle!</p>', NULL, 'bigshop1234522', 'ShopUS: Your One-Stop Destination for Fashion and Style', 'ShopUS: Your One-Stop Destination for Fashion and Style', 33, 11.99, NULL, 0, 1, 1, 1, 0, 1, 1, 0, 1, '2022-09-20 07:56:37', '2023-05-27 08:32:11'),
(10, 'Wool Peacoat', 'Peacoat', 'wool-peacoat', 'uploads/custom-images/seeds-of-change-brown-red-rice-2022-12-11-06-25-49-9464.png', 0, 4, 0, 0, 4, 16, '123', 0, 'Stay warm and stylish this winter with our Wool Peacoat. Made with a thick wool blend and featuring a classic design, it\'s the perfect outerwear choice for any cold weather occasion.', '<p class=\"p1\">Introducing the latest addition to our collection, the \"Ultra-Soft Lounge Pants.\" Made from a luxurious blend of cotton and polyester, these pants are designed with comfort in mind. The ultra-soft material is perfect for lounging around the house, but stylish enough to wear out and about. With their elastic waistband and drawstring tie, they offer a custom fit for ultimate comfort. These lounge pants are available in a range of colors and sizes, making them the perfect addition to any wardrobe. Whether you\'re relaxing at home or running errands, you won\'t want to take these pants off. Order now and experience the ultimate in comfort and style!<br><br>Looking for the perfect outfit to wear to your next event? Look no further than our \"Glamorous Sequin Dress.\" This stunning dress features a flattering A-line silhouette, with a fully lined sequin bodice and flowing chiffon skirt. The dress also features a deep V-neckline and delicate spaghetti straps, adding a touch of elegance and sophistication. Perfect for proms, weddings, or any formal event, this dress will have you turning heads all night long. Choose from a range of sizes and colors to find the perfect fit for you. Make a statement at your next event with the \"Glamorous Sequin Dress.\" Order now and get ready to dazzle!</p>', NULL, 'bigshop123456622', 'ShopUS: Your One-Stop Destination for Fashion and Style', 'ShopUS: Your One-Stop Destination for Fashion and Style', 123, NULL, NULL, 0, 1, 1, 1, 0, 1, 1, 0, 1, '2022-09-20 07:58:06', '2023-05-27 06:03:47'),
(11, 'Leather Dress Shoes', 'Shoes', 'leather-dress-shoes', 'uploads/custom-images/leather-dress-shoes-2023-03-23-12-14-51-7518.png', 0, 10, 7, 0, 1, 28, '44', 0, 'Every man needs a great pair of dress shoes in his wardrobe, and our Leather Dress Shoes are the perfect choice. Made with high-quality leather and featuring a sleek, modern design, they\'re sure to impress.', '<p class=\"p1\">Introducing the latest addition to our collection, the \"Ultra-Soft Lounge Pants.\" Made from a luxurious blend of cotton and polyester, these pants are designed with comfort in mind. The ultra-soft material is perfect for lounging around the house, but stylish enough to wear out and about. With their elastic waistband and drawstring tie, they offer a custom fit for ultimate comfort. These lounge pants are available in a range of colors and sizes, making them the perfect addition to any wardrobe. Whether you\'re relaxing at home or running errands, you won\'t want to take these pants off. Order now and experience the ultimate in comfort and style!<br><br>Looking for the perfect outfit to wear to your next event? Look no further than our \"Glamorous Sequin Dress.\" This stunning dress features a flattering A-line silhouette, with a fully lined sequin bodice and flowing chiffon skirt. The dress also features a deep V-neckline and delicate spaghetti straps, adding a touch of elegance and sophistication. Perfect for proms, weddings, or any formal event, this dress will have you turning heads all night long. Choose from a range of sizes and colors to find the perfect fit for you. Make a statement at your next event with the \"Glamorous Sequin Dress.\" Order now and get ready to dazzle!</p>', NULL, 'bigshop123456611', 'ShopUS: Your One-Stop Destination for Fashion and Style', 'ShopUS: Your One-Stop Destination for Fashion and Style', 333, NULL, NULL, 0, 1, 1, 1, 0, 1, 1, 0, 1, '2022-09-20 07:59:33', '2023-05-27 08:35:27'),
(12, 'Crew Neck Sweater', 'Crew', 'crew-neck-sweater', 'uploads/custom-images/boomchickapop-sweet-salty-kettle-corn-2022-12-11-06-25-27-8762.png', 0, 4, 0, 0, 0, 51, '44', 0, 'A versatile wardrobe staple, our Crew Neck Sweater is made with a soft, cozy blend of wool and cashmere. It features a classic, timeless design and comes in a variety of colors.', '<p class=\"p1\">Introducing the latest addition to our collection, the \"Ultra-Soft Lounge Pants.\" Made from a luxurious blend of cotton and polyester, these pants are designed with comfort in mind. The ultra-soft material is perfect for lounging around the house, but stylish enough to wear out and about. With their elastic waistband and drawstring tie, they offer a custom fit for ultimate comfort. These lounge pants are available in a range of colors and sizes, making them the perfect addition to any wardrobe. Whether you\'re relaxing at home or running errands, you won\'t want to take these pants off. Order now and experience the ultimate in comfort and style!<br><br>Looking for the perfect outfit to wear to your next event? Look no further than our \"Glamorous Sequin Dress.\" This stunning dress features a flattering A-line silhouette, with a fully lined sequin bodice and flowing chiffon skirt. The dress also features a deep V-neckline and delicate spaghetti straps, adding a touch of elegance and sophistication. Perfect for proms, weddings, or any formal event, this dress will have you turning heads all night long. Choose from a range of sizes and colors to find the perfect fit for you. Make a statement at your next event with the \"Glamorous Sequin Dress.\" Order now and get ready to dazzle!</p>', NULL, 'bigshop123456655', 'ShopUS: Your One-Stop Destination for Fashion and Style', 'ShopUS: Your One-Stop Destination for Fashion and Style', 37, NULL, NULL, 0, 1, 1, 0, 0, 0, 1, 0, 1, '2022-09-20 08:00:33', '2023-03-22 08:51:13'),
(13, 'Slim-Fit Chinos', 'Chinos', 'slimfit-chinos', 'uploads/custom-images/bananas-evidence-based-health-benefits-2022-12-11-06-25-19-9708.png', 0, 3, 0, 0, 5, 197, '33', 0, 'Slim-Fit Chinos: Our Slim-Fit Chinos are made with a comfortable stretch fabric that allows for ease of movement. They come in a variety of colors and feature a modern, slim fit that\'s perfect for any occasion.', '<p class=\"p1\">Introducing the latest addition to our collection, the \"Ultra-Soft Lounge Pants.\" Made from a luxurious blend of cotton and polyester, these pants are designed with comfort in mind. The ultra-soft material is perfect for lounging around the house, but stylish enough to wear out and about. With their elastic waistband and drawstring tie, they offer a custom fit for ultimate comfort. These lounge pants are available in a range of colors and sizes, making them the perfect addition to any wardrobe. Whether you\'re relaxing at home or running errands, you won\'t want to take these pants off. Order now and experience the ultimate in comfort and style!<br><br>Looking for the perfect outfit to wear to your next event? Look no further than our \"Glamorous Sequin Dress.\" This stunning dress features a flattering A-line silhouette, with a fully lined sequin bodice and flowing chiffon skirt. The dress also features a deep V-neckline and delicate spaghetti straps, adding a touch of elegance and sophistication. Perfect for proms, weddings, or any formal event, this dress will have you turning heads all night long. Choose from a range of sizes and colors to find the perfect fit for you. Make a statement at your next event with the \"Glamorous Sequin Dress.\" Order now and get ready to dazzle!</p>', NULL, 'bigshop12345133', 'ShopUS: Your One-Stop Destination for Fashion and Style', 'ShopUS: Your One-Stop Destination for Fashion and Style', 133, NULL, '[{\"value\":\"test\"},{\"value\":\"ted3\"},{\"value\":\"tes\"},{\"value\":\"edw\"}]', 0, 1, 1, 0, 0, 1, 1, 0, 1, '2022-09-20 08:01:55', '2023-03-23 07:06:46'),
(14, 'Appple macbook pro 2020', 'Apple macbook', 'appple-macbook-pro-2020', 'uploads/custom-images/appple-macbook-pro-2020-2022-09-21-03-15-03-6666.png', 1, 1, 0, 0, 3, 10, 'Dolor ut corporis do', 0, 'Excepteur alias est', '<p><strong style=\"margin: 0px; padding: 0px; color: rgb(0, 0, 0); font-family: &quot;Open Sans&quot;, Arial, sans-serif; text-align: justify;\">Lorem Ipsum</strong><span style=\"color: rgb(0, 0, 0); font-family: &quot;Open Sans&quot;, Arial, sans-serif; text-align: justify;\">&nbsp;is simply dummy text of the printing and typesetting industry. Lorem Ipsum has been the industry\'s standard dummy text ever since the 1500s, when an unknown printer took a galley of type and</span><br></p>', NULL, 'Enim numquam possimu', 'Id minus at blanditi', 'Nesciunt illo quisq', 120000, 100000, NULL, 0, 1, 0, 0, 0, 1, 0, 0, 1, '2022-09-21 09:15:03', '2022-09-21 09:34:11'),
(15, 'Sony mini sound box', 'Sony sound', 'sony-mini-sound-box', 'uploads/custom-images/sony-mini-sound-box-2022-09-21-03-16-48-7639.png', 1, 1, 0, 0, 1, 10, '45', 0, 'Lorem Ipsum is simply dummy text of the printing and typesetting industry. Lorem Ipsum has been the industry\'s standard dummy text ever since the 1500s, when an unknown printer took a galley of type and', '<p><strong style=\"margin: 0px; padding: 0px; color: rgb(0, 0, 0); font-family: &quot;Open Sans&quot;, Arial, sans-serif; text-align: justify;\">Lorem Ipsum</strong><span style=\"color: rgb(0, 0, 0); font-family: &quot;Open Sans&quot;, Arial, sans-serif; text-align: justify;\">&nbsp;is simply dummy text of the printing and typesetting industry. Lorem Ipsum has been the industry\'s standard dummy text ever since the 1500s, when an unknown printer took a galley of type and</span><br></p>', NULL, '25536', 'Sony mini sound box', 'Sony mini sound box', 500, 450, NULL, 0, 1, 0, 0, 0, 1, 0, 0, 1, '2022-09-21 09:16:48', '2022-09-21 09:34:11'),
(16, 'Mi Laptop pro', 'Mi Lapotop', 'mi-laptop-pro', 'uploads/custom-images/mi-laptop-pro-2022-09-21-03-18-52-8009.png', 1, 1, 2, 0, 0, 458, '89', 0, 'Lorem Ipsum is simply dummy text of the printing and typesetting industry.', '<p><strong style=\"margin: 0px; padding: 0px; color: rgb(0, 0, 0); font-family: &quot;Open Sans&quot;, Arial, sans-serif; text-align: justify;\">Lorem Ipsum</strong><span style=\"color: rgb(0, 0, 0); font-family: &quot;Open Sans&quot;, Arial, sans-serif; text-align: justify;\">&nbsp;is simply dummy text of the printing and typesetting industry. Lorem Ipsum has been the industry\'s standard dummy text ever since the 1500s, when an unknown printer took a galley of type and</span><br></p>', NULL, '4545ouj', 'Mi Laptop pro', 'Mi Laptop pro', 50000, 41000, NULL, 0, 1, 0, 0, 0, 1, 0, 0, 1, '2022-09-21 09:18:52', '2022-09-21 09:34:12'),
(17, 'JBL sound box water proof', 'JBL sound', 'jbl-sound-box-water-proof', 'uploads/custom-images/jbl-sound-box-water-proof-2022-09-21-03-20-10-4755.png', 1, 4, 0, 0, 0, 78, '15', 0, 'Lorem Ipsum is simply dummy text of the printing and typesetting industry. Lorem Ipsum has been the industry\'s standard dummy text ever since the 1500s, when an unknown printer took a galley of type and', '<p><strong style=\"margin: 0px; padding: 0px; color: rgb(0, 0, 0); font-family: &quot;Open Sans&quot;, Arial, sans-serif; text-align: justify;\">Lorem Ipsum</strong><span style=\"color: rgb(0, 0, 0); font-family: &quot;Open Sans&quot;, Arial, sans-serif; text-align: justify;\">&nbsp;is simply dummy text of the printing and typesetting industry. Lorem Ipsum has been the industry\'s standard dummy text ever since the 1500s, when an unknown printer took a galley of type and</span><br></p>', NULL, 'colorful-cloths', 'JBL sound box water proof', 'JBL sound box water proof', 1200, 1000, NULL, 0, 1, 0, 0, 0, 1, 0, 0, 1, '2022-09-21 09:20:10', '2022-09-21 09:34:12'),
(18, 'Sony joystick SJ pro', 'Sony joystick', 'sony-joystick-sj-pro', 'uploads/custom-images/sony-joystick-sj-pro-2022-09-21-03-25-19-2532.png', 1, 1, 0, 0, 0, 589, '45', 0, 'Lorem Ipsum is simply dummy text of the printing and typesetting industry. Lorem Ipsum has been the industry\'s standard dummy text ever since the 1500s, when an unknown printer took a galley of type and', '<p><strong style=\"margin: 0px; padding: 0px; color: rgb(0, 0, 0); font-family: &quot;Open Sans&quot;, Arial, sans-serif; text-align: justify;\">Lorem Ipsum</strong><span style=\"color: rgb(0, 0, 0); font-family: &quot;Open Sans&quot;, Arial, sans-serif; text-align: justify;\">&nbsp;is simply dummy text of the printing and typesetting industry. Lorem Ipsum has been the industry\'s standard dummy text ever since the 1500s, when an unknown printer took a galley of type and</span><br></p>', NULL, '255po', 'Sony joystick SJ pro', 'Sony joystick SJ pro', 2000, 1200, NULL, 0, 1, 1, 1, 1, 1, 0, 0, 1, '2022-09-21 09:25:19', '2022-09-21 09:34:13'),
(19, 'Gopor cam v1 pro', 'Gopro cam', 'gopor-cam-v1-pro', 'uploads/custom-images/gopor-cam-v1-pro-2022-09-21-03-26-33-7496.png', 1, 1, 3, 0, 0, 478, '45', 0, 'Lorem Ipsum is simply dummy text of the printing and typesetting industry. Lorem Ipsum has been the industry\'s standard dummy text ever since the 1500s, when an unknown printer took a galley of type and', '<p><strong style=\"margin: 0px; padding: 0px; color: rgb(0, 0, 0); font-family: &quot;Open Sans&quot;, Arial, sans-serif; text-align: justify;\">Lorem Ipsum</strong><span style=\"color: rgb(0, 0, 0); font-family: &quot;Open Sans&quot;, Arial, sans-serif; text-align: justify;\">&nbsp;is simply dummy text of the printing and typesetting industry. Lorem Ipsum has been the industry\'s standard dummy text ever since the 1500s, when an unknown printer took a galley of type and</span><br></p>', NULL, 'loiu45', 'Gopor cam v1 pro', 'Gopor cam v1 pro', 30000, 25000, NULL, 0, 1, 1, 1, 1, 1, 0, 1, 1, '2022-09-21 09:26:33', '2022-09-21 09:34:14'),
(20, 'HP playstation 11', 'Hp playstation', 'hp-playstation-11', 'uploads/custom-images/hp-playstation-11-2022-09-21-03-28-49-9507.png', 1, 1, 1, 0, 0, 45, '452', 0, 'Lorem Ipsum is simply dummy text of the printing and typesetting industry. Lorem Ipsum has been the industry\'s standard dummy text ever since the 1500s, when an unknown printer took a galley of type and', '<p><strong style=\"margin: 0px; padding: 0px; color: rgb(0, 0, 0); font-family: &quot;Open Sans&quot;, Arial, sans-serif; text-align: justify;\">Lorem Ipsum</strong><span style=\"color: rgb(0, 0, 0); font-family: &quot;Open Sans&quot;, Arial, sans-serif; text-align: justify;\">&nbsp;is simply dummy text of the printing and typesetting industry. Lorem Ipsum has been the industry\'s standard dummy text ever since the 1500s, when an unknown printer took a galley of type and</span><br></p>', NULL, 'lki12', 'HP playstation 11', 'HP playstation 11', 10000, 8000, NULL, 0, 1, 0, 1, 1, 0, 0, 0, 1, '2022-09-21 09:28:49', '2022-09-21 09:34:16'),
(21, 'Realme speaker 2 prod', 'Realme speaker', 'realme-speaker-2-prod', 'uploads/custom-images/realme-speaker-2-prod-2022-09-21-03-31-19-6994.png', 1, 4, 0, 0, 0, 15, '2', 0, 'Lorem Ipsum is simply dummy text of the printing and typesetting industry. Lorem Ipsum has been the industry\'s standard dummy text ever since the 1500s, when an unknown printer took a galley of type and', '<p><strong style=\"margin: 0px; padding: 0px; color: rgb(0, 0, 0); font-family: &quot;Open Sans&quot;, Arial, sans-serif; text-align: justify;\">Lorem Ipsum</strong><span style=\"color: rgb(0, 0, 0); font-family: &quot;Open Sans&quot;, Arial, sans-serif; text-align: justify;\">&nbsp;is simply dummy text of the printing and typesetting industry. Lorem Ipsum has been the industry\'s standard dummy text ever since the 1500s, when an unknown printer took a galley of type and</span><br></p>', NULL, '14]poi', 'Realme speaker 2 prod', 'Realme speaker 2 prod', 1200, 1100, NULL, 0, 1, 0, 1, 1, 0, 0, 0, 1, '2022-09-21 09:31:20', '2022-09-21 09:34:16'),
(22, 'Xioami Joystick pro', 'Xioami Joystick', 'xioami-joystick-pro', 'uploads/custom-images/xioami-joystick-pro-2022-09-21-03-33-43-9999.png', 1, 2, 4, 0, 0, 45, '78', 0, 'Lorem Ipsum is simply dummy text of the printing and typesetting industry. Lorem Ipsum has been the industry\'s standard dummy text ever since the 1500s, when an unknown printer took a galley of type and', '<p><strong style=\"margin: 0px; padding: 0px; color: rgb(0, 0, 0); font-family: &quot;Open Sans&quot;, Arial, sans-serif; text-align: justify;\">Lorem Ipsum</strong><span style=\"color: rgb(0, 0, 0); font-family: &quot;Open Sans&quot;, Arial, sans-serif; text-align: justify;\">&nbsp;is simply dummy text of the printing and typesetting industry. Lorem Ipsum has been the industry\'s standard dummy text ever since the 1500s, when an unknown printer took a galley of type and</span><br></p>', NULL, 'kju45', 'Xioami Joystick pro', 'Xioami Joystick pro', 2000, 1450, NULL, 0, 1, 1, 0, 0, 0, 0, 0, 1, '2022-09-21 09:33:43', '2022-09-21 09:34:17'),
(23, 'Apple macbook pro', 'Apple macbook', 'apple-macbook-pro', 'uploads/custom-images/apple-macbook-pro-2022-09-21-03-38-33-4014.png', 1, 1, 0, 0, 0, 45, '78', 0, 'Lorem Ipsum is simply dummy text of the printing and typesetting industry.', '<p><strong style=\"margin: 0px; padding: 0px; color: rgb(0, 0, 0); font-family: &quot;Open Sans&quot;, Arial, sans-serif; text-align: justify;\">Lorem Ipsum</strong><span style=\"color: rgb(0, 0, 0); font-family: &quot;Open Sans&quot;, Arial, sans-serif; text-align: justify;\">&nbsp;is simply dummy text of the printing and typesetting industry. Lorem Ipsum has been the industry\'s standard dummy text ever since the 1500s, when an unknown printer took a galley of type and</span><br></p>', NULL, 'ujy45', 'Apple macbook pro', 'Apple macbook pro', 120000, 10000, NULL, 0, 1, 1, 1, 1, 1, 0, 0, 1, '2022-09-21 09:38:33', '2022-09-21 09:38:43'),
(25, 'Comfortable Yoga Pants', 'Yoga', 'comfortable-yoga-pants', 'uploads/custom-images/comfortable-yoga-pants-2023-03-23-11-59-40-7568.png', 1, 1, 2, 0, 3, 11, '12', 0, 'These high-waisted, stretchy yoga pants are perfect for any workout or lounging at home. Made from soft, breathable fabric, they offer ultimate comfort and flexibility. These high-waisted, stretchy yoga pants are perfect for any workout or lounging at home. Made from soft, breathable fabric, they offer ultimate comfort and flexibility.', '<p class=\"p1\">Introducing the latest addition to our collection, the \"Ultra-Soft Lounge Pants.\" Made from a luxurious blend of cotton and polyester, these pants are designed with comfort in mind. The ultra-soft material is perfect for lounging around the house, but stylish enough to wear out and about. With their elastic waistband and drawstring tie, they offer a custom fit for ultimate comfort. These lounge pants are available in a range of colors and sizes, making them the perfect addition to any wardrobe. Whether you\'re relaxing at home or running errands, you won\'t want to take these pants off. Order now and experience the ultimate in comfort and style!<br><br>Looking for the perfect outfit to wear to your next event? Look no further than our \"Glamorous Sequin Dress.\" This stunning dress features a flattering A-line silhouette, with a fully lined sequin bodice and flowing chiffon skirt. The dress also features a deep V-neckline and delicate spaghetti straps, adding a touch of elegance and sophistication. Perfect for proms, weddings, or any formal event, this dress will have you turning heads all night long. Choose from a range of sizes and colors to find the perfect fit for you. Make a statement at your next event with the \"Glamorous Sequin Dress.\" Order now and get ready to dazzle!</p>', NULL, 'hjht6', 'ShopUS: Your One-Stop Destination for Fashion and Style', 'ShopUS: Your One-Stop Destination for Fashion and Style', 120, NULL, NULL, 0, 1, 1, 0, 0, 1, 1, 0, 1, '2022-09-21 10:27:26', '2023-04-06 10:38:04'),
(26, 'Stylish Statement Earrings', 'Stylish', 'stylish-statement-earrings', 'uploads/custom-images/naturally-flavored-cinnamon-coffee-2022-12-11-06-29-53-4105.png', 1, 4, 0, 0, 1, 40, '87', 0, 'These unique statement earrings will add a pop of color and style to any outfit. Perfect for dressing up or down, they\'re made from high-quality materials and are sure to turn heads.', '<p class=\"p1\">Introducing the latest addition to our collection, the \"Ultra-Soft Lounge Pants.\" Made from a luxurious blend of cotton and polyester, these pants are designed with comfort in mind. The ultra-soft material is perfect for lounging around the house, but stylish enough to wear out and about. With their elastic waistband and drawstring tie, they offer a custom fit for ultimate comfort. These lounge pants are available in a range of colors and sizes, making them the perfect addition to any wardrobe. Whether you\'re relaxing at home or running errands, you won\'t want to take these pants off. Order now and experience the ultimate in comfort and style!<br><br>Looking for the perfect outfit to wear to your next event? Look no further than our \"Glamorous Sequin Dress.\" This stunning dress features a flattering A-line silhouette, with a fully lined sequin bodice and flowing chiffon skirt. The dress also features a deep V-neckline and delicate spaghetti straps, adding a touch of elegance and sophistication. Perfect for proms, weddings, or any formal event, this dress will have you turning heads all night long. Choose from a range of sizes and colors to find the perfect fit for you. Make a statement at your next event with the \"Glamorous Sequin Dress.\" Order now and get ready to dazzle!</p>', NULL, 'd45gg', 'ShopUS: Your One-Stop Destination for Fashion and Style', 'ShopUS: Your One-Stop Destination for Fashion and Style', 50, NULL, NULL, 0, 1, 1, 1, 0, 1, 1, 0, 1, '2022-09-21 10:34:41', '2023-03-22 09:58:21'),
(27, 'Cozy Knit Sweater', 'Sweater', 'cozy-knit-sweater', 'uploads/custom-images/dandy-seeds-of-change-organic-quinoe-2022-12-11-06-31-16-5736.png', 2, 8, 0, 0, 0, 15, '75', 0, 'Stay warm and stylish in this cozy knit sweater. Featuring a classic cable-knit design and a relaxed fit, it\'s perfect for layering and staying comfortable during the cooler months. Stay warm and stylish in this cozy knit sweater. Featuring a classic cable-knit design and a relaxed fit, it\'s perfect for layering and staying comfortable during the cooler months.', '<p class=\"p1\">Introducing the latest addition to our collection, the \"Ultra-Soft Lounge Pants.\" Made from a luxurious blend of cotton and polyester, these pants are designed with comfort in mind. The ultra-soft material is perfect for lounging around the house, but stylish enough to wear out and about. With their elastic waistband and drawstring tie, they offer a custom fit for ultimate comfort. These lounge pants are available in a range of colors and sizes, making them the perfect addition to any wardrobe. Whether you\'re relaxing at home or running errands, you won\'t want to take these pants off. Order now and experience the ultimate in comfort and style!<br><br>Looking for the perfect outfit to wear to your next event? Look no further than our \"Glamorous Sequin Dress.\" This stunning dress features a flattering A-line silhouette, with a fully lined sequin bodice and flowing chiffon skirt. The dress also features a deep V-neckline and delicate spaghetti straps, adding a touch of elegance and sophistication. Perfect for proms, weddings, or any formal event, this dress will have you turning heads all night long. Choose from a range of sizes and colors to find the perfect fit for you. Make a statement at your next event with the \"Glamorous Sequin Dress.\" Order now and get ready to dazzle!</p>', NULL, 'kjkjh7', 'ShopUS: Your One-Stop Destination for Fashion and Style', 'ShopUS: Your One-Stop Destination for Fashion and Style', 30, NULL, NULL, 0, 1, 1, 0, 0, 1, 1, 0, 1, '2022-09-21 10:40:16', '2023-03-22 09:59:16'),
(29, 'Women Wrap Blouses', 'Wrap Blouses', 'women-wrap-blouses', 'uploads/custom-images/sony-playstone-pro-2022-12-11-06-32-40-7991.png', 2, 2, 5, 0, 0, 77, '98', 0, 'Feminine Wrap Blouse: Add a touch of femininity to any outfit with this beautiful wrap blouse. Made from high-quality materials and featuring a flattering silhouette, it\'s perfect for any occasion. Add a touch of femininity to any outfit with this beautiful wrap blouse. Made from high-quality materials and featuring a flattering silhouette, it\'s perfect for any occasion.', '<p class=\"p1\">Introducing the latest addition to our collection, the \"Ultra-Soft Lounge Pants.\" Made from a luxurious blend of cotton and polyester, these pants are designed with comfort in mind. The ultra-soft material is perfect for lounging around the house, but stylish enough to wear out and about. With their elastic waistband and drawstring tie, they offer a custom fit for ultimate comfort. These lounge pants are available in a range of colors and sizes, making them the perfect addition to any wardrobe. Whether you\'re relaxing at home or running errands, you won\'t want to take these pants off. Order now and experience the ultimate in comfort and style!<br><br>Looking for the perfect outfit to wear to your next event? Look no further than our \"Glamorous Sequin Dress.\" This stunning dress features a flattering A-line silhouette, with a fully lined sequin bodice and flowing chiffon skirt. The dress also features a deep V-neckline and delicate spaghetti straps, adding a touch of elegance and sophistication. Perfect for proms, weddings, or any formal event, this dress will have you turning heads all night long. Choose from a range of sizes and colors to find the perfect fit for you. Make a statement at your next event with the \"Glamorous Sequin Dress.\" Order now and get ready to dazzle!</p>', NULL, 'jhuy67', 'ShopUS: Your One-Stop Destination for Fashion and Style', 'ShopUS: Your One-Stop Destination for Fashion and Style', 120, NULL, NULL, 0, 1, 1, 0, 0, 1, 1, 0, 1, '2022-09-21 10:43:08', '2023-03-22 10:09:11'),
(30, 'Elegant Silk Scarf', 'Elegant', 'elegant-silk-scarf', 'uploads/custom-images/elegant-silk-scarf-2023-03-23-12-09-43-5336.png', 2, 1, 0, 0, 0, 86, '87', 0, 'Add a touch of sophistication to any outfit with this elegant silk scarf. Perfect for dressing up or down, it\'s made from high-quality silk and features a beautiful pattern. Add a touch of sophistication to any outfit with this elegant silk scarf. Perfect for dressing up or down, it\'s made from high-quality silk and features a beautiful pattern.', '<p class=\"p1\">Introducing the latest addition to our collection, the \"Ultra-Soft Lounge Pants.\" Made from a luxurious blend of cotton and polyester, these pants are designed with comfort in mind. The ultra-soft material is perfect for lounging around the house, but stylish enough to wear out and about. With their elastic waistband and drawstring tie, they offer a custom fit for ultimate comfort. These lounge pants are available in a range of colors and sizes, making them the perfect addition to any wardrobe. Whether you\'re relaxing at home or running errands, you won\'t want to take these pants off. Order now and experience the ultimate in comfort and style!<br><br>Looking for the perfect outfit to wear to your next event? Look no further than our \"Glamorous Sequin Dress.\" This stunning dress features a flattering A-line silhouette, with a fully lined sequin bodice and flowing chiffon skirt. The dress also features a deep V-neckline and delicate spaghetti straps, adding a touch of elegance and sophistication. Perfect for proms, weddings, or any formal event, this dress will have you turning heads all night long. Choose from a range of sizes and colors to find the perfect fit for you. Make a statement at your next event with the \"Glamorous Sequin Dress.\" Order now and get ready to dazzle!</p>', NULL, 'hjhg67', 'ShopUS: Your One-Stop Destination for Fashion and Style', 'ShopUS: Your One-Stop Destination for Fashion and Style', 70, NULL, NULL, 0, 1, 1, 0, 1, 0, 1, 0, 1, '2022-09-21 10:43:59', '2023-03-23 06:09:43'),
(31, 'Chic Leather Boots', 'Chic', 'chic-leather-boots', 'uploads/custom-images/chic-leather-boots-2023-03-23-12-11-08-3622.png', 3, 2, 4, 0, 0, 32, '87', 0, 'These chic leather boots are perfect for any occasion. With a comfortable heel and a sleek design, they\'re ideal for both work and play. With a comfortable heel and a sleek design, they\'re ideal for both work and play.', '<p class=\"p1\">Introducing the latest addition to our collection, the \"Ultra-Soft Lounge Pants.\" Made from a luxurious blend of cotton and polyester, these pants are designed with comfort in mind. The ultra-soft material is perfect for lounging around the house, but stylish enough to wear out and about. With their elastic waistband and drawstring tie, they offer a custom fit for ultimate comfort. These lounge pants are available in a range of colors and sizes, making them the perfect addition to any wardrobe. Whether you\'re relaxing at home or running errands, you won\'t want to take these pants off. Order now and experience the ultimate in comfort and style!<br><br>Looking for the perfect outfit to wear to your next event? Look no further than our \"Glamorous Sequin Dress.\" This stunning dress features a flattering A-line silhouette, with a fully lined sequin bodice and flowing chiffon skirt. The dress also features a deep V-neckline and delicate spaghetti straps, adding a touch of elegance and sophistication. Perfect for proms, weddings, or any formal event, this dress will have you turning heads all night long. Choose from a range of sizes and colors to find the perfect fit for you. Make a statement at your next event with the \"Glamorous Sequin Dress.\" Order now and get ready to dazzle!</p>', NULL, 'kjjhy7', 'ShopUS: Your One-Stop Destination for Fashion and Style', 'ShopUS: Your One-Stop Destination for Fashion and Style', 100, NULL, NULL, 0, 1, 1, 0, 0, 1, 1, 0, 1, '2022-09-21 10:46:59', '2023-03-23 06:11:08');
INSERT INTO `products` (`id`, `name`, `short_name`, `slug`, `thumb_image`, `vendor_id`, `category_id`, `sub_category_id`, `child_category_id`, `brand_id`, `qty`, `weight`, `sold_qty`, `short_description`, `long_description`, `video_link`, `sku`, `seo_title`, `seo_description`, `price`, `offer_price`, `tags`, `show_homepage`, `is_undefine`, `is_featured`, `new_product`, `is_top`, `is_best`, `status`, `is_specification`, `approve_by_admin`, `created_at`, `updated_at`) VALUES
(32, 'Casual Denim Jacket', 'Casual', 'casual-denim-jacket', 'uploads/custom-images/casual-denim-jacket-2023-03-23-12-11-36-9094.png', 3, 1, 0, 0, 2, 58, '45', 0, 'Stay cool and casual in this versatile denim jacket. Perfect for layering over any outfit, it\'s made from high-quality denim and features classic styling. Stay cool and casual in this versatile denim jacket. Perfect for layering over any outfit, it\'s made from high-quality denim and features classic styling.', '<p class=\"p1\">Introducing the latest addition to our collection, the \"Ultra-Soft Lounge Pants.\" Made from a luxurious blend of cotton and polyester, these pants are designed with comfort in mind. The ultra-soft material is perfect for lounging around the house, but stylish enough to wear out and about. With their elastic waistband and drawstring tie, they offer a custom fit for ultimate comfort. These lounge pants are available in a range of colors and sizes, making them the perfect addition to any wardrobe. Whether you\'re relaxing at home or running errands, you won\'t want to take these pants off. Order now and experience the ultimate in comfort and style!<br><br>Looking for the perfect outfit to wear to your next event? Look no further than our \"Glamorous Sequin Dress.\" This stunning dress features a flattering A-line silhouette, with a fully lined sequin bodice and flowing chiffon skirt. The dress also features a deep V-neckline and delicate spaghetti straps, adding a touch of elegance and sophistication. Perfect for proms, weddings, or any formal event, this dress will have you turning heads all night long. Choose from a range of sizes and colors to find the perfect fit for you. Make a statement at your next event with the \"Glamorous Sequin Dress.\" Order now and get ready to dazzle!</p>', NULL, 'kju7', 'ShopUS: Your One-Stop Destination for Fashion and Style', 'ShopUS: Your One-Stop Destination for Fashion and Style', 8, NULL, NULL, 0, 1, 1, 1, 0, 1, 1, 0, 1, '2022-09-21 10:48:07', '2023-05-27 06:03:47'),
(33, 'Boho Maxi Dress', 'Boho Maxi', 'boho-maxi-dress', 'uploads/custom-images/boho-maxi-dress-2023-03-23-12-11-20-1047.png', 4, 10, 0, 0, 6, 0, '87', 0, 'Embrace your inner bohemian with this beautiful maxi dress. Featuring a flowy silhouette and a stunning print, it\'s perfect for summer days and nights. Embrace your inner bohemian with this beautiful maxi dress. Featuring a flowy silhouette and a stunning print, it\'s perfect for summer days and nights.', '<p class=\"p1\">Introducing the latest addition to our collection, the \"Ultra-Soft Lounge Pants.\" Made from a luxurious blend of cotton and polyester, these pants are designed with comfort in mind. The ultra-soft material is perfect for lounging around the house, but stylish enough to wear out and about. With their elastic waistband and drawstring tie, they offer a custom fit for ultimate comfort. These lounge pants are available in a range of colors and sizes, making them the perfect addition to any wardrobe. Whether you\'re relaxing at home or running errands, you won\'t want to take these pants off. Order now and experience the ultimate in comfort and style!<br><br>Looking for the perfect outfit to wear to your next event? Look no further than our \"Glamorous Sequin Dress.\" This stunning dress features a flattering A-line silhouette, with a fully lined sequin bodice and flowing chiffon skirt. The dress also features a deep V-neckline and delicate spaghetti straps, adding a touch of elegance and sophistication. Perfect for proms, weddings, or any formal event, this dress will have you turning heads all night long. Choose from a range of sizes and colors to find the perfect fit for you. Make a statement at your next event with the \"Glamorous Sequin Dress.\" Order now and get ready to dazzle!</p>', NULL, 'kjhyy78', 'ShopUS: Your One-Stop Destination for Fashion and Style', 'ShopUS: Your One-Stop Destination for Fashion and Style', 35, 33, NULL, 0, 1, 1, 1, 0, 1, 1, 0, 1, '2022-09-21 10:50:36', '2023-03-23 06:11:20'),
(34, 'Modern Geometric Necklace', 'Modern', 'modern-geometric-necklace', 'uploads/custom-images/modern-geometric-necklace-2023-03-23-12-11-48-1363.png', 4, 1, 0, 0, 1, 979, '76', 0, 'Add a touch of modern elegance to any outfit with this geometric necklace. Made from high-quality materials, it\'s the perfect finishing touch to any look. Add a touch of modern elegance to any outfit with this geometric necklace. Made from high-quality materials, it\'s the perfect finishing touch to any look.', '<p class=\"p1\">Introducing the latest addition to our collection, the \"Ultra-Soft Lounge Pants.\" Made from a luxurious blend of cotton and polyester, these pants are designed with comfort in mind. The ultra-soft material is perfect for lounging around the house, but stylish enough to wear out and about. With their elastic waistband and drawstring tie, they offer a custom fit for ultimate comfort. These lounge pants are available in a range of colors and sizes, making them the perfect addition to any wardrobe. Whether you\'re relaxing at home or running errands, you won\'t want to take these pants off. Order now and experience the ultimate in comfort and style!<br><br>Looking for the perfect outfit to wear to your next event? Look no further than our \"Glamorous Sequin Dress.\" This stunning dress features a flattering A-line silhouette, with a fully lined sequin bodice and flowing chiffon skirt. The dress also features a deep V-neckline and delicate spaghetti straps, adding a touch of elegance and sophistication. Perfect for proms, weddings, or any formal event, this dress will have you turning heads all night long. Choose from a range of sizes and colors to find the perfect fit for you. Make a statement at your next event with the \"Glamorous Sequin Dress.\" Order now and get ready to dazzle!</p>', NULL, 'nmjbff45', 'ShopUS: Your One-Stop Destination for Fashion and Style', 'ShopUS: Your One-Stop Destination for Fashion and Style', 25, 15, NULL, 0, 1, 1, 0, 0, 1, 1, 0, 1, '2022-09-21 10:51:56', '2023-03-23 06:11:48'),
(35, 'Romantic Lace Dress', 'Lace', 'romantic-lace-dress', 'uploads/custom-images/romantic-lace-dress-2023-03-23-12-12-16-7553.png', 5, 4, 0, 0, 0, 54, '34', 0, 'Romantic Lace Dress: Embrace your romantic side with this beautiful lace dress. Featuring a flattering silhouette and delicate details, it\'s perfect for special occasions or a night out.', '<p class=\"p1\">Introducing the latest addition to our collection, the \"Ultra-Soft Lounge Pants.\" Made from a luxurious blend of cotton and polyester, these pants are designed with comfort in mind. The ultra-soft material is perfect for lounging around the house, but stylish enough to wear out and about. With their elastic waistband and drawstring tie, they offer a custom fit for ultimate comfort. These lounge pants are available in a range of colors and sizes, making them the perfect addition to any wardrobe. Whether you\'re relaxing at home or running errands, you won\'t want to take these pants off. Order now and experience the ultimate in comfort and style!<br><br>Looking for the perfect outfit to wear to your next event? Look no further than our \"Glamorous Sequin Dress.\" This stunning dress features a flattering A-line silhouette, with a fully lined sequin bodice and flowing chiffon skirt. The dress also features a deep V-neckline and delicate spaghetti straps, adding a touch of elegance and sophistication. Perfect for proms, weddings, or any formal event, this dress will have you turning heads all night long. Choose from a range of sizes and colors to find the perfect fit for you. Make a statement at your next event with the \"Glamorous Sequin Dress.\" Order now and get ready to dazzle!</p>', NULL, 'DFH45', 'ShopUS: Your One-Stop Destination for Fashion and Style', 'ShopUS: Your One-Stop Destination for Fashion and Style', 123, NULL, NULL, 0, 1, 1, 0, 0, 1, 1, 0, 1, '2022-09-21 10:54:12', '2023-05-27 06:03:47'),
(36, 'Trendy Bucket Hat', 'Bucket', 'trendy-bucket-hat', 'uploads/custom-images/trendy-bucket-hat-2023-03-23-12-12-02-7850.png', 6, 2, 4, 0, 0, 188, '45', 0, 'Stay stylish and protected from the sun with this trendy bucket hat. Made from high-quality materials and featuring a classic design, it\'s the perfect accessory for any outdoor activity.', '<p class=\"p1\">Introducing the latest addition to our collection, the \"Ultra-Soft Lounge Pants.\" Made from a luxurious blend of cotton and polyester, these pants are designed with comfort in mind. The ultra-soft material is perfect for lounging around the house, but stylish enough to wear out and about. With their elastic waistband and drawstring tie, they offer a custom fit for ultimate comfort. These lounge pants are available in a range of colors and sizes, making them the perfect addition to any wardrobe. Whether you\'re relaxing at home or running errands, you won\'t want to take these pants off. Order now and experience the ultimate in comfort and style!<br><br>Looking for the perfect outfit to wear to your next event? Look no further than our \"Glamorous Sequin Dress.\" This stunning dress features a flattering A-line silhouette, with a fully lined sequin bodice and flowing chiffon skirt. The dress also features a deep V-neckline and delicate spaghetti straps, adding a touch of elegance and sophistication. Perfect for proms, weddings, or any formal event, this dress will have you turning heads all night long. Choose from a range of sizes and colors to find the perfect fit for you. Make a statement at your next event with the \"Glamorous Sequin Dress.\" Order now and get ready to dazzle!</p>', NULL, 'dfgh6', 'ShopUS: Your One-Stop Destination for Fashion and Style', 'ShopUS: Your One-Stop Destination for Fashion and Style', 70, NULL, NULL, 0, 1, 1, 1, 1, 1, 1, 0, 1, '2022-09-21 10:56:12', '2023-05-27 08:35:27'),
(37, 'Feminine Wrap Blouse', 'Blouse', 'feminine-wrap-blouse', 'uploads/custom-images/feminine-wrap-blouse-2023-03-23-12-08-55-5449.png', 6, 1, 0, 0, 3, 491, '12', 0, 'Add a touch of femininity to any outfit with this beautiful wrap blouse. Made from high-quality materials and featuring a flattering silhouette, it\'s perfect for any occasion. Add a touch of femininity to any outfit with this beautiful wrap blouse. Made from high-quality materials and featuring a flattering silhouette, it\'s perfect for any occasion.', '<p class=\"p1\">Introducing the latest addition to our collection, the \"Ultra-Soft Lounge Pants.\" Made from a luxurious blend of cotton and polyester, these pants are designed with comfort in mind. The ultra-soft material is perfect for lounging around the house, but stylish enough to wear out and about. With their elastic waistband and drawstring tie, they offer a custom fit for ultimate comfort. These lounge pants are available in a range of colors and sizes, making them the perfect addition to any wardrobe. Whether you\'re relaxing at home or running errands, you won\'t want to take these pants off. Order now and experience the ultimate in comfort and style!<br><br>Looking for the perfect outfit to wear to your next event? Look no further than our \"Glamorous Sequin Dress.\" This stunning dress features a flattering A-line silhouette, with a fully lined sequin bodice and flowing chiffon skirt. The dress also features a deep V-neckline and delicate spaghetti straps, adding a touch of elegance and sophistication. Perfect for proms, weddings, or any formal event, this dress will have you turning heads all night long. Choose from a range of sizes and colors to find the perfect fit for you. Make a statement at your next event with the \"Glamorous Sequin Dress.\" Order now and get ready to dazzle!</p>', NULL, 'wer56', 'ShopUS: Your One-Stop Destination for Fashion and Style', 'ShopUS: Your One-Stop Destination for Fashion and Style', 450, NULL, NULL, 0, 1, 1, 1, 0, 1, 1, 0, 1, '2022-09-21 11:00:41', '2023-05-27 08:02:47'),
(38, 'Classic Oxford Shirt', 'Classic', 'classic-oxford-shirt', 'uploads/custom-images/kospet-tank-t1-mil-std-waterproof-smartwatch-2022-12-11-06-25-09-7113.png', 0, 1, 1, 0, 1, 221, '10', 0, 'A timeless piece that every man should have in his wardrobe. Our Classic Oxford Shirt is made with soft, high-quality cotton and features a button-down collar and a slim fit. It\'s perfect for dressing up or down.', '<p class=\"p1\">Introducing the latest addition to our collection, the \"Ultra-Soft Lounge Pants.\" Made from a luxurious blend of cotton and polyester, these pants are designed with comfort in mind. The ultra-soft material is perfect for lounging around the house, but stylish enough to wear out and about. With their elastic waistband and drawstring tie, they offer a custom fit for ultimate comfort. These lounge pants are available in a range of colors and sizes, making them the perfect addition to any wardrobe. Whether you\'re relaxing at home or running errands, you won\'t want to take these pants off. Order now and experience the ultimate in comfort and style!<br><br>Looking for the perfect outfit to wear to your next event? Look no further than our \"Glamorous Sequin Dress.\" This stunning dress features a flattering A-line silhouette, with a fully lined sequin bodice and flowing chiffon skirt. The dress also features a deep V-neckline and delicate spaghetti straps, adding a touch of elegance and sophistication. Perfect for proms, weddings, or any formal event, this dress will have you turning heads all night long. Choose from a range of sizes and colors to find the perfect fit for you. Make a statement at your next event with the \"Glamorous Sequin Dress.\" Order now and get ready to dazzle!</p>', NULL, NULL, 'ShopUS: Your One-Stop Destination for Fashion and Style', 'ShopUS: Your One-Stop Destination for Fashion and Style', 10, NULL, '[{\"value\":\"something\"},{\"value\":\"Hot deal\"},{\"value\":\"new\"}]', 0, 1, 0, 0, 1, 0, 1, 0, 1, '2022-10-26 16:30:39', '2023-05-27 08:42:39');

-- --------------------------------------------------------

--
-- Table structure for table `product_galleries`
--

CREATE TABLE `product_galleries` (
  `id` bigint(20) UNSIGNED NOT NULL,
  `product_id` int(11) NOT NULL,
  `image` varchar(255) COLLATE utf8mb4_unicode_ci NOT NULL,
  `status` int(10) NOT NULL DEFAULT 1,
  `created_at` timestamp NULL DEFAULT NULL,
  `updated_at` timestamp NULL DEFAULT NULL
) ENGINE=InnoDB DEFAULT CHARSET=utf8mb4 COLLATE=utf8mb4_unicode_ci;

-- --------------------------------------------------------

--
-- Table structure for table `product_reports`
--

CREATE TABLE `product_reports` (
  `id` bigint(20) UNSIGNED NOT NULL,
  `user_id` int(11) NOT NULL,
  `product_id` int(11) NOT NULL,
  `seller_id` int(11) NOT NULL DEFAULT 0,
  `subject` varchar(255) COLLATE utf8mb4_unicode_ci NOT NULL,
  `description` text COLLATE utf8mb4_unicode_ci NOT NULL,
  `created_at` timestamp NULL DEFAULT NULL,
  `updated_at` timestamp NULL DEFAULT NULL
) ENGINE=InnoDB DEFAULT CHARSET=utf8mb4 COLLATE=utf8mb4_unicode_ci;

--
-- Dumping data for table `product_reports`
--

INSERT INTO `product_reports` (`id`, `user_id`, `product_id`, `seller_id`, `subject`, `description`, `created_at`, `updated_at`) VALUES
(1, 7, 30, 2, 'John Doe', 'test report', '2022-10-31 17:49:14', '2022-10-31 17:49:14'),
(2, 7, 7, 0, 'Ivy Townsend', 'Qui doloribus magna', '2022-10-31 17:50:56', '2022-10-31 17:50:56'),
(3, 7, 7, 0, 'John Doe', 'Enter Report Not', '2022-11-12 15:30:53', '2022-11-12 15:30:53');

-- --------------------------------------------------------

--
-- Table structure for table `product_reviews`
--

CREATE TABLE `product_reviews` (
  `id` bigint(20) UNSIGNED NOT NULL,
  `product_id` int(11) NOT NULL,
  `user_id` int(11) NOT NULL DEFAULT 0,
  `product_vendor_id` int(11) NOT NULL DEFAULT 0,
  `review` text COLLATE utf8mb4_unicode_ci NOT NULL,
  `rating` int(11) NOT NULL,
  `status` int(11) NOT NULL DEFAULT 0,
  `created_at` timestamp NULL DEFAULT NULL,
  `updated_at` timestamp NULL DEFAULT NULL
) ENGINE=InnoDB DEFAULT CHARSET=utf8mb4 COLLATE=utf8mb4_unicode_ci;

--
-- Dumping data for table `product_reviews`
--

INSERT INTO `product_reviews` (`id`, `product_id`, `user_id`, `product_vendor_id`, `review`, `rating`, `status`, `created_at`, `updated_at`) VALUES
(1, 13, 4, 0, 'Corrupti dolor enimCorrupti dolor enimCorrupti dolor enimCorrupti dolor enimCorrupti dolor enimCorrupti dolor enimCorrupti dolor enimCorrupti dolor enim', 4, 1, '2022-09-21 07:36:23', '2022-09-21 07:36:55'),
(2, 7, 4, 0, 'Enim et ducimus fug', 4, 1, '2022-09-21 07:38:38', '2022-09-21 08:26:36'),
(9, 13, 19, 0, 'Voluptas ut molestia', 4, 1, '2022-10-27 16:24:37', '2022-11-01 22:09:35'),
(10, 37, 7, 6, 'gfgfg', 5, 0, '2022-11-08 20:23:11', '2022-11-08 20:23:11'),
(11, 38, 30, 0, 'Gg', 4, 0, '2022-11-10 23:04:35', '2022-11-10 23:04:35'),
(12, 8, 31, 0, 'xx', 5, 1, '2022-11-17 19:48:56', '2022-11-22 23:43:31'),
(13, 38, 7, 0, 'good', 5, 0, '2022-11-20 12:03:03', '2022-11-20 12:03:03'),
(14, 8, 7, 0, 'This is nice product.', 4, 1, '2022-11-22 23:39:11', '2022-11-22 23:42:03'),
(15, 11, 38, 0, 'Google', 5, 0, '2022-12-02 16:05:57', '2022-12-02 16:05:57'),
(16, 32, 7, 3, 'Better', 0, 0, '2022-12-07 20:21:43', '2022-12-07 20:21:43'),
(17, 11, 7, 0, 'gghh', 4, 0, '2022-12-08 19:38:49', '2022-12-08 19:38:49'),
(18, 37, 42, 6, 'This is nice product', 0, 0, '2023-01-16 16:05:30', '2023-01-16 16:05:30'),
(19, 9, 7, 0, 'gfgfggg', 0, 0, '2023-03-26 09:11:55', '2023-03-26 09:11:55');

-- --------------------------------------------------------

--
-- Table structure for table `product_specifications`
--

CREATE TABLE `product_specifications` (
  `id` bigint(20) UNSIGNED NOT NULL,
  `product_id` int(11) NOT NULL,
  `product_specification_key_id` int(11) NOT NULL,
  `specification` varchar(255) COLLATE utf8mb4_unicode_ci NOT NULL,
  `created_at` timestamp NULL DEFAULT NULL,
  `updated_at` timestamp NULL DEFAULT NULL
) ENGINE=InnoDB DEFAULT CHARSET=utf8mb4 COLLATE=utf8mb4_unicode_ci;

-- --------------------------------------------------------

--
-- Table structure for table `product_variants`
--

CREATE TABLE `product_variants` (
  `id` bigint(20) UNSIGNED NOT NULL,
  `product_id` int(11) NOT NULL,
  `name` varchar(255) COLLATE utf8mb4_unicode_ci NOT NULL,
  `status` int(11) NOT NULL,
  `created_at` timestamp NULL DEFAULT NULL,
  `updated_at` timestamp NULL DEFAULT NULL
) ENGINE=InnoDB DEFAULT CHARSET=utf8mb4 COLLATE=utf8mb4_unicode_ci;

--
-- Dumping data for table `product_variants`
--

INSERT INTO `product_variants` (`id`, `product_id`, `name`, `status`, `created_at`, `updated_at`) VALUES
(1, 12, 'size', 1, '2022-11-02 17:10:52', '2022-11-02 17:10:52'),
(8, 38, 'Size', 1, '2023-03-23 04:29:07', '2023-03-23 04:29:07'),
(9, 38, 'Color', 1, '2023-08-06 10:03:56', '2023-08-06 10:03:56');

-- --------------------------------------------------------

--
-- Table structure for table `product_variant_items`
--

CREATE TABLE `product_variant_items` (
  `id` bigint(20) UNSIGNED NOT NULL,
  `product_variant_id` int(11) NOT NULL,
  `product_variant_name` varchar(191) COLLATE utf8mb4_unicode_ci DEFAULT NULL,
  `product_id` int(11) NOT NULL,
  `name` varchar(255) COLLATE utf8mb4_unicode_ci NOT NULL,
  `price` double NOT NULL,
  `status` int(11) NOT NULL DEFAULT 1,
  `is_default` int(11) NOT NULL DEFAULT 0,
  `created_at` timestamp NULL DEFAULT NULL,
  `updated_at` timestamp NULL DEFAULT NULL
) ENGINE=InnoDB DEFAULT CHARSET=utf8mb4 COLLATE=utf8mb4_unicode_ci;

--
-- Dumping data for table `product_variant_items`
--

INSERT INTO `product_variant_items` (`id`, `product_variant_id`, `product_variant_name`, `product_id`, `name`, `price`, `status`, `is_default`, `created_at`, `updated_at`) VALUES
(1, 1, 'size', 12, 'small', 10, 1, 0, '2022-11-02 17:11:25', '2022-11-02 17:11:25'),
(2, 1, 'size', 12, 'big', 20, 1, 0, '2022-11-02 17:11:35', '2022-11-02 17:11:35'),
(11, 8, 'Size', 38, 'XL', 10, 1, 0, '2023-03-23 04:29:39', '2023-08-06 10:02:43'),
(12, 8, 'Size', 38, 'Medium', 50, 1, 0, '2023-08-06 10:03:02', '2023-08-06 10:03:02'),
(13, 8, 'Size', 38, 'Large', 50, 1, 0, '2023-08-06 10:03:14', '2023-08-06 10:03:14'),
(14, 9, 'Color', 38, 'Red', 0, 1, 0, '2023-08-06 10:04:08', '2023-08-06 10:04:08'),
(15, 9, 'Color', 38, 'Blue', 0, 1, 0, '2023-08-06 10:04:18', '2023-08-06 10:04:18'),
(16, 9, 'Color', 38, 'Navy', 0, 1, 0, '2023-08-06 10:04:30', '2023-08-06 10:04:30');

-- --------------------------------------------------------

--
-- Table structure for table `seller_mail_logs`
--

CREATE TABLE `seller_mail_logs` (
  `id` bigint(20) UNSIGNED NOT NULL,
  `seller_id` int(11) NOT NULL,
  `subject` varchar(255) COLLATE utf8mb4_unicode_ci NOT NULL,
  `message` longtext COLLATE utf8mb4_unicode_ci NOT NULL,
  `created_at` timestamp NULL DEFAULT NULL,
  `updated_at` timestamp NULL DEFAULT NULL
) ENGINE=InnoDB DEFAULT CHARSET=utf8mb4 COLLATE=utf8mb4_unicode_ci;

-- --------------------------------------------------------

--
-- Table structure for table `seller_withdraws`
--

CREATE TABLE `seller_withdraws` (
  `id` bigint(20) UNSIGNED NOT NULL,
  `seller_id` int(11) NOT NULL,
  `method` varchar(255) COLLATE utf8mb4_unicode_ci NOT NULL,
  `total_amount` double NOT NULL,
  `withdraw_amount` double NOT NULL,
  `withdraw_charge` double NOT NULL,
  `account_info` text COLLATE utf8mb4_unicode_ci NOT NULL,
  `status` int(11) NOT NULL DEFAULT 0,
  `approved_date` varchar(191) COLLATE utf8mb4_unicode_ci DEFAULT NULL,
  `created_at` timestamp NULL DEFAULT NULL,
  `updated_at` timestamp NULL DEFAULT NULL
) ENGINE=InnoDB DEFAULT CHARSET=utf8mb4 COLLATE=utf8mb4_unicode_ci;

-- --------------------------------------------------------

--
-- Table structure for table `seo_settings`
--

CREATE TABLE `seo_settings` (
  `id` bigint(20) UNSIGNED NOT NULL,
  `page_name` text COLLATE utf8mb4_unicode_ci DEFAULT NULL,
  `seo_title` text COLLATE utf8mb4_unicode_ci DEFAULT NULL,
  `seo_description` text COLLATE utf8mb4_unicode_ci DEFAULT NULL,
  `created_at` timestamp NULL DEFAULT NULL,
  `updated_at` timestamp NULL DEFAULT NULL
) ENGINE=InnoDB DEFAULT CHARSET=utf8mb4 COLLATE=utf8mb4_unicode_ci;

--
-- Dumping data for table `seo_settings`
--

INSERT INTO `seo_settings` (`id`, `page_name`, `seo_title`, `seo_description`, `created_at`, `updated_at`) VALUES
(1, 'Home Page', 'ShopUS: Your One-Stop Destination for Fashion and Style', 'ShopUS: Your One-Stop Destination for Fashion and Style', NULL, '2023-03-22 08:53:35'),
(2, 'About Us', 'ShopUS: Your One-Stop Destination for Fashion and Style', 'ShopUS: Your One-Stop Destination for Fashion and Style', NULL, '2023-03-22 08:53:39'),
(3, 'Contact Us', 'ShopUS: Your One-Stop Destination for Fashion and Style', 'ShopUS: Your One-Stop Destination for Fashion and Style', NULL, '2023-03-22 08:53:42'),
(5, 'Seller Page', 'ShopUS: Your One-Stop Destination for Fashion and Style', 'ShopUS: Your One-Stop Destination for Fashion and Style', NULL, '2023-03-22 08:53:46'),
(6, 'Blog', 'ShopUS: Your One-Stop Destination for Fashion and Style', 'ShopUS: Your One-Stop Destination for Fashion and Style', NULL, '2023-03-22 08:53:52'),
(8, 'Flash Deal', 'ShopUS: Your One-Stop Destination for Fashion and Style', 'ShopUS: Your One-Stop Destination for Fashion and Style', NULL, '2023-03-22 08:53:58'),
(9, 'Shop Page', 'ShopUS: Your One-Stop Destination for Fashion and Style', 'ShopUS: Your One-Stop Destination for Fashion and Style', NULL, '2023-03-22 08:54:02');

-- --------------------------------------------------------

--
-- Table structure for table `services`
--

CREATE TABLE `services` (
  `id` bigint(20) UNSIGNED NOT NULL,
  `title` varchar(255) COLLATE utf8mb4_unicode_ci NOT NULL,
  `icon` varchar(255) COLLATE utf8mb4_unicode_ci NOT NULL,
  `description` text COLLATE utf8mb4_unicode_ci NOT NULL,
  `status` tinyint(4) NOT NULL,
  `created_at` timestamp NULL DEFAULT NULL,
  `updated_at` timestamp NULL DEFAULT NULL
) ENGINE=InnoDB DEFAULT CHARSET=utf8mb4 COLLATE=utf8mb4_unicode_ci;

--
-- Dumping data for table `services`
--

INSERT INTO `services` (`id`, `title`, `icon`, `description`, `status`, `created_at`, `updated_at`) VALUES
(1, 'Free Shipping', 'fas fa-shipping-fast', 'Free Shipping on Payment', 1, '2022-09-20 08:07:40', '2022-09-20 08:07:40'),
(2, 'Return Policy', 'fas fa-chevron-circle-left', '24 Hours Return Policy', 1, '2022-09-20 08:08:44', '2022-09-20 08:08:44'),
(3, 'Secured Payment', 'fab fa-cc-amazon-pay', 'Secure Card Payments', 1, '2022-09-20 08:09:50', '2022-09-20 08:09:50'),
(4, 'Best Quality', 'fas fa-check-circle', 'Best Quality Products', 1, '2022-09-20 08:10:27', '2022-09-22 04:24:58');

-- --------------------------------------------------------

--
-- Table structure for table `shippings`
--

CREATE TABLE `shippings` (
  `id` bigint(20) UNSIGNED NOT NULL,
  `city_id` int(11) NOT NULL,
  `shipping_rule` varchar(255) COLLATE utf8mb4_unicode_ci NOT NULL,
  `type` varchar(255) COLLATE utf8mb4_unicode_ci NOT NULL,
  `shipping_fee` double NOT NULL,
  `condition_from` varchar(255) COLLATE utf8mb4_unicode_ci NOT NULL,
  `condition_to` varchar(255) COLLATE utf8mb4_unicode_ci NOT NULL,
  `created_at` timestamp NULL DEFAULT NULL,
  `updated_at` timestamp NULL DEFAULT NULL
) ENGINE=InnoDB DEFAULT CHARSET=utf8mb4 COLLATE=utf8mb4_unicode_ci;

--
-- Dumping data for table `shippings`
--

INSERT INTO `shippings` (`id`, `city_id`, `shipping_rule`, `type`, `shipping_fee`, `condition_from`, `condition_to`, `created_at`, `updated_at`) VALUES
(21, 8, 'Regular', 'base_on_price', 60, '1', '1000', '2022-12-13 20:10:08', '2022-12-13 20:13:18'),
(22, 8, 'Quantity(5-10)', 'base_on_qty', 120, '5', '10', '2022-12-13 20:11:16', '2022-12-13 20:13:24'),
(23, 0, 'Fixed Shipping', 'base_on_price', 20, '1', '1000', '2022-12-13 20:11:53', '2022-12-13 20:11:53');

-- --------------------------------------------------------

--
-- Table structure for table `shopping_carts`
--

CREATE TABLE `shopping_carts` (
  `id` bigint(20) UNSIGNED NOT NULL,
  `user_id` int(11) NOT NULL,
  `product_id` int(11) NOT NULL,
  `qty` int(11) NOT NULL,
  `coupon_name` varchar(255) COLLATE utf8mb4_unicode_ci DEFAULT NULL,
  `coupon_price` double NOT NULL,
  `offer_type` int(11) NOT NULL,
  `created_at` timestamp NULL DEFAULT NULL,
  `updated_at` timestamp NULL DEFAULT NULL
) ENGINE=InnoDB DEFAULT CHARSET=utf8mb4 COLLATE=utf8mb4_unicode_ci;

--
-- Dumping data for table `shopping_carts`
--

INSERT INTO `shopping_carts` (`id`, `user_id`, `product_id`, `qty`, `coupon_name`, `coupon_price`, `offer_type`, `created_at`, `updated_at`) VALUES
(36, 12, 13, 1, '', 0, 0, '2022-09-22 05:45:27', '2022-09-22 05:45:27'),
(70, 6, 37, 1, '', 0, 0, '2022-09-26 10:35:34', '2022-09-26 10:35:34'),
(107, 5, 37, 2, '', 0, 0, '2022-09-27 11:38:08', '2022-09-27 11:38:08'),
(108, 5, 37, 1, '', 0, 0, '2022-09-27 11:38:13', '2022-09-27 11:38:13'),
(109, 16, 7, 1, '', 0, 0, '2022-10-26 19:41:39', '2022-10-26 19:41:39'),
(110, 16, 7, 1, '', 0, 0, '2022-10-26 19:41:44', '2022-10-26 19:41:44'),
(117, 21, 7, 2, '', 0, 0, '2022-10-30 21:29:04', '2022-10-30 21:29:25'),
(118, 21, 3, 2, '', 0, 0, '2022-10-30 21:29:09', '2022-10-30 21:29:29'),
(119, 21, 11, 1, '', 0, 0, '2022-10-30 21:29:15', '2022-10-30 21:29:15'),
(228, 27, 38, 1, '', 0, 0, '2022-11-07 21:59:13', '2022-11-07 21:59:13'),
(229, 27, 30, 1, '', 0, 0, '2022-11-07 21:59:21', '2022-11-07 21:59:21'),
(230, 27, 33, 1, '', 0, 0, '2022-11-07 21:59:25', '2022-11-07 21:59:25'),
(231, 27, 33, 2, '', 0, 0, '2022-11-07 22:12:04', '2022-11-07 22:12:04'),
(232, 27, 10, 1, '', 0, 0, '2022-11-07 22:17:53', '2022-11-07 22:17:53'),
(464, 31, 38, 1, '', 0, 0, '2022-11-17 21:48:51', '2022-11-17 21:48:51'),
(549, 31, 11, 1, '', 0, 0, '2022-11-23 18:12:09', '2022-11-23 18:12:09'),
(614, 37, 38, 1, '', 0, 0, '2022-12-01 23:13:06', '2022-12-01 23:13:06'),
(615, 37, 38, 1, '', 0, 0, '2022-12-01 23:13:11', '2022-12-01 23:13:11'),
(680, 42, 38, 1, '', 0, 0, '2023-01-16 18:40:47', '2023-01-16 18:40:47'),
(692, 41, 36, 1, '', 0, 0, '2023-01-17 12:14:35', '2023-01-17 12:14:35'),
(693, 41, 38, 1, '', 0, 0, '2023-01-17 13:05:17', '2023-01-17 13:05:17'),
(701, 43, 37, 2, '', 0, 0, '2023-01-21 22:52:20', '2023-01-21 22:53:47'),
(702, 43, 38, 2, '', 0, 0, '2023-01-21 22:54:22', '2023-01-21 22:54:22'),
(737, 54, 37, 1, '', 0, 0, '2023-04-04 04:35:03', '2023-04-04 04:35:03'),
(738, 56, 36, 1, '', 0, 0, '2023-04-04 04:42:15', '2023-04-04 04:42:15'),
(845, 7, 36, 1, '', 0, 0, '2023-05-27 18:58:57', '2023-05-27 18:58:57'),
(846, 7, 8, 1, '', 0, 0, '2023-05-27 19:26:59', '2023-05-27 19:26:59'),
(847, 7, 38, 1, '', 0, 0, '2023-05-27 21:04:05', '2023-05-27 21:04:05'),
(848, 7, 2, 1, '', 0, 0, '2023-05-27 23:38:42', '2023-05-27 23:38:42'),
(849, 7, 32, 1, '', 0, 0, '2023-05-28 00:09:58', '2023-05-28 00:09:58'),
(850, 7, 11, 1, '', 0, 0, '2023-05-28 00:39:41', '2023-05-28 00:39:41'),
(851, 7, 32, 1, '', 0, 0, '2023-05-28 00:56:32', '2023-05-28 00:56:32'),
(852, 7, 38, 1, '', 0, 0, '2023-05-28 01:57:01', '2023-05-28 01:57:01'),
(853, 7, 38, 1, '', 0, 0, '2023-05-28 02:40:05', '2023-05-28 02:40:05'),
(854, 7, 11, 1, '', 0, 0, '2023-05-28 04:22:15', '2023-05-28 04:22:15'),
(855, 7, 9, 1, '', 0, 0, '2023-05-28 04:23:31', '2023-05-28 04:23:31'),
(856, 7, 36, 1, '', 0, 0, '2023-05-28 05:09:34', '2023-05-28 05:09:34');

-- --------------------------------------------------------

--
-- Table structure for table `shopping_cart_variants`
--

CREATE TABLE `shopping_cart_variants` (
  `id` bigint(20) UNSIGNED NOT NULL,
  `shopping_cart_id` int(11) NOT NULL,
  `variant_id` int(10) NOT NULL,
  `variant_item_id` int(10) NOT NULL,
  `created_at` timestamp NULL DEFAULT NULL,
  `updated_at` timestamp NULL DEFAULT NULL
) ENGINE=InnoDB DEFAULT CHARSET=utf8mb4 COLLATE=utf8mb4_unicode_ci;

--
-- Dumping data for table `shopping_cart_variants`
--

INSERT INTO `shopping_cart_variants` (`id`, `shopping_cart_id`, `variant_id`, `variant_item_id`, `created_at`, `updated_at`) VALUES
(8, 231, 11, 28, '2022-11-07 22:12:04', '2022-11-07 22:12:04'),
(9, 231, 12, 31, '2022-11-07 22:12:04', '2022-11-07 22:12:04'),
(72, 847, 8, 11, '2023-05-27 21:04:05', '2023-05-27 21:04:05'),
(73, 852, 8, 11, '2023-05-28 01:57:01', '2023-05-28 01:57:01'),
(74, 853, 8, 11, '2023-05-28 02:40:05', '2023-05-28 02:40:05');

-- --------------------------------------------------------

--
-- Table structure for table `shop_pages`
--

CREATE TABLE `shop_pages` (
  `id` bigint(20) UNSIGNED NOT NULL,
  `header_one` varchar(255) COLLATE utf8mb4_unicode_ci DEFAULT NULL,
  `header_two` varchar(255) COLLATE utf8mb4_unicode_ci DEFAULT NULL,
  `title_one` varchar(255) COLLATE utf8mb4_unicode_ci DEFAULT NULL,
  `title_two` varchar(255) COLLATE utf8mb4_unicode_ci DEFAULT NULL,
  `banner` varchar(255) COLLATE utf8mb4_unicode_ci DEFAULT NULL,
  `link` varchar(255) COLLATE utf8mb4_unicode_ci DEFAULT NULL,
  `button_text` varchar(255) COLLATE utf8mb4_unicode_ci DEFAULT NULL,
  `status` int(1) NOT NULL DEFAULT 1,
  `filter_price_range` double NOT NULL DEFAULT 10000,
  `created_at` timestamp NULL DEFAULT NULL,
  `updated_at` timestamp NULL DEFAULT NULL
) ENGINE=InnoDB DEFAULT CHARSET=utf8mb4 COLLATE=utf8mb4_unicode_ci;

--
-- Dumping data for table `shop_pages`
--

INSERT INTO `shop_pages` (`id`, `header_one`, `header_two`, `title_one`, `title_two`, `banner`, `link`, `button_text`, `status`, `filter_price_range`, `created_at`, `updated_at`) VALUES
(1, 'Up To', '70% Off', 'Women\'s Jeans Collection', 'Fashion For Women\'s', 'uploads/website-images/banner-2022-02-06-04-22-39-1426.jpg', 'product', 'Discover now', 1, 5000, NULL, '2022-09-20 08:07:01');

-- --------------------------------------------------------

--
-- Table structure for table `sliders`
--

CREATE TABLE `sliders` (
  `id` bigint(20) UNSIGNED NOT NULL,
  `title_one` varchar(255) COLLATE utf8mb4_unicode_ci DEFAULT NULL,
  `title_two` varchar(255) COLLATE utf8mb4_unicode_ci DEFAULT NULL,
  `image` varchar(255) COLLATE utf8mb4_unicode_ci DEFAULT NULL,
  `link` text COLLATE utf8mb4_unicode_ci DEFAULT NULL,
  `status` int(11) NOT NULL DEFAULT 0,
  `serial` int(11) NOT NULL DEFAULT 0,
  `slider_location` varchar(255) COLLATE utf8mb4_unicode_ci DEFAULT NULL,
  `product_slug` text COLLATE utf8mb4_unicode_ci DEFAULT NULL,
  `created_at` timestamp NULL DEFAULT NULL,
  `updated_at` timestamp NULL DEFAULT NULL
) ENGINE=InnoDB DEFAULT CHARSET=utf8mb4 COLLATE=utf8mb4_unicode_ci;

--
-- Dumping data for table `sliders`
--

INSERT INTO `sliders` (`id`, `title_one`, `title_two`, `image`, `link`, `status`, `serial`, `slider_location`, `product_slug`, `created_at`, `updated_at`) VALUES
(1, 'UP TO 70% OFF', 'Fashion Collection Summer Sale', 'uploads/custom-images/slider-2023-05-27-12-09-41-6949.png', 'https://shopo-ecom.vercel.app/products?category=mobile', 1, 1, NULL, 'suede-desert-boots', '2022-09-20 03:55:57', '2023-08-17 05:33:33'),
(2, 'UP TO 70% OFF', 'Fashion Collection Summer Sale', 'uploads/custom-images/slider-2023-05-27-12-09-53-5842.png', 'https://shopo-ecom.vercel.app/products?category=lifestyle', 1, 2, NULL, 'wool-scarf', '2022-09-20 03:57:41', '2023-05-27 06:09:53'),
(3, 'UP TO 70% OFF', 'Fashion Collection Summer Sale', 'uploads/custom-images/slider-2023-05-27-12-10-04-2352.png', 'https://shopo-ecom.vercel.app/products?category=game', 1, 3, NULL, 'leather-watch', '2022-09-20 03:58:20', '2023-05-27 06:10:04');

-- --------------------------------------------------------

--
-- Table structure for table `sms_templates`
--

CREATE TABLE `sms_templates` (
  `id` bigint(20) UNSIGNED NOT NULL,
  `name` text COLLATE utf8mb4_unicode_ci DEFAULT NULL,
  `subject` text COLLATE utf8mb4_unicode_ci DEFAULT NULL,
  `description` text COLLATE utf8mb4_unicode_ci DEFAULT NULL,
  `created_at` timestamp NULL DEFAULT NULL,
  `updated_at` timestamp NULL DEFAULT NULL
) ENGINE=InnoDB DEFAULT CHARSET=utf8mb4 COLLATE=utf8mb4_unicode_ci;

--
-- Dumping data for table `sms_templates`
--

INSERT INTO `sms_templates` (`id`, `name`, `subject`, `description`, `created_at`, `updated_at`) VALUES
(1, 'User Verification', NULL, 'Dear {{user_name}},\r\n\r\nCongratulations! Your Account has been created successfully. Please copy and past and Active your Account. Your OTP code is {{otp_code}}', NULL, '2023-01-11 12:07:47'),
(2, 'Password Reset', NULL, 'Dear {{name}},\r\n\r\nDo you want to reset your password? Please Copy and past this code. Your OTP Code is {{otp_code}}', NULL, '2023-01-12 03:52:23'),
(3, 'Order Successfully', NULL, 'Hi {{user_name}},\r\n\r\nThanks for your new order. Your order id has been submited .\r\nOrder Id : {{order_id}},', NULL, '2023-01-11 11:43:08');

-- --------------------------------------------------------

--
-- Table structure for table `sub_categories`
--

CREATE TABLE `sub_categories` (
  `id` bigint(20) UNSIGNED NOT NULL,
  `category_id` int(10) NOT NULL,
  `name` varchar(255) COLLATE utf8mb4_unicode_ci NOT NULL,
  `slug` varchar(255) COLLATE utf8mb4_unicode_ci NOT NULL,
  `status` int(11) NOT NULL DEFAULT 0,
  `created_at` timestamp NULL DEFAULT NULL,
  `updated_at` timestamp NULL DEFAULT NULL
) ENGINE=InnoDB DEFAULT CHARSET=utf8mb4 COLLATE=utf8mb4_unicode_ci;

--
-- Dumping data for table `sub_categories`
--

INSERT INTO `sub_categories` (`id`, `category_id`, `name`, `slug`, `status`, `created_at`, `updated_at`) VALUES
(1, 1, 'Shrits', 'shrits', 1, '2022-09-20 05:51:21', '2023-04-06 10:05:03'),
(2, 1, 'Skirt', 'skirt', 1, '2022-09-20 05:51:35', '2023-03-22 07:05:23'),
(3, 1, 'T shirt', 't-shirt', 1, '2022-09-20 06:02:23', '2023-03-22 07:05:36'),
(4, 2, 'Hand Bag', 'hand-bag', 1, '2022-09-20 07:08:14', '2023-03-22 07:05:43'),
(5, 2, 'Mobile Wallets', 'mobile-wallets', 1, '2022-09-20 07:09:17', '2023-03-22 07:05:53'),
(6, 2, 'Purse', 'purse', 1, '2022-09-20 07:09:31', '2023-03-22 07:06:01'),
(7, 10, 'Lipstick', 'lipstick', 1, '2022-09-20 07:11:30', '2023-03-22 07:06:10'),
(8, 10, 'Face Powder', 'face-powder', 1, '2022-09-20 07:11:41', '2023-03-22 07:06:18'),
(9, 10, 'Foundation', 'foundation', 1, '2022-09-20 07:12:00', '2023-03-22 07:06:25');

-- --------------------------------------------------------

--
-- Table structure for table `tawk_chats`
--

CREATE TABLE `tawk_chats` (
  `id` bigint(20) UNSIGNED NOT NULL,
  `chat_link` varchar(255) COLLATE utf8mb4_unicode_ci DEFAULT NULL,
  `widget_id` varchar(255) COLLATE utf8mb4_unicode_ci DEFAULT NULL,
  `property_id` varchar(255) COLLATE utf8mb4_unicode_ci DEFAULT NULL,
  `status` int(11) NOT NULL DEFAULT 1,
  `created_at` timestamp NULL DEFAULT NULL,
  `updated_at` timestamp NULL DEFAULT NULL
) ENGINE=InnoDB DEFAULT CHARSET=utf8mb4 COLLATE=utf8mb4_unicode_ci;

--
-- Dumping data for table `tawk_chats`
--

INSERT INTO `tawk_chats` (`id`, `chat_link`, `widget_id`, `property_id`, `status`, `created_at`, `updated_at`) VALUES
(1, 'https://tawk.to/chat/612dc781d6e7610a49b2d444/1fedd6l9m', '612dc781d6e7610a49b2d444', '1fedd6l9m', 1, NULL, '2022-11-14 03:33:27');

-- --------------------------------------------------------

--
-- Table structure for table `terms_and_conditions`
--

CREATE TABLE `terms_and_conditions` (
  `id` bigint(20) UNSIGNED NOT NULL,
  `terms_and_condition` longtext COLLATE utf8mb4_unicode_ci DEFAULT NULL,
  `privacy_policy` longtext COLLATE utf8mb4_unicode_ci DEFAULT NULL,
  `created_at` timestamp NULL DEFAULT NULL,
  `updated_at` timestamp NULL DEFAULT NULL
) ENGINE=InnoDB DEFAULT CHARSET=utf8mb4 COLLATE=utf8mb4_unicode_ci;

--
-- Dumping data for table `terms_and_conditions`
--

INSERT INTO `terms_and_conditions` (`id`, `terms_and_condition`, `privacy_policy`, `created_at`, `updated_at`) VALUES
(1, '<h1><span style=\"color: rgb(0, 0, 0);\">Terms and Conditions</span></h1>\r\n<p><span style=\"color: rgb(0, 0, 0);\">Welcome to QuomodoTheme!</span></p>\r\n<p><span style=\"color: rgb(0, 0, 0);\">These terms and conditions outline the rules and regulations for the use of Quomodo Theme Us Inc.\'s Website, located at https://QuomodoTheme.com.</span></p>\r\n<p><span style=\"color: rgb(0, 0, 0);\">By accessing this website we assume you accept these terms and conditions. Do not continue to use QuomodoTheme if you do not agree to take all of the terms and conditions stated on this page.</span></p>\r\n<p><span style=\"color: rgb(0, 0, 0);\">The following terminology applies to these Terms and Conditions, Privacy Statement and Disclaimer Notice and all Agreements: \"Client\", \"You\" and \"Your\" refers to you, the person log on this website and compliant to the Company&rsquo;s terms and conditions. \"The Company\", \"Ourselves\", \"We\", \"Our\" and \"Us\", refers to our Company. \"Party\", \"Parties\", or \"Us\", refers to both the Client and ourselves. All terms refer to the offer, acceptance and consideration of payment necessary to undertake the process of our assistance to the Client in the most appropriate manner for the express purpose of meeting the Client&rsquo;s needs in respect of provision of the Company&rsquo;s stated services, in accordance with and subject to, prevailing law of Netherlands. Any use of the above terminology or other words in the singular, plural, capitalization and/or he/she or they, are taken as interchangeable and therefore as referring to same.</span></p>\r\n<h3><span style=\"color: rgb(0, 0, 0);\">Cookies</span></h3>\r\n<p><span style=\"color: rgb(0, 0, 0);\">We employ the use of cookies. By accessing QuomodoTheme, you agreed to use cookies in agreement with the Quomodo Theme Us Inc.\'s Privacy Policy.</span></p>\r\n<p><span style=\"color: rgb(0, 0, 0);\">Most interactive websites use cookies to let us retrieve the user&rsquo;s details for each visit. Cookies are used by our website to enable the functionality of certain areas to make it easier for people visiting our website. Some of our affiliate/advertising partners may also use cookies.</span></p>\r\n<h3><span style=\"color: rgb(0, 0, 0);\">License</span></h3>\r\n<p><span style=\"color: rgb(0, 0, 0);\">Unless otherwise stated, Quomodo Theme Us Inc. and/or its licensors own the intellectual property rights for all material on QuomodoTheme. All intellectual property rights are reserved. You may access this from QuomodoTheme for your own personal use subjected to restrictions set in these terms and conditions.</span></p>\r\n<h3><span style=\"color: rgb(0, 0, 0);\">You must not:</span></h3>\r\n<p><span style=\"color: rgb(0, 0, 0);\">Republish material from QuomodoTheme</span><br><span style=\"color: rgb(0, 0, 0);\">Sell, rent or sub-license material from QuomodoTheme</span><br><span style=\"color: rgb(0, 0, 0);\">Reproduce, duplicate or copy material from QuomodoTheme</span><br><span style=\"color: rgb(0, 0, 0);\">Redistribute content from QuomodoTheme</span></p>\r\n<p><span style=\"color: rgb(0, 0, 0);\">This Agreement shall begin on the date hereof. Our Terms and Conditions were created with the help of the Terms And Conditions Template.</span></p>\r\n<p><span style=\"color: rgb(0, 0, 0);\">Parts of this website offer an opportunity for users to post and exchange opinions and information in certain areas of the website. Quomodo Theme Us Inc. does not filter, edit, publish or review Comments prior to their presence on the website. Comments do not reflect the views and opinions of Quomodo Theme Us Inc.,its agents and/or affiliates. Comments reflect the views and opinions of the person who post their views and opinions. To the extent permitted by applicable laws, Quomodo Theme Us Inc. shall not be liable for the Comments or for any liability, damages or expenses caused and/or suffered as a result of any use of and/or posting of and/or appearance of the Comments on this website.</span></p>\r\n<p><span style=\"color: rgb(0, 0, 0);\">Quomodo Theme Us Inc. reserves the right to monitor all Comments and to remove any Comments which can be considered inappropriate, offensive or causes breach of these Terms and Conditions.</span></p>\r\n<h3><span style=\"color: rgb(0, 0, 0);\">You warrant and represent that:</span></h3>\r\n<p><span style=\"color: rgb(0, 0, 0);\">You are entitled to post the Comments on our website and have all necessary licenses and consents to do so;</span><br><span style=\"color: rgb(0, 0, 0);\">The Comments do not invade any intellectual property right, including without limitation copyright, patent or trademark of any third party;</span><br><span style=\"color: rgb(0, 0, 0);\">The Comments do not contain any defamatory, libelous, offensive, indecent or otherwise unlawful material which is an invasion of privacy</span><br><span style=\"color: rgb(0, 0, 0);\">The Comments will not be used to solicit or promote business or custom or present commercial activities or unlawful activity.</span></p>\r\n<p><span style=\"color: rgb(0, 0, 0);\">You hereby grant Quomodo Theme Us Inc. a non-exclusive license to use, reproduce, edit and authorize others to use, reproduce and edit any of your Comments in any and all forms, formats or media.</span></p>\r\n<p><span style=\"color: rgb(0, 0, 0);\">Hyperlinking to our Content</span></p>\r\n<p><span style=\"color: rgb(0, 0, 0);\">The following organizations may link to our Website without prior written approval:</span></p>\r\n<p><span style=\"color: rgb(0, 0, 0);\">Government agencies;</span><br><span style=\"color: rgb(0, 0, 0);\">Search engines;</span><br><span style=\"color: rgb(0, 0, 0);\">News organizations;</span><br><span style=\"color: rgb(0, 0, 0);\">Online directory distributors may link to our Website in the same manner as they hyperlink to the Websites of other listed businesses; and</span><br><span style=\"color: rgb(0, 0, 0);\">System wide Accredited Businesses except soliciting non-profit organizations, charity shopping malls, and charity fundraising groups which may not hyperlink to our Web site.</span></p>\r\n<p><span style=\"color: rgb(0, 0, 0);\">These organizations may link to our home page, to publications or to other Website information so long as the link: (a) is not in any way deceptive; (b) does not falsely imply sponsorship, endorsement or approval of the linking party and its products and/or services; and (c) fits within the context of the linking party&rsquo;s site.</span></p>\r\n<p><span style=\"color: rgb(0, 0, 0);\">We may consider and approve other link requests from the following types of organizations:</span></p>\r\n<p><span style=\"color: rgb(0, 0, 0);\">commonly-known consumer and/or business information sources;</span><br><span style=\"color: rgb(0, 0, 0);\">dot.com community sites;</span><br><span style=\"color: rgb(0, 0, 0);\">associations or other groups representing charities;</span><br><span style=\"color: rgb(0, 0, 0);\">online directory distributors;</span><br><span style=\"color: rgb(0, 0, 0);\">internet portals;</span><br><span style=\"color: rgb(0, 0, 0);\">accounting, law and consulting firms; and</span><br><span style=\"color: rgb(0, 0, 0);\">educational institutions and trade associations.</span></p>\r\n<p><span style=\"color: rgb(0, 0, 0);\">We will approve link requests from these organizations if we decide that: (a) the link would not make us look unfavorably to ourselves or to our accredited businesses; (b) the organization does not have any negative records with us; (c) the benefit to us from the visibility of the hyperlink compensates the absence of Quomodo Theme Us Inc.; and (d) the link is in the context of general resource information.</span></p>\r\n<p><span style=\"color: rgb(0, 0, 0);\">These organizations may link to our home page so long as the link: (a) is not in any way deceptive; (b) does not falsely imply sponsorship, endorsement or approval of the linking party and its products or services; and (c) fits within the context of the linking party&rsquo;s site.</span></p>\r\n<p><span style=\"color: rgb(0, 0, 0);\">If you are one of the organizations listed in paragraph 2 above and are interested in linking to our website, you must inform us by sending an e-mail to Quomodo Theme Us Inc.. Please include your name, your organization name, contact information as well as the URL of your site, a list of any URLs from which you intend to link to our Website, and a list of the URLs on our site to which you would like to link. Wait 2-3 weeks for a response.</span></p>\r\n<h3><span style=\"color: rgb(0, 0, 0);\">Approved organizations may hyperlink to our Website as follows:</span></h3>\r\n<p><span style=\"color: rgb(0, 0, 0);\">By use of our corporate name; or</span><br><span style=\"color: rgb(0, 0, 0);\">By use of the uniform resource locator being linked to; or</span><br><span style=\"color: rgb(0, 0, 0);\">By use of any other description of our Website being linked to that makes sense within the context and format of content on the linking party&rsquo;s site.</span></p>\r\n<p><span style=\"color: rgb(0, 0, 0);\">No use of Quomodo Theme Us Inc.\'s logo or other artwork will be allowed for linking absent a trademark license agreement.</span></p>\r\n<p><span style=\"color: rgb(0, 0, 0);\">iFrames</span></p>\r\n<p><span style=\"color: rgb(0, 0, 0);\">Without prior approval and written permission, you may not create frames around our Webpages that alter in any way the visual presentation or appearance of our Website.</span></p>\r\n<h3><span style=\"color: rgb(0, 0, 0);\">Content Liability</span></h3>\r\n<p><span style=\"color: rgb(0, 0, 0);\">We shall not be hold responsible for any content that appears on your Website. You agree to protect and defend us against all claims that is rising on your Website. No link(s) should appear on any Website that may be interpreted as libelous, obscene or criminal, or which infringes, otherwise violates, or advocates the infringement or other violation of, any third party rights.</span></p>\r\n<h3><span style=\"color: rgb(0, 0, 0);\">Your Privacy</span></h3>\r\n<p><span style=\"color: rgb(0, 0, 0);\">Please read Privacy Policy</span></p>\r\n<p><span style=\"color: rgb(0, 0, 0);\">Reservation of Rights</span></p>\r\n<p><span style=\"color: rgb(0, 0, 0);\">We reserve the right to request that you remove all links or any particular link to our Website. You approve to immediately remove all links to our Website upon request. We also reserve the right to amen these terms and conditions and it&rsquo;s linking policy at any time. By continuously linking to our Website, you agree to be bound to and follow these linking terms and conditions.</span></p>\r\n<p><span style=\"color: rgb(0, 0, 0);\">Removal of links from our website</span></p>\r\n<p><span style=\"color: rgb(0, 0, 0);\">If you find any link on our Website that is offensive for any reason, you are free to contact and inform us any moment. We will consider requests to remove links but we are not obligated to or so or to respond to you directly.</span></p>\r\n<p><span style=\"color: rgb(0, 0, 0);\">We do not ensure that the information on this website is correct, we do not warrant its completeness or accuracy; nor do we promise to ensure that the website remains available or that the material on the website is kept up to date.</span></p>\r\n<h3><span style=\"color: rgb(0, 0, 0);\">Disclaimer</span></h3>\r\n<p><span style=\"color: rgb(0, 0, 0);\">To the maximum extent permitted by applicable law, we exclude all representations, warranties and conditions relating to our website and the use of this website. Nothing in this disclaimer will:</span></p>\r\n<p><span style=\"color: rgb(0, 0, 0);\">limit or exclude our or your liability for death or personal injury;</span><br><span style=\"color: rgb(0, 0, 0);\">limit or exclude our or your liability for fraud or fraudulent misrepresentation;</span><br><span style=\"color: rgb(0, 0, 0);\">limit any of our or your liabilities in any way that is not permitted under applicable law; or</span><br><span style=\"color: rgb(0, 0, 0);\">exclude any of our or your liabilities that may not be excluded under applicable law.</span></p>\r\n<p><span style=\"color: rgb(0, 0, 0);\">The limitations and prohibitions of liability set in this Section and elsewhere in this disclaimer: (a) are subject to the preceding paragraph; and (b) govern all liabilities arising under the disclaimer, including liabilities arising in contract, in tort and for breach of statutory duty.</span></p>\r\n<p><span style=\"color: rgb(0, 0, 0);\">As long as the website and the information and services on the website are provided free of charge, we will not be liable for any loss or damage of any nature.</span></p>', '<h1>Privacy Policy for QuomodoTheme.</h1>\r\n<p>At QuomodoTheme, accessible from https://QuomodoTheme.com, one of our main priorities is the privacy of our visitors. This Privacy Policy document contains types of information that is collected and recorded by QuomodoTheme and how we use it.</p>\r\n<p>If you have additional questions or require more information about our Privacy Policy, do not hesitate to contact us.</p>\r\n<p>This Privacy Policy applies only to our online activities and is valid for visitors to our website with regards to the information that they shared and/or collect in QuomodoTheme. This policy is not applicable to any information collected offline or via channels other than this website. Our Privacy Policy was created with the help of the Free Privacy Policy Generator.</p>\r\n<h3>Consent</h3>\r\n<p>By using our website, you hereby consent to our Privacy Policy and agree to its terms.</p>\r\n<p>Information we collect</p>\r\n<p>The personal information that you are asked to provide, and the reasons why you are asked to provide it, will be made clear to you at the point we ask you to provide your personal information.</p>\r\n<p>If you contact us directly, we may receive additional information about you such as your name, email address, phone number, the contents of the message and/or attachments you may send us, and any other information you may choose to provide.</p>\r\n<p>When you register for an Account, we may ask for your contact information, including items such as name, company name, address, email address, and telephone number.</p>\r\n<h3>How we use your information</h3>\r\n<p>We use the information we collect in various ways, including to:</p>\r\n<p>Provide, operate, and maintain our website<br>Improve, personalize, and expand our website<br>Understand and analyze how you use our website<br>Develop new products, services, features, and functionality<br>Communicate with you, either directly or through one of our partners, including for customer service, to provide you with updates and other information relating to the website, and for marketing and promotional purposes<br>Send you emails<br>Find and prevent fraud<br>Log Files</p>\r\n<p>QuomodoTheme follows a standard procedure of using log files. These files log visitors when they visit websites. All hosting companies do this and a part of hosting services\' analytics. The information collected by log files include internet protocol (IP) addresses, browser type, Internet Service Provider (ISP), date and time stamp, referring/exit pages, and possibly the number of clicks. These are not linked to any information that is personally identifiable. The purpose of the information is for analyzing trends, administering the site, tracking users\' movement on the website, and gathering demographic information.</p>\r\n<h3>Cookies and Web Beacons</h3>\r\n<p>Like any other website, QuomodoTheme uses \'cookies\'. These cookies are used to store information including visitors\' preferences, and the pages on the website that the visitor accessed or visited. The information is used to optimize the users\' experience by customizing our web page content based on visitors\' browser type and/or other information.</p>\r\n<p>For more general information on cookies, please read the Cookies article on Generate Privacy Policy website.</p>\r\n<p>Advertising Partners Privacy Policies</p>\r\n<p>You may consult this list to find the Privacy Policy for each of the advertising partners of QuomodoTheme.</p>\r\n<p>Third-party ad servers or ad networks uses technologies like cookies, JavaScript, or Web Beacons that are used in their respective advertisements and links that appear on QuomodoTheme, which are sent directly to users\' browser. They automatically receive your IP address when this occurs. These technologies are used to measure the effectiveness of their advertising campaigns and/or to personalize the advertising content that you see on websites that you visit.</p>\r\n<p>Note that QuomodoTheme has no access to or control over these cookies that are used by third-party advertisers.</p>\r\n<h3>Third Party Privacy Policies</h3>\r\n<p>QuomodoTheme\'s Privacy Policy does not apply to other advertisers or websites. Thus, we are advising you to consult the respective Privacy Policies of these third-party ad servers for more detailed information. It may include their practices and instructions about how to opt-out of certain options.</p>\r\n<p>You can choose to disable cookies through your individual browser options. To know more detailed information about cookie management with specific web browsers, it can be found at the browsers\' respective websites.</p>\r\n<p>CCPA Privacy Rights (Do Not Sell My Personal Information)</p>\r\n<p>Under the CCPA, among other rights, California consumers have the right to:</p>\r\n<p>Request that a business that collects a consumer\'s personal data disclose the categories and specific pieces of personal data that a business has collected about consumers.</p>\r\n<p>Request that a business delete any personal data about the consumer that a business has collected.</p>\r\n<p>Request that a business that sells a consumer\'s personal data, not sell the consumer\'s personal data.</p>\r\n<p>If you make a request, we have one month to respond to you. If you would like to exercise any of these rights, please contact us.</p>\r\n<h3>GDPR Data Protection Rights</h3>\r\n<p>We would like to make sure you are fully aware of all of your data protection rights. Every user is entitled to the following:</p>\r\n<p>The right to access &ndash; You have the right to request copies of your personal data. We may charge you a small fee for this service.</p>\r\n<p>The right to rectification &ndash; You have the right to request that we correct any information you believe is inaccurate. You also have the right to request that we complete the information you believe is incomplete.</p>\r\n<p>The right to erasure &ndash; You have the right to request that we erase your personal data, under certain conditions.</p>\r\n<p>The right to restrict processing &ndash; You have the right to request that we restrict the processing of your personal data, under certain conditions.</p>\r\n<p>The right to object to processing &ndash; You have the right to object to our processing of your personal data, under certain conditions.</p>\r\n<p>The right to data portability &ndash; You have the right to request that we transfer the data that we have collected to another organization, or directly to you, under certain conditions.</p>\r\n<p>If you make a request, we have one month to respond to you. If you would like to exercise any of these rights, please contact us.</p>\r\n<h3>Children\'s Information</h3>\r\n<p>Another part of our priority is adding protection for children while using the internet. We encourage parents and guardians to observe, participate in, and/or monitor and guide their online activity.</p>\r\n<p>QuomodoTheme does not knowingly collect any Personal Identifiable Information from children under the age of 13. If you think that your child provided this kind of information on our website, we strongly encourage you to contact us immediately and we will do our best efforts to promptly remove such information from our records.</p>', '2022-09-20 08:23:13', '2023-03-22 11:00:14');

-- --------------------------------------------------------

--
-- Table structure for table `testimonials`
--

CREATE TABLE `testimonials` (
  `id` bigint(20) UNSIGNED NOT NULL,
  `name` varchar(255) COLLATE utf8mb4_unicode_ci NOT NULL,
  `designation` varchar(255) COLLATE utf8mb4_unicode_ci NOT NULL,
  `image` varchar(255) COLLATE utf8mb4_unicode_ci NOT NULL,
  `rating` varchar(255) COLLATE utf8mb4_unicode_ci NOT NULL,
  `comment` text COLLATE utf8mb4_unicode_ci NOT NULL,
  `status` int(11) NOT NULL,
  `created_at` timestamp NULL DEFAULT NULL,
  `updated_at` timestamp NULL DEFAULT NULL
) ENGINE=InnoDB DEFAULT CHARSET=utf8mb4 COLLATE=utf8mb4_unicode_ci;

--
-- Dumping data for table `testimonials`
--

INSERT INTO `testimonials` (`id`, `name`, `designation`, `image`, `rating`, `comment`, `status`, `created_at`, `updated_at`) VALUES
(2, 'John Doe', 'CEO', 'uploads/custom-images/john-doe-20221110031511.jpg', '5', 'As a digital marketing agency our team works day in and day out on websites of all kinds. Some of the most common errors we see are websites not optimized for SEO because of old, boring, or out of date website themes or designs.', 1, NULL, '2022-11-10 20:15:12'),
(3, 'Michael', 'CEO', 'uploads/custom-images/michael-20230323025551.png', '5', 'Almost every imaginable design is possible and customizations are allowed on every level. Some features could make use of better controls. If you know how to operate your mouse, then you are all set to use this pagebuilder.', 1, '2022-07-31 10:57:20', '2023-03-23 08:55:52'),
(5, 'James Robert', 'CEO', 'uploads/custom-images/james-robert-20230323025559.png', '5', 'It is a long established fact that a reader will be distracted by the readable content of a page when looking at its layout. The point of using Lorem Ipsum is that it has a more-or-less normal distribution of letters, as opposed to using \'Content here, content here\', making it look like readable English', 1, '2022-09-25 09:12:27', '2023-03-23 08:56:00'),
(6, 'Mary 	Patricia', 'CEO', 'uploads/custom-images/mary-patricia-20220925031348.png', '5', 'It is a long established fact that a reader will be distracted by the readable content of a page when looking at its layout. The point of using Lorem Ipsum is that it has a more-or-less normal distribution of letters, as opposed to using \'Content here, content here\', making it look like readable English', 1, '2022-09-25 09:13:48', '2022-09-25 09:13:48');

-- --------------------------------------------------------

--
-- Table structure for table `three_column_categories`
--

CREATE TABLE `three_column_categories` (
  `id` bigint(20) UNSIGNED NOT NULL,
  `category_id_one` int(11) NOT NULL DEFAULT 0,
  `sub_category_id_one` int(11) NOT NULL DEFAULT 0,
  `child_category_id_one` int(11) NOT NULL DEFAULT 0,
  `category_id_two` int(11) NOT NULL DEFAULT 0,
  `sub_category_id_two` int(11) NOT NULL DEFAULT 0,
  `child_category_id_two` int(11) NOT NULL DEFAULT 0,
  `category_id_three` int(11) NOT NULL DEFAULT 0,
  `sub_category_id_three` int(11) NOT NULL DEFAULT 0,
  `child_category_id_three` int(11) NOT NULL DEFAULT 0,
  `created_at` timestamp NULL DEFAULT NULL,
  `updated_at` timestamp NULL DEFAULT NULL
) ENGINE=InnoDB DEFAULT CHARSET=utf8mb4 COLLATE=utf8mb4_unicode_ci;

--
-- Dumping data for table `three_column_categories`
--

INSERT INTO `three_column_categories` (`id`, `category_id_one`, `sub_category_id_one`, `child_category_id_one`, `category_id_two`, `sub_category_id_two`, `child_category_id_two`, `category_id_three`, `sub_category_id_three`, `child_category_id_three`, `created_at`, `updated_at`) VALUES
(1, 1, 0, 0, 2, 0, 0, 5, 0, 0, NULL, '2022-02-07 03:59:38');

-- --------------------------------------------------------

--
-- Table structure for table `vendor_social_links`
--

CREATE TABLE `vendor_social_links` (
  `id` bigint(20) UNSIGNED NOT NULL,
  `vendor_id` int(11) NOT NULL,
  `icon` varchar(255) COLLATE utf8mb4_unicode_ci DEFAULT NULL,
  `link` varchar(255) COLLATE utf8mb4_unicode_ci DEFAULT NULL,
  `created_at` timestamp NULL DEFAULT NULL,
  `updated_at` timestamp NULL DEFAULT NULL
) ENGINE=InnoDB DEFAULT CHARSET=utf8mb4 COLLATE=utf8mb4_unicode_ci;

-- --------------------------------------------------------

--
-- Table structure for table `wishlists`
--

CREATE TABLE `wishlists` (
  `id` bigint(20) UNSIGNED NOT NULL,
  `user_id` int(11) NOT NULL,
  `product_id` int(11) NOT NULL,
  `created_at` timestamp NULL DEFAULT NULL,
  `updated_at` timestamp NULL DEFAULT NULL
) ENGINE=InnoDB DEFAULT CHARSET=utf8mb4 COLLATE=utf8mb4_unicode_ci;

--
-- Dumping data for table `wishlists`
--

INSERT INTO `wishlists` (`id`, `user_id`, `product_id`, `created_at`, `updated_at`) VALUES
(54, 30, 36, '2022-11-10 23:01:26', '2022-11-10 23:01:26'),
(55, 30, 8, '2022-11-10 23:01:29', '2022-11-10 23:01:29'),
(56, 30, 37, '2022-11-10 23:02:07', '2022-11-10 23:02:07'),
(212, 37, 38, '2022-12-01 23:13:04', '2022-12-01 23:13:04'),
(326, 43, 38, '2023-01-21 22:53:38', '2023-01-21 22:53:38'),
(327, 43, 29, '2023-01-21 23:05:02', '2023-01-21 23:05:02'),
(355, 7, 37, '2023-05-27 10:25:16', '2023-05-27 10:25:16'),
(356, 7, 36, '2023-05-27 10:25:17', '2023-05-27 10:25:17'),
(357, 7, 33, '2023-05-27 10:25:18', '2023-05-27 10:25:18'),
(358, 7, 29, '2023-05-27 10:34:40', '2023-05-27 10:34:40'),
(359, 7, 9, '2023-05-28 04:23:43', '2023-05-28 04:23:43');

-- --------------------------------------------------------

--
-- Table structure for table `withdraw_methods`
--

CREATE TABLE `withdraw_methods` (
  `id` bigint(20) UNSIGNED NOT NULL,
  `name` varchar(255) COLLATE utf8mb4_unicode_ci NOT NULL,
  `min_amount` double NOT NULL DEFAULT 0,
  `max_amount` double NOT NULL DEFAULT 0,
  `withdraw_charge` double NOT NULL DEFAULT 0,
  `description` text COLLATE utf8mb4_unicode_ci DEFAULT NULL,
  `status` int(11) NOT NULL DEFAULT 1,
  `created_at` timestamp NULL DEFAULT NULL,
  `updated_at` timestamp NULL DEFAULT NULL
) ENGINE=InnoDB DEFAULT CHARSET=utf8mb4 COLLATE=utf8mb4_unicode_ci;

--
-- Dumping data for table `withdraw_methods`
--

INSERT INTO `withdraw_methods` (`id`, `name`, `min_amount`, `max_amount`, `withdraw_charge`, `description`, `status`, `created_at`, `updated_at`) VALUES
(1, 'Bank Payment', 500, 1500, 5, '<p>Please provide your Bank Account information :&nbsp;</p><p><span style=\"background-color: transparent;\">Bank Name: Your bank name</span></p><p><span style=\"background-color: transparent;\">Account Number:&nbsp; Your bank account number</span></p><p>Routing Number: Your bank routing number</p><p>Branch: Your bank branch name</p>', 1, '2022-11-10 19:41:15', '2022-11-10 19:41:15');

--
-- Indexes for dumped tables
--

--
-- Indexes for table `about_us`
--
ALTER TABLE `about_us`
  ADD PRIMARY KEY (`id`);

--
-- Indexes for table `addresses`
--
ALTER TABLE `addresses`
  ADD PRIMARY KEY (`id`);

--
-- Indexes for table `announcement_modals`
--
ALTER TABLE `announcement_modals`
  ADD PRIMARY KEY (`id`);

--
-- Indexes for table `bank_payments`
--
ALTER TABLE `bank_payments`
  ADD PRIMARY KEY (`id`);

--
-- Indexes for table `banner_images`
--
ALTER TABLE `banner_images`
  ADD PRIMARY KEY (`id`);

--
-- Indexes for table `blogs`
--
ALTER TABLE `blogs`
  ADD PRIMARY KEY (`id`);

--
-- Indexes for table `blog_categories`
--
ALTER TABLE `blog_categories`
  ADD PRIMARY KEY (`id`);

--
-- Indexes for table `blog_comments`
--
ALTER TABLE `blog_comments`
  ADD PRIMARY KEY (`id`);

--
-- Indexes for table `brands`
--
ALTER TABLE `brands`
  ADD PRIMARY KEY (`id`);

--
-- Indexes for table `breadcrumb_images`
--
ALTER TABLE `breadcrumb_images`
  ADD PRIMARY KEY (`id`);

--
-- Indexes for table `categories`
--
ALTER TABLE `categories`
  ADD PRIMARY KEY (`id`);

--
-- Indexes for table `child_categories`
--
ALTER TABLE `child_categories`
  ADD PRIMARY KEY (`id`);

--
-- Indexes for table `cities`
--
ALTER TABLE `cities`
  ADD PRIMARY KEY (`id`);

--
-- Indexes for table `compare_products`
--
ALTER TABLE `compare_products`
  ADD PRIMARY KEY (`id`);

--
-- Indexes for table `contact_messages`
--
ALTER TABLE `contact_messages`
  ADD PRIMARY KEY (`id`);

--
-- Indexes for table `contact_pages`
--
ALTER TABLE `contact_pages`
  ADD PRIMARY KEY (`id`);

--
-- Indexes for table `cookie_consents`
--
ALTER TABLE `cookie_consents`
  ADD PRIMARY KEY (`id`);

--
-- Indexes for table `countries`
--
ALTER TABLE `countries`
  ADD PRIMARY KEY (`id`);

--
-- Indexes for table `country_states`
--
ALTER TABLE `country_states`
  ADD PRIMARY KEY (`id`);

--
-- Indexes for table `coupons`
--
ALTER TABLE `coupons`
  ADD PRIMARY KEY (`id`);

--
-- Indexes for table `currencies`
--
ALTER TABLE `currencies`
  ADD PRIMARY KEY (`id`);

--
-- Indexes for table `currency_countries`
--
ALTER TABLE `currency_countries`
  ADD PRIMARY KEY (`id`),
  ADD UNIQUE KEY `id` (`id`);

--
-- Indexes for table `custom_pages`
--
ALTER TABLE `custom_pages`
  ADD PRIMARY KEY (`id`);

--
-- Indexes for table `custom_paginations`
--
ALTER TABLE `custom_paginations`
  ADD PRIMARY KEY (`id`);

--
-- Indexes for table `email_templates`
--
ALTER TABLE `email_templates`
  ADD PRIMARY KEY (`id`);

--
-- Indexes for table `error_pages`
--
ALTER TABLE `error_pages`
  ADD PRIMARY KEY (`id`);

--
-- Indexes for table `facebook_comments`
--
ALTER TABLE `facebook_comments`
  ADD PRIMARY KEY (`id`);

--
-- Indexes for table `facebook_pixels`
--
ALTER TABLE `facebook_pixels`
  ADD PRIMARY KEY (`id`);

--
-- Indexes for table `failed_jobs`
--
ALTER TABLE `failed_jobs`
  ADD PRIMARY KEY (`id`),
  ADD UNIQUE KEY `failed_jobs_uuid_unique` (`uuid`);

--
-- Indexes for table `faqs`
--
ALTER TABLE `faqs`
  ADD PRIMARY KEY (`id`);

--
-- Indexes for table `featured_categories`
--
ALTER TABLE `featured_categories`
  ADD PRIMARY KEY (`id`);

--
-- Indexes for table `flash_sales`
--
ALTER TABLE `flash_sales`
  ADD PRIMARY KEY (`id`);

--
-- Indexes for table `flash_sale_products`
--
ALTER TABLE `flash_sale_products`
  ADD PRIMARY KEY (`id`);

--
-- Indexes for table `footers`
--
ALTER TABLE `footers`
  ADD PRIMARY KEY (`id`);

--
-- Indexes for table `footer_links`
--
ALTER TABLE `footer_links`
  ADD PRIMARY KEY (`id`);

--
-- Indexes for table `footer_social_links`
--
ALTER TABLE `footer_social_links`
  ADD PRIMARY KEY (`id`);

--
-- Indexes for table `google_analytics`
--
ALTER TABLE `google_analytics`
  ADD PRIMARY KEY (`id`);

--
-- Indexes for table `home_page_one_visibilities`
--
ALTER TABLE `home_page_one_visibilities`
  ADD PRIMARY KEY (`id`);

--
-- Indexes for table `inventories`
--
ALTER TABLE `inventories`
  ADD PRIMARY KEY (`id`);

--
-- Indexes for table `maintainance_texts`
--
ALTER TABLE `maintainance_texts`
  ADD PRIMARY KEY (`id`);

--
-- Indexes for table `mega_menu_categories`
--
ALTER TABLE `mega_menu_categories`
  ADD PRIMARY KEY (`id`);

--
-- Indexes for table `mega_menu_sub_categories`
--
ALTER TABLE `mega_menu_sub_categories`
  ADD PRIMARY KEY (`id`);

--
-- Indexes for table `menu_visibilities`
--
ALTER TABLE `menu_visibilities`
  ADD PRIMARY KEY (`id`);

--
-- Indexes for table `messages`
--
ALTER TABLE `messages`
  ADD PRIMARY KEY (`id`);

--
-- Indexes for table `migrations`
--
ALTER TABLE `migrations`
  ADD PRIMARY KEY (`id`);

--
-- Indexes for table `orders`
--
ALTER TABLE `orders`
  ADD PRIMARY KEY (`id`);

--
-- Indexes for table `order_addresses`
--
ALTER TABLE `order_addresses`
  ADD PRIMARY KEY (`id`);

--
-- Indexes for table `order_products`
--
ALTER TABLE `order_products`
  ADD PRIMARY KEY (`id`);

--
-- Indexes for table `order_product_variants`
--
ALTER TABLE `order_product_variants`
  ADD PRIMARY KEY (`id`);

--
-- Indexes for table `popular_categories`
--
ALTER TABLE `popular_categories`
  ADD PRIMARY KEY (`id`);

--
-- Indexes for table `popular_posts`
--
ALTER TABLE `popular_posts`
  ADD PRIMARY KEY (`id`);

--
-- Indexes for table `products`
--
ALTER TABLE `products`
  ADD PRIMARY KEY (`id`);

--
-- Indexes for table `product_galleries`
--
ALTER TABLE `product_galleries`
  ADD PRIMARY KEY (`id`);

--
-- Indexes for table `product_reports`
--
ALTER TABLE `product_reports`
  ADD PRIMARY KEY (`id`);

--
-- Indexes for table `product_reviews`
--
ALTER TABLE `product_reviews`
  ADD PRIMARY KEY (`id`);

--
-- Indexes for table `product_specifications`
--
ALTER TABLE `product_specifications`
  ADD PRIMARY KEY (`id`);

--
-- Indexes for table `product_variants`
--
ALTER TABLE `product_variants`
  ADD PRIMARY KEY (`id`);

--
-- Indexes for table `product_variant_items`
--
ALTER TABLE `product_variant_items`
  ADD PRIMARY KEY (`id`);

--
-- Indexes for table `seller_mail_logs`
--
ALTER TABLE `seller_mail_logs`
  ADD PRIMARY KEY (`id`);

--
-- Indexes for table `seller_withdraws`
--
ALTER TABLE `seller_withdraws`
  ADD PRIMARY KEY (`id`);

--
-- Indexes for table `seo_settings`
--
ALTER TABLE `seo_settings`
  ADD PRIMARY KEY (`id`);

--
-- Indexes for table `services`
--
ALTER TABLE `services`
  ADD PRIMARY KEY (`id`);

--
-- Indexes for table `shippings`
--
ALTER TABLE `shippings`
  ADD PRIMARY KEY (`id`);

--
-- Indexes for table `shopping_carts`
--
ALTER TABLE `shopping_carts`
  ADD PRIMARY KEY (`id`);

--
-- Indexes for table `shopping_cart_variants`
--
ALTER TABLE `shopping_cart_variants`
  ADD PRIMARY KEY (`id`);

--
-- Indexes for table `shop_pages`
--
ALTER TABLE `shop_pages`
  ADD PRIMARY KEY (`id`);

--
-- Indexes for table `sliders`
--
ALTER TABLE `sliders`
  ADD PRIMARY KEY (`id`);

--
-- Indexes for table `sms_templates`
--
ALTER TABLE `sms_templates`
  ADD PRIMARY KEY (`id`);

--
-- Indexes for table `sub_categories`
--
ALTER TABLE `sub_categories`
  ADD PRIMARY KEY (`id`);

--
-- Indexes for table `tawk_chats`
--
ALTER TABLE `tawk_chats`
  ADD PRIMARY KEY (`id`);

--
-- Indexes for table `terms_and_conditions`
--
ALTER TABLE `terms_and_conditions`
  ADD PRIMARY KEY (`id`);

--
-- Indexes for table `testimonials`
--
ALTER TABLE `testimonials`
  ADD PRIMARY KEY (`id`);

--
-- Indexes for table `three_column_categories`
--
ALTER TABLE `three_column_categories`
  ADD PRIMARY KEY (`id`);

--
-- Indexes for table `vendor_social_links`
--
ALTER TABLE `vendor_social_links`
  ADD PRIMARY KEY (`id`);

--
-- Indexes for table `wishlists`
--
ALTER TABLE `wishlists`
  ADD PRIMARY KEY (`id`);

--
-- Indexes for table `withdraw_methods`
--
ALTER TABLE `withdraw_methods`
  ADD PRIMARY KEY (`id`);

--
-- AUTO_INCREMENT for dumped tables
--

--
-- AUTO_INCREMENT for table `about_us`
--
ALTER TABLE `about_us`
  MODIFY `id` bigint(20) UNSIGNED NOT NULL AUTO_INCREMENT, AUTO_INCREMENT=2;

--
-- AUTO_INCREMENT for table `addresses`
--
ALTER TABLE `addresses`
  MODIFY `id` bigint(20) UNSIGNED NOT NULL AUTO_INCREMENT, AUTO_INCREMENT=53;

--
-- AUTO_INCREMENT for table `announcement_modals`
--
ALTER TABLE `announcement_modals`
  MODIFY `id` bigint(20) UNSIGNED NOT NULL AUTO_INCREMENT, AUTO_INCREMENT=2;

--
-- AUTO_INCREMENT for table `bank_payments`
--
ALTER TABLE `bank_payments`
  MODIFY `id` bigint(20) UNSIGNED NOT NULL AUTO_INCREMENT, AUTO_INCREMENT=2;

--
-- AUTO_INCREMENT for table `banner_images`
--
ALTER TABLE `banner_images`
  MODIFY `id` bigint(20) UNSIGNED NOT NULL AUTO_INCREMENT, AUTO_INCREMENT=29;

--
-- AUTO_INCREMENT for table `blogs`
--
ALTER TABLE `blogs`
  MODIFY `id` bigint(20) UNSIGNED NOT NULL AUTO_INCREMENT, AUTO_INCREMENT=9;

--
-- AUTO_INCREMENT for table `blog_categories`
--
ALTER TABLE `blog_categories`
  MODIFY `id` bigint(20) UNSIGNED NOT NULL AUTO_INCREMENT, AUTO_INCREMENT=9;

--
-- AUTO_INCREMENT for table `blog_comments`
--
ALTER TABLE `blog_comments`
  MODIFY `id` bigint(20) UNSIGNED NOT NULL AUTO_INCREMENT, AUTO_INCREMENT=12;

--
-- AUTO_INCREMENT for table `brands`
--
ALTER TABLE `brands`
  MODIFY `id` bigint(20) UNSIGNED NOT NULL AUTO_INCREMENT, AUTO_INCREMENT=13;

--
-- AUTO_INCREMENT for table `breadcrumb_images`
--
ALTER TABLE `breadcrumb_images`
  MODIFY `id` bigint(20) UNSIGNED NOT NULL AUTO_INCREMENT, AUTO_INCREMENT=12;

--
-- AUTO_INCREMENT for table `categories`
--
ALTER TABLE `categories`
  MODIFY `id` bigint(20) UNSIGNED NOT NULL AUTO_INCREMENT, AUTO_INCREMENT=12;

--
-- AUTO_INCREMENT for table `child_categories`
--
ALTER TABLE `child_categories`
  MODIFY `id` bigint(20) UNSIGNED NOT NULL AUTO_INCREMENT, AUTO_INCREMENT=7;

--
-- AUTO_INCREMENT for table `cities`
--
ALTER TABLE `cities`
  MODIFY `id` bigint(20) UNSIGNED NOT NULL AUTO_INCREMENT, AUTO_INCREMENT=21;

--
-- AUTO_INCREMENT for table `compare_products`
--
ALTER TABLE `compare_products`
  MODIFY `id` bigint(20) UNSIGNED NOT NULL AUTO_INCREMENT, AUTO_INCREMENT=44;

--
-- AUTO_INCREMENT for table `contact_messages`
--
ALTER TABLE `contact_messages`
  MODIFY `id` bigint(20) UNSIGNED NOT NULL AUTO_INCREMENT, AUTO_INCREMENT=11;

--
-- AUTO_INCREMENT for table `contact_pages`
--
ALTER TABLE `contact_pages`
  MODIFY `id` bigint(20) UNSIGNED NOT NULL AUTO_INCREMENT, AUTO_INCREMENT=2;

--
-- AUTO_INCREMENT for table `cookie_consents`
--
ALTER TABLE `cookie_consents`
  MODIFY `id` bigint(20) UNSIGNED NOT NULL AUTO_INCREMENT, AUTO_INCREMENT=2;

--
-- AUTO_INCREMENT for table `countries`
--
ALTER TABLE `countries`
  MODIFY `id` bigint(20) UNSIGNED NOT NULL AUTO_INCREMENT, AUTO_INCREMENT=17;

--
-- AUTO_INCREMENT for table `country_states`
--
ALTER TABLE `country_states`
  MODIFY `id` bigint(20) UNSIGNED NOT NULL AUTO_INCREMENT, AUTO_INCREMENT=18;

--
-- AUTO_INCREMENT for table `coupons`
--
ALTER TABLE `coupons`
  MODIFY `id` bigint(20) UNSIGNED NOT NULL AUTO_INCREMENT, AUTO_INCREMENT=3;

--
-- AUTO_INCREMENT for table `currencies`
--
ALTER TABLE `currencies`
  MODIFY `id` int(11) NOT NULL AUTO_INCREMENT, AUTO_INCREMENT=165;

--
-- AUTO_INCREMENT for table `currency_countries`
--
ALTER TABLE `currency_countries`
  MODIFY `id` int(10) UNSIGNED NOT NULL AUTO_INCREMENT, AUTO_INCREMENT=250;

--
-- AUTO_INCREMENT for table `custom_pages`
--
ALTER TABLE `custom_pages`
  MODIFY `id` bigint(20) UNSIGNED NOT NULL AUTO_INCREMENT, AUTO_INCREMENT=3;

--
-- AUTO_INCREMENT for table `custom_paginations`
--
ALTER TABLE `custom_paginations`
  MODIFY `id` bigint(20) UNSIGNED NOT NULL AUTO_INCREMENT, AUTO_INCREMENT=7;

--
-- AUTO_INCREMENT for table `email_templates`
--
ALTER TABLE `email_templates`
  MODIFY `id` bigint(20) UNSIGNED NOT NULL AUTO_INCREMENT, AUTO_INCREMENT=8;

--
-- AUTO_INCREMENT for table `error_pages`
--
ALTER TABLE `error_pages`
  MODIFY `id` bigint(20) UNSIGNED NOT NULL AUTO_INCREMENT, AUTO_INCREMENT=4;

--
-- AUTO_INCREMENT for table `facebook_comments`
--
ALTER TABLE `facebook_comments`
  MODIFY `id` bigint(20) UNSIGNED NOT NULL AUTO_INCREMENT, AUTO_INCREMENT=2;

--
-- AUTO_INCREMENT for table `facebook_pixels`
--
ALTER TABLE `facebook_pixels`
  MODIFY `id` bigint(20) UNSIGNED NOT NULL AUTO_INCREMENT, AUTO_INCREMENT=2;

--
-- AUTO_INCREMENT for table `failed_jobs`
--
ALTER TABLE `failed_jobs`
  MODIFY `id` bigint(20) UNSIGNED NOT NULL AUTO_INCREMENT;

--
-- AUTO_INCREMENT for table `faqs`
--
ALTER TABLE `faqs`
  MODIFY `id` bigint(20) UNSIGNED NOT NULL AUTO_INCREMENT, AUTO_INCREMENT=7;

--
-- AUTO_INCREMENT for table `featured_categories`
--
ALTER TABLE `featured_categories`
  MODIFY `id` bigint(20) UNSIGNED NOT NULL AUTO_INCREMENT, AUTO_INCREMENT=3;

--
-- AUTO_INCREMENT for table `flash_sales`
--
ALTER TABLE `flash_sales`
  MODIFY `id` bigint(20) UNSIGNED NOT NULL AUTO_INCREMENT, AUTO_INCREMENT=2;

--
-- AUTO_INCREMENT for table `flash_sale_products`
--
ALTER TABLE `flash_sale_products`
  MODIFY `id` bigint(20) UNSIGNED NOT NULL AUTO_INCREMENT, AUTO_INCREMENT=8;

--
-- AUTO_INCREMENT for table `footers`
--
ALTER TABLE `footers`
  MODIFY `id` bigint(20) UNSIGNED NOT NULL AUTO_INCREMENT, AUTO_INCREMENT=2;

--
-- AUTO_INCREMENT for table `footer_links`
--
ALTER TABLE `footer_links`
  MODIFY `id` bigint(20) UNSIGNED NOT NULL AUTO_INCREMENT, AUTO_INCREMENT=13;

--
-- AUTO_INCREMENT for table `footer_social_links`
--
ALTER TABLE `footer_social_links`
  MODIFY `id` bigint(20) UNSIGNED NOT NULL AUTO_INCREMENT, AUTO_INCREMENT=4;

--
-- AUTO_INCREMENT for table `google_analytics`
--
ALTER TABLE `google_analytics`
  MODIFY `id` bigint(20) UNSIGNED NOT NULL AUTO_INCREMENT, AUTO_INCREMENT=2;

--
-- AUTO_INCREMENT for table `home_page_one_visibilities`
--
ALTER TABLE `home_page_one_visibilities`
  MODIFY `id` bigint(20) UNSIGNED NOT NULL AUTO_INCREMENT, AUTO_INCREMENT=13;

--
-- AUTO_INCREMENT for table `inventories`
--
ALTER TABLE `inventories`
  MODIFY `id` bigint(20) UNSIGNED NOT NULL AUTO_INCREMENT, AUTO_INCREMENT=12;

--
-- AUTO_INCREMENT for table `maintainance_texts`
--
ALTER TABLE `maintainance_texts`
  MODIFY `id` bigint(20) UNSIGNED NOT NULL AUTO_INCREMENT, AUTO_INCREMENT=2;

--
-- AUTO_INCREMENT for table `mega_menu_categories`
--
ALTER TABLE `mega_menu_categories`
  MODIFY `id` bigint(20) UNSIGNED NOT NULL AUTO_INCREMENT, AUTO_INCREMENT=4;

--
-- AUTO_INCREMENT for table `mega_menu_sub_categories`
--
ALTER TABLE `mega_menu_sub_categories`
  MODIFY `id` bigint(20) UNSIGNED NOT NULL AUTO_INCREMENT, AUTO_INCREMENT=10;

--
-- AUTO_INCREMENT for table `menu_visibilities`
--
ALTER TABLE `menu_visibilities`
  MODIFY `id` bigint(20) UNSIGNED NOT NULL AUTO_INCREMENT, AUTO_INCREMENT=26;

--
-- AUTO_INCREMENT for table `messages`
--
ALTER TABLE `messages`
  MODIFY `id` bigint(20) UNSIGNED NOT NULL AUTO_INCREMENT;

--
-- AUTO_INCREMENT for table `migrations`
--
ALTER TABLE `migrations`
  MODIFY `id` int(10) UNSIGNED NOT NULL AUTO_INCREMENT, AUTO_INCREMENT=119;

--
-- AUTO_INCREMENT for table `orders`
--
ALTER TABLE `orders`
  MODIFY `id` bigint(20) UNSIGNED NOT NULL AUTO_INCREMENT, AUTO_INCREMENT=131;

--
-- AUTO_INCREMENT for table `order_addresses`
--
ALTER TABLE `order_addresses`
  MODIFY `id` bigint(20) UNSIGNED NOT NULL AUTO_INCREMENT, AUTO_INCREMENT=131;

--
-- AUTO_INCREMENT for table `order_products`
--
ALTER TABLE `order_products`
  MODIFY `id` bigint(20) UNSIGNED NOT NULL AUTO_INCREMENT, AUTO_INCREMENT=296;

--
-- AUTO_INCREMENT for table `order_product_variants`
--
ALTER TABLE `order_product_variants`
  MODIFY `id` bigint(20) UNSIGNED NOT NULL AUTO_INCREMENT, AUTO_INCREMENT=12;

--
-- AUTO_INCREMENT for table `popular_categories`
--
ALTER TABLE `popular_categories`
  MODIFY `id` bigint(20) UNSIGNED NOT NULL AUTO_INCREMENT, AUTO_INCREMENT=4;

--
-- AUTO_INCREMENT for table `popular_posts`
--
ALTER TABLE `popular_posts`
  MODIFY `id` bigint(20) UNSIGNED NOT NULL AUTO_INCREMENT, AUTO_INCREMENT=5;

--
-- AUTO_INCREMENT for table `products`
--
ALTER TABLE `products`
  MODIFY `id` bigint(20) UNSIGNED NOT NULL AUTO_INCREMENT, AUTO_INCREMENT=46;

--
-- AUTO_INCREMENT for table `product_galleries`
--
ALTER TABLE `product_galleries`
  MODIFY `id` bigint(20) UNSIGNED NOT NULL AUTO_INCREMENT, AUTO_INCREMENT=42;

--
-- AUTO_INCREMENT for table `product_reports`
--
ALTER TABLE `product_reports`
  MODIFY `id` bigint(20) UNSIGNED NOT NULL AUTO_INCREMENT, AUTO_INCREMENT=4;

--
-- AUTO_INCREMENT for table `product_reviews`
--
ALTER TABLE `product_reviews`
  MODIFY `id` bigint(20) UNSIGNED NOT NULL AUTO_INCREMENT, AUTO_INCREMENT=20;

--
-- AUTO_INCREMENT for table `product_specifications`
--
ALTER TABLE `product_specifications`
  MODIFY `id` bigint(20) UNSIGNED NOT NULL AUTO_INCREMENT;

--
-- AUTO_INCREMENT for table `product_variants`
--
ALTER TABLE `product_variants`
  MODIFY `id` bigint(20) UNSIGNED NOT NULL AUTO_INCREMENT, AUTO_INCREMENT=10;

--
-- AUTO_INCREMENT for table `product_variant_items`
--
ALTER TABLE `product_variant_items`
  MODIFY `id` bigint(20) UNSIGNED NOT NULL AUTO_INCREMENT, AUTO_INCREMENT=17;

--
-- AUTO_INCREMENT for table `seller_mail_logs`
--
ALTER TABLE `seller_mail_logs`
  MODIFY `id` bigint(20) UNSIGNED NOT NULL AUTO_INCREMENT;

--
-- AUTO_INCREMENT for table `seller_withdraws`
--
ALTER TABLE `seller_withdraws`
  MODIFY `id` bigint(20) UNSIGNED NOT NULL AUTO_INCREMENT;

--
-- AUTO_INCREMENT for table `seo_settings`
--
ALTER TABLE `seo_settings`
  MODIFY `id` bigint(20) UNSIGNED NOT NULL AUTO_INCREMENT, AUTO_INCREMENT=10;

--
-- AUTO_INCREMENT for table `services`
--
ALTER TABLE `services`
  MODIFY `id` bigint(20) UNSIGNED NOT NULL AUTO_INCREMENT, AUTO_INCREMENT=5;

--
-- AUTO_INCREMENT for table `shippings`
--
ALTER TABLE `shippings`
  MODIFY `id` bigint(20) UNSIGNED NOT NULL AUTO_INCREMENT, AUTO_INCREMENT=28;

--
-- AUTO_INCREMENT for table `shopping_carts`
--
ALTER TABLE `shopping_carts`
  MODIFY `id` bigint(20) UNSIGNED NOT NULL AUTO_INCREMENT, AUTO_INCREMENT=857;

--
-- AUTO_INCREMENT for table `shopping_cart_variants`
--
ALTER TABLE `shopping_cart_variants`
  MODIFY `id` bigint(20) UNSIGNED NOT NULL AUTO_INCREMENT, AUTO_INCREMENT=75;

--
-- AUTO_INCREMENT for table `shop_pages`
--
ALTER TABLE `shop_pages`
  MODIFY `id` bigint(20) UNSIGNED NOT NULL AUTO_INCREMENT, AUTO_INCREMENT=2;

--
-- AUTO_INCREMENT for table `sliders`
--
ALTER TABLE `sliders`
  MODIFY `id` bigint(20) UNSIGNED NOT NULL AUTO_INCREMENT, AUTO_INCREMENT=6;

--
-- AUTO_INCREMENT for table `sms_templates`
--
ALTER TABLE `sms_templates`
  MODIFY `id` bigint(20) UNSIGNED NOT NULL AUTO_INCREMENT, AUTO_INCREMENT=4;

--
-- AUTO_INCREMENT for table `sub_categories`
--
ALTER TABLE `sub_categories`
  MODIFY `id` bigint(20) UNSIGNED NOT NULL AUTO_INCREMENT, AUTO_INCREMENT=10;

--
-- AUTO_INCREMENT for table `tawk_chats`
--
ALTER TABLE `tawk_chats`
  MODIFY `id` bigint(20) UNSIGNED NOT NULL AUTO_INCREMENT, AUTO_INCREMENT=2;

--
-- AUTO_INCREMENT for table `terms_and_conditions`
--
ALTER TABLE `terms_and_conditions`
  MODIFY `id` bigint(20) UNSIGNED NOT NULL AUTO_INCREMENT, AUTO_INCREMENT=2;

--
-- AUTO_INCREMENT for table `testimonials`
--
ALTER TABLE `testimonials`
  MODIFY `id` bigint(20) UNSIGNED NOT NULL AUTO_INCREMENT, AUTO_INCREMENT=7;

--
-- AUTO_INCREMENT for table `three_column_categories`
--
ALTER TABLE `three_column_categories`
  MODIFY `id` bigint(20) UNSIGNED NOT NULL AUTO_INCREMENT, AUTO_INCREMENT=2;

--
-- AUTO_INCREMENT for table `vendor_social_links`
--
ALTER TABLE `vendor_social_links`
  MODIFY `id` bigint(20) UNSIGNED NOT NULL AUTO_INCREMENT;

--
-- AUTO_INCREMENT for table `wishlists`
--
ALTER TABLE `wishlists`
  MODIFY `id` bigint(20) UNSIGNED NOT NULL AUTO_INCREMENT, AUTO_INCREMENT=360;

--
-- AUTO_INCREMENT for table `withdraw_methods`
--
ALTER TABLE `withdraw_methods`
  MODIFY `id` bigint(20) UNSIGNED NOT NULL AUTO_INCREMENT, AUTO_INCREMENT=2;
COMMIT;

